{"id":3,"date":"2014-09-26T21:09:51","date_gmt":"2014-09-27T00:09:51","guid":{"rendered":"https:\/\/www.sbq.org.br\/regional_vicosa\/sobre-a-secretaria-regional-de-vicosa\/"},"modified":"2024-07-15T22:12:33","modified_gmt":"2024-07-16T01:12:33","slug":"sobre-a-secretaria-regional-de-vicosa","status":"publish","type":"page","link":"https:\/\/www.sbq.org.br\/vicosa\/sobre-a-secretaria-regional-de-vicosa\/","title":{"rendered":"Sobre a Secretaria Regional de Vi\u00e7osa"},"content":{"rendered":"<div>\n<div>\n\n\n<h3>Diretoria &#8211; Gest\u00e3o 2024-2026<\/h3>\n\n\n\n<p>Andr\u00e9 Fernando de Oliveira &#8211; <strong>Secret\u00e1rio <\/strong>&#8211; DEQ\/UFV<\/p>\n\n\n<\/div>\n<\/div>","protected":false},"excerpt":{"rendered":"<p>Diretoria &#8211; Gest\u00e3o 2024-2026 Andr\u00e9 Fernando de Oliveira &#8211; Secret\u00e1rio &#8211; DEQ\/UFV<\/p>\n","protected":false},"author":1,"featured_media":0,"parent":0,"menu_order":0,"comment_status":"closed","ping_status":"closed","template":"institucional","meta":{"footnotes":""},"_links":{"self":[{"href":"https:\/\/www.sbq.org.br\/vicosa\/wp-json\/wp\/v2\/pages\/3"}],"collection":[{"href":"https:\/\/www.sbq.org.br\/vicosa\/wp-json\/wp\/v2\/pages"}],"about":[{"href":"https:\/\/www.sbq.org.br\/vicosa\/wp-json\/wp\/v2\/types\/page"}],"author":[{"embeddable":true,"href":"https:\/\/www.sbq.org.br\/vicosa\/wp-json\/wp\/v2\/users\/1"}],"replies":[{"embeddable":true,"href":"https:\/\/www.sbq.org.br\/vicosa\/wp-json\/wp\/v2\/comments?post=3"}],"version-history":[{"count":4,"href":"https:\/\/www.sbq.org.br\/vicosa\/wp-json\/wp\/v2\/pages\/3\/revisions"}],"predecessor-version":[{"id":150,"href":"https:\/\/www.sbq.org.br\/vicosa\/wp-json\/wp\/v2\/pages\/3\/revisions\/150"}],"wp:attachment":[{"href":"https:\/\/www.sbq.org.br\/vicosa\/wp-json\/wp\/v2\/media?parent=3"}],"curies":[{"name":"wp","href":"https:\/\/api.w.org\/{rel}","templated":true}]}}