{"id":20,"date":"2024-01-19T14:59:51","date_gmt":"2024-01-19T17:59:51","guid":{"rendered":"https:\/\/www.sbq.org.br\/santacatarina\/?page_id=20"},"modified":"2025-10-07T23:07:32","modified_gmt":"2025-10-08T02:07:32","slug":"sobre-a-secretaria-regional-de-santa-catarina","status":"publish","type":"page","link":"https:\/\/www.sbq.org.br\/santacatarina\/sobre-a-secretaria-regional-de-santa-catarina\/","title":{"rendered":"Sobre a Secretaria Regional de Santa Catarina"},"content":{"rendered":"\n<p>A Secretaria Regional de Santa Catarina representa a Sociedade Brasileira de Qu\u00edmica (SBQ) no estado, atuando como um elo entre a comunidade cient\u00edfica local e a diretoria nacional da institui\u00e7\u00e3o. Sua miss\u00e3o \u00e9 promover o fortalecimento da Qu\u00edmica em todas as suas dimens\u00f5es \u2014 cient\u00edfica, educacional, tecnol\u00f3gica e social \u2014, incentivando a troca de conhecimento e o desenvolvimento de iniciativas que valorizem a atua\u00e7\u00e3o dos profissionais e estudantes da \u00e1rea.<\/p>\n\n\n\n<p>Entre suas principais atividades est\u00e3o a organiza\u00e7\u00e3o de eventos cient\u00edficos e educacionais, como encontros regionais, simp\u00f3sios e oficinas; o apoio \u00e0 forma\u00e7\u00e3o de jovens pesquisadores; e a divulga\u00e7\u00e3o de projetos e pesquisas desenvolvidos nas universidades, institutos e escolas catarinenses. A Secretaria tamb\u00e9m estimula a integra\u00e7\u00e3o entre os diferentes setores da Qu\u00edmica, aproximando a academia, a ind\u00fastria e a sociedade.<\/p>\n\n\n\n<p>Com atua\u00e7\u00e3o comprometida e colaborativa, a SBQ-SC busca contribuir para o avan\u00e7o da Qu\u00edmica como ci\u00eancia estrat\u00e9gica para o desenvolvimento sustent\u00e1vel e a inova\u00e7\u00e3o no estado de Santa Catarina, refor\u00e7ando o papel transformador da Qu\u00edmica na constru\u00e7\u00e3o de um futuro mais tecnol\u00f3gico, inclusivo&nbsp;e&nbsp;consciente.<\/p>\n","protected":false},"excerpt":{"rendered":"<p>A Secretaria Regional de Santa Catarina representa a Sociedade Brasileira de Qu\u00edmica (SBQ) no estado, atuando como um elo entre a comunidade cient\u00edfica local e a diretoria nacional da institui\u00e7\u00e3o. Sua miss\u00e3o \u00e9 promover o fortalecimento da Qu\u00edmica em todas as suas dimens\u00f5es \u2014 cient\u00edfica, educacional, tecnol\u00f3gica e social \u2014, incentivando a troca de conhecimento [&hellip;]<\/p>\n","protected":false},"author":1,"featured_media":0,"parent":0,"menu_order":0,"comment_status":"closed","ping_status":"closed","template":"institucional","meta":{"footnotes":""},"_links":{"self":[{"href":"https:\/\/www.sbq.org.br\/santacatarina\/wp-json\/wp\/v2\/pages\/20"}],"collection":[{"href":"https:\/\/www.sbq.org.br\/santacatarina\/wp-json\/wp\/v2\/pages"}],"about":[{"href":"https:\/\/www.sbq.org.br\/santacatarina\/wp-json\/wp\/v2\/types\/page"}],"author":[{"embeddable":true,"href":"https:\/\/www.sbq.org.br\/santacatarina\/wp-json\/wp\/v2\/users\/1"}],"replies":[{"embeddable":true,"href":"https:\/\/www.sbq.org.br\/santacatarina\/wp-json\/wp\/v2\/comments?post=20"}],"version-history":[{"count":2,"href":"https:\/\/www.sbq.org.br\/santacatarina\/wp-json\/wp\/v2\/pages\/20\/revisions"}],"predecessor-version":[{"id":124,"href":"https:\/\/www.sbq.org.br\/santacatarina\/wp-json\/wp\/v2\/pages\/20\/revisions\/124"}],"wp:attachment":[{"href":"https:\/\/www.sbq.org.br\/santacatarina\/wp-json\/wp\/v2\/media?parent=20"}],"curies":[{"name":"wp","href":"https:\/\/api.w.org\/{rel}","templated":true}]}}