{"id":105,"date":"2024-01-10T14:02:09","date_gmt":"2024-01-10T17:02:09","guid":{"rendered":"https:\/\/www.sbq.org.br\/produtos\/?page_id=105"},"modified":"2024-08-14T09:33:34","modified_gmt":"2024-08-14T12:33:34","slug":"documentos","status":"publish","type":"page","link":"https:\/\/www.sbq.org.br\/produtos\/documentos\/","title":{"rendered":"Documentos"},"content":{"rendered":"\n<p><a href=\"https:\/\/www1.sbq.org.br\/produtos\/documentos\/normas-para-candidatura-bcnpresem\">Normas para candidatura BCNP\/RESEM<\/a><\/p>\n\n\n\n<p>O Brazilian Conference on Natural Products e&nbsp;Reuni\u00e3o sobre Evolu\u00e7\u00e3o Sistem\u00e1tica e Ecologia Micromoleculares&nbsp;(BCNP\/RESEM) \u00e9 um evento itinerante e organizado bienalmente pela Divis\u00e3o de&nbsp;Produtos Naturais da SBQ (QPN\/SBQ) em conjunto ou n\u00e3o com comiss\u00f5es organizadoras&nbsp;locais, onde o evento ocorre.<\/p>\n\n\n\n<p>Segue abaixo as normas para candidaturas \u00e0 organiza\u00e7\u00e3o do BCNP\/RESEM.<\/p>\n\n\n\n<p><img decoding=\"async\" alt=\"PDF icon\" src=\"https:\/\/www1.sbq.org.br\/produtos\/modules\/file\/icons\/application-pdf.png\"> <a href=\"https:\/\/www1.sbq.org.br\/produtos\/sites\/sbq.org.br.produtos\/files\/normas_bcnp-resem.pdf\">normas_bcnp-resem.pdf<\/a><\/p>\n\n\n\n<p><a href=\"https:\/\/www1.sbq.org.br\/produtos\/documentos\/regulamento-premio-prof-otto-richard-gottlieb\">Regulamento Pr\u00eamio Prof. Otto Richard Gottlieb<\/a><\/p>\n\n\n\n<p>O Pr\u00eamio Prof. Otto Richard Gottlieb \u00e9 promovido pela Divis\u00e3o de Produtos&nbsp;Naturais da Sociedade Brasileira de Qu\u00edmica (DPN\/SBQ).&nbsp;O pr\u00eamio tem como objetivo reconhecer pesquisadores(as) brasileiros(as) que se destacam pelas pesquisas realizadas na \u00e1rea de Qu\u00edmica de Produtos Naturais, cujos resultados de seus trabalhos tenham impactado positivamente o desenvolvimento da \u00e1rea e, consequentemente, a Qu\u00edmica no Brasil.<\/p>\n\n\n\n<p>O Prof. Otto Richard Gottlieb foi o pioneiro da fitoqu\u00edmica e da qu\u00edmica org\u00e2nica&nbsp;no Brasil. Para conhecer um pouco do legado do Prof. Otto Gottlieb para a \u00e1rea, acesse&nbsp;o link da Academia Brasileira de Ci\u00eancias (ABC):&nbsp;<a href=\"http:\/\/www.abc.org.br\/membro\/otto-richard-gottlieb\/\">http:\/\/www.abc.org.br\/membro\/otto-richard-gottlieb\/<\/a><\/p>\n\n\n\n<p>Confira abaixo o Regulamento do Pr\u00eamio Prof. Otto Richard Gottlieb (atualizado em julho de 2023)<\/p>\n\n\n\n<p><img decoding=\"async\" alt=\"PDF icon\" src=\"https:\/\/www1.sbq.org.br\/produtos\/modules\/file\/icons\/application-pdf.png\"> <a href=\"https:\/\/www1.sbq.org.br\/produtos\/sites\/sbq.org.br.produtos\/files\/regulamento_premio_otto_r_gottlieb.pdf\">regulamento_premio_otto_r_gottlieb.pdf<\/a><\/p>\n","protected":false},"excerpt":{"rendered":"<p>Normas para candidatura BCNP\/RESEM O Brazilian Conference on Natural Products e&nbsp;Reuni\u00e3o sobre Evolu\u00e7\u00e3o Sistem\u00e1tica e Ecologia Micromoleculares&nbsp;(BCNP\/RESEM) \u00e9 um evento itinerante e organizado bienalmente pela Divis\u00e3o de&nbsp;Produtos Naturais da SBQ (QPN\/SBQ) em conjunto ou n\u00e3o com comiss\u00f5es organizadoras&nbsp;locais, onde o evento ocorre. Segue abaixo as normas para candidaturas \u00e0 organiza\u00e7\u00e3o do BCNP\/RESEM. normas_bcnp-resem.pdf Regulamento Pr\u00eamio [&hellip;]<\/p>\n","protected":false},"author":1,"featured_media":0,"parent":0,"menu_order":0,"comment_status":"closed","ping_status":"closed","template":"wp-custom-template-bcnp-resem","meta":{"footnotes":""},"_links":{"self":[{"href":"https:\/\/www.sbq.org.br\/produtos\/wp-json\/wp\/v2\/pages\/105"}],"collection":[{"href":"https:\/\/www.sbq.org.br\/produtos\/wp-json\/wp\/v2\/pages"}],"about":[{"href":"https:\/\/www.sbq.org.br\/produtos\/wp-json\/wp\/v2\/types\/page"}],"author":[{"embeddable":true,"href":"https:\/\/www.sbq.org.br\/produtos\/wp-json\/wp\/v2\/users\/1"}],"replies":[{"embeddable":true,"href":"https:\/\/www.sbq.org.br\/produtos\/wp-json\/wp\/v2\/comments?post=105"}],"version-history":[{"count":3,"href":"https:\/\/www.sbq.org.br\/produtos\/wp-json\/wp\/v2\/pages\/105\/revisions"}],"predecessor-version":[{"id":271,"href":"https:\/\/www.sbq.org.br\/produtos\/wp-json\/wp\/v2\/pages\/105\/revisions\/271"}],"wp:attachment":[{"href":"https:\/\/www.sbq.org.br\/produtos\/wp-json\/wp\/v2\/media?parent=105"}],"curies":[{"name":"wp","href":"https:\/\/api.w.org\/{rel}","templated":true}]}}