{"id":2,"date":"2023-12-13T17:31:01","date_gmt":"2023-12-13T20:31:01","guid":{"rendered":"https:\/\/www.sbq.org.br\/regional_para\/?page_id=2"},"modified":"2024-01-11T11:09:12","modified_gmt":"2024-01-11T14:09:12","slug":"pagina-exemplo","status":"publish","type":"page","link":"https:\/\/www.sbq.org.br\/para\/","title":{"rendered":"Mensagem e Boas Vindas"},"content":{"rendered":"\n<p><strong>Prezados e Prezadas Colegas da Secretaria Regional Par\u00e1 da SBQ,<\/strong><\/p>\n\n\n\n<p><strong>A nova Secretaria Regional da SBQ no Par\u00e1 (Gest\u00e3o 2022-2024) coloca-se \u00e0 disposi\u00e7\u00e3o dos associados para o que for necess\u00e1rio.<\/strong><\/p>\n\n\n\n<p><strong>Danielle Rodrigues Monteiro da Costa (UEPA) &#8211; Secret\u00e1ria<\/strong><\/p>\n\n\n\n<p><strong>Marilene Nunes Oliveira (UNIFESSPA) &#8211; Vice-secret\u00e1ria<\/strong><\/p>\n\n\n\n<p><strong>Ricardo Morais de Miranda (IFPA) &#8211; Tesoureiro<\/strong><\/p>\n\n\n\n<p><strong>Esperamos contar com o apoio de todos nesta nova gest\u00e3o.<\/strong><\/p>\n\n\n\n<p><strong>Aqui voc\u00ea encontra um breve relato sobre as atividades realizadas e tamb\u00e9m sobre as atividades que est\u00e3o por vir.<\/strong><\/p>\n\n\n\n<p><strong>Fiquem atentos e participem.&nbsp;<\/strong><\/p>\n\n\n\n<p><strong>Sigam nossa rede social no Instagram: sbq_regional.para<\/strong><\/p>\n\n\n\n<p><strong>Para entrar em contato com a secretaria, envie e-mail para&nbsp;<\/strong><strong><a href=\"mailto:sbqregionalpara@gmail.com\">sbqregionalpara@gmail.com<\/a><\/strong><\/p>\n","protected":false},"excerpt":{"rendered":"<p>Prezados e Prezadas Colegas da Secretaria Regional Par\u00e1 da SBQ, A nova Secretaria Regional da SBQ no Par\u00e1 (Gest\u00e3o 2022-2024) coloca-se \u00e0 disposi\u00e7\u00e3o dos associados para o que for necess\u00e1rio. Danielle Rodrigues Monteiro da Costa (UEPA) &#8211; Secret\u00e1ria Marilene Nunes Oliveira (UNIFESSPA) &#8211; Vice-secret\u00e1ria Ricardo Morais de Miranda (IFPA) &#8211; Tesoureiro Esperamos contar com o [&hellip;]<\/p>\n","protected":false},"author":1,"featured_media":0,"parent":0,"menu_order":0,"comment_status":"closed","ping_status":"open","template":"","meta":{"footnotes":""},"_links":{"self":[{"href":"https:\/\/www.sbq.org.br\/para\/wp-json\/wp\/v2\/pages\/2"}],"collection":[{"href":"https:\/\/www.sbq.org.br\/para\/wp-json\/wp\/v2\/pages"}],"about":[{"href":"https:\/\/www.sbq.org.br\/para\/wp-json\/wp\/v2\/types\/page"}],"author":[{"embeddable":true,"href":"https:\/\/www.sbq.org.br\/para\/wp-json\/wp\/v2\/users\/1"}],"replies":[{"embeddable":true,"href":"https:\/\/www.sbq.org.br\/para\/wp-json\/wp\/v2\/comments?post=2"}],"version-history":[{"count":1,"href":"https:\/\/www.sbq.org.br\/para\/wp-json\/wp\/v2\/pages\/2\/revisions"}],"predecessor-version":[{"id":11,"href":"https:\/\/www.sbq.org.br\/para\/wp-json\/wp\/v2\/pages\/2\/revisions\/11"}],"wp:attachment":[{"href":"https:\/\/www.sbq.org.br\/para\/wp-json\/wp\/v2\/media?parent=2"}],"curies":[{"name":"wp","href":"https:\/\/api.w.org\/{rel}","templated":true}]}}