{"id":111,"date":"2024-05-14T14:49:47","date_gmt":"2024-05-14T17:49:47","guid":{"rendered":"https:\/\/hub.aptor.software\/wordpress\/para\/?page_id=111"},"modified":"2024-05-14T15:12:15","modified_gmt":"2024-05-14T18:12:15","slug":"iii-encontro-regional-da-sbq-i-escola-de-verao-paraense-em-quimica","status":"publish","type":"page","link":"https:\/\/www.sbq.org.br\/para\/iii-encontro-regional-da-sbq-i-escola-de-verao-paraense-em-quimica\/","title":{"rendered":"III Encontro Regional da SBQ &amp; I Escola de Ver\u00e3o Paraense em Qu\u00edmica"},"content":{"rendered":"\n<p>A Universidade Federal do Sul e Sudeste do Par\u00e1 (Unifesspa), Universidade Federal do Par\u00e1 (UFPA) e a Secretaria Regional da SBQ-PA est\u00e3o organizando, paralelamente, o \u201c3\u00ba Encontro Regional da SBQ-PA\u201d e a \u201c1\u00aa Escola de Ver\u00e3o Paraense de Qu\u00edmica\u201d, no per\u00edodo de 27 a&nbsp;30 de novembro, na Unidade II do Campus da Unifesspa, em Marab\u00e1.&nbsp;Os eventos vislumbrar\u00e3o a cria\u00e7\u00e3o de um cen\u00e1rio coletivo e din\u00e2mico entre os diferentes sujeitos do ensino-aprendizagem (professores, universit\u00e1rios, t\u00e9cnicos administrativos, gest\u00e3o administrativa e t\u00e9cnica; professores da rede p\u00fablica federal, estadual e municipal; e integrantes da comunidade em geral), onde as principais metas elencadas para a educa\u00e7\u00e3o superior contempor\u00e2nea ser\u00e3o amplamente discutidas.<\/p>\n\n\n\n<p>As inscri\u00e7\u00f5es podem ser realizadas presencialmente na Dire\u00e7\u00e3o da Faculdade de Qu\u00edmica (FAQUIM\/Unifesspa) na Unidade II, localizada na Folha 17, Quadra 4, Lote Especial, Nova Marab\u00e1-PA; de&nbsp;segunda&nbsp;a&nbsp;sexta, nos hor\u00e1rios de 09h \u00e0s 12h e 14h \u00e0s 17h; ou por meio eletr\u00f4nico com o preenchimento da ficha de inscri\u00e7\u00e3o dispon\u00edvel em&nbsp;<a href=\"https:\/\/spqpara.unifesspa.edu.br\/index.php\/formularios\" target=\"_blank\" rel=\"noreferrer noopener\">https:\/\/spqpara.unifesspa.edu.br\/index.php\/formularios<\/a>.<\/p>\n\n\n\n<p>Ap\u00f3s esses procedimentos, os interessados precisam pagar uma taxa de inscri\u00e7\u00e3o, de acordo com o perfil do interessado \u2013 estudante de gradua\u00e7\u00e3o; estudante de p\u00f3s-gradua\u00e7\u00e3o; professores da educa\u00e7\u00e3o b\u00e1sica; profissionais e servidores p\u00fablicos; e professores do ensino superior; e se optarem uma taxa adicional por minicursos que ser\u00e3o oferecidos no per\u00edodo.&nbsp;Os minicursos ser\u00e3o sobre (1) Cat\u00e1lise Heterog\u00eanea; (2) Qu\u00edmica de Microrganismos e suas Aplica\u00e7\u00f5es Biotecnol\u00f3gicas; (3) Planejamento e Otimiza\u00e7\u00e3o de Experimentos; e (4) Ensino de Ci\u00eancias, M\u00eddias e Processos de Subjetiva\u00e7\u00e3o.&nbsp;Devido a coincid\u00eancia de hor\u00e1rios, os interessados podem realizar apenas dois minicursos, optando pelas op\u00e7\u00f5es 1 e 3; ou 2 e 4. A taxa de cada minicurso corresponde a R$ 25,00 e dois minicursos custam R$ 40,00.<\/p>\n\n\n\n<p>UNIFFESPA &#8211; Marab\u00e1 &#8211; PA<\/p>\n\n\n\n<p>segunda-feira, 27 Novembro, 2017 &#8211; 14:00&nbsp;to&nbsp;quinta-feira, 30 Novembro, 2017 &#8211; 16:00<\/p>\n","protected":false},"excerpt":{"rendered":"<p>A Universidade Federal do Sul e Sudeste do Par\u00e1 (Unifesspa), Universidade Federal do Par\u00e1 (UFPA) e a Secretaria Regional da SBQ-PA est\u00e3o organizando, paralelamente, o \u201c3\u00ba Encontro Regional da SBQ-PA\u201d e a \u201c1\u00aa Escola de Ver\u00e3o Paraense de Qu\u00edmica\u201d, no per\u00edodo de 27 a&nbsp;30 de novembro, na Unidade II do Campus da Unifesspa, em Marab\u00e1.&nbsp;Os [&hellip;]<\/p>\n","protected":false},"author":1,"featured_media":0,"parent":0,"menu_order":0,"comment_status":"closed","ping_status":"closed","template":"wp-custom-template-links","meta":{"footnotes":""},"_links":{"self":[{"href":"https:\/\/www.sbq.org.br\/para\/wp-json\/wp\/v2\/pages\/111"}],"collection":[{"href":"https:\/\/www.sbq.org.br\/para\/wp-json\/wp\/v2\/pages"}],"about":[{"href":"https:\/\/www.sbq.org.br\/para\/wp-json\/wp\/v2\/types\/page"}],"author":[{"embeddable":true,"href":"https:\/\/www.sbq.org.br\/para\/wp-json\/wp\/v2\/users\/1"}],"replies":[{"embeddable":true,"href":"https:\/\/www.sbq.org.br\/para\/wp-json\/wp\/v2\/comments?post=111"}],"version-history":[{"count":1,"href":"https:\/\/www.sbq.org.br\/para\/wp-json\/wp\/v2\/pages\/111\/revisions"}],"predecessor-version":[{"id":112,"href":"https:\/\/www.sbq.org.br\/para\/wp-json\/wp\/v2\/pages\/111\/revisions\/112"}],"wp:attachment":[{"href":"https:\/\/www.sbq.org.br\/para\/wp-json\/wp\/v2\/media?parent=111"}],"curies":[{"name":"wp","href":"https:\/\/api.w.org\/{rel}","templated":true}]}}