{"id":18,"date":"2020-08-26T19:13:04","date_gmt":"2020-08-26T22:13:04","guid":{"rendered":"https:\/\/www.sbq.org.br\/divisao_organica\/quimica-organica-sintetica-brasil-livro\/"},"modified":"2024-08-14T14:46:04","modified_gmt":"2024-08-14T17:46:04","slug":"quimica-organica-sintetica-brasil-livro","status":"publish","type":"page","link":"https:\/\/www.sbq.org.br\/organica\/quimica-organica-sintetica-brasil-livro\/","title":{"rendered":"Qu\u00edmica Org\u00e2nica Sint\u00e9tica &#8211; Brasil &#8211; Livro"},"content":{"rendered":"\n<p>Caros Associados da DQO,<\/p>\n\n\n\n<p>Segue um link e um arquivo pdf (anexo) com o acesso ao primeiro volume do Livro: &#8220;<strong>Qu\u00edmica Org\u00e2nica Sint\u00e9tica &#8211; Brasil 1987<\/strong>&#8221; &#8211; volume &#8211; 1.<\/p>\n\n\n\n<p>Link:&nbsp;<a style=\"color: #1155cc; font-family: Arial, Helvetica, sans-serif;\" href=\"https:\/\/online.pubhtml5.com\/kvfs\/cxmv\/#p=1\" target=\"_blank\" rel=\"noopener\" data-saferedirecturl=\"https:\/\/www.google.com\/url?q=https:\/\/online.pubhtml5.com\/kvfs\/cxmv\/%23p%3D1&amp;source=gmail&amp;ust=1598121468918000&amp;usg=AFQjCNEThSS_QI4MoqPXrdYU-iI7Th2jNw\">https:\/\/online.<wbr>pubhtml5.com\/kvfs\/cxmv\/#p=1<\/a><\/p>\n\n\n\n<p>Segue um link e um arquivo pdf (anexo) com o acesso ao segundo volume do Livro: &#8220;<strong>Qu\u00edmica Org\u00e2nica Sint\u00e9tica &#8211; Brasil 1994<\/strong>&#8221; &#8211; volume &#8211; 2.&nbsp;<\/p>\n\n\n\n<p>Link:&nbsp;<a style=\"color: #1155cc; font-family: Calibri, sans-serif;\" href=\"https:\/\/online.pubhtml5.com\/kvfs\/wwdz\/\" target=\"_blank\" rel=\"noopener\" data-saferedirecturl=\"https:\/\/www.google.com\/url?q=https:\/\/online.pubhtml5.com\/kvfs\/wwdz\/&amp;source=gmail&amp;ust=1608039374916000&amp;usg=AFQjCNH3wUQBqmGuyjXqTP9kASKMbnTBog\">https:\/\/online.pubhtml5.<wbr>com\/kvfs\/wwdz\/<\/a><\/p>\n\n\n\n<p>Segue um link e um arquivo pdf (anexo) com acesso ao terceiro volume do Livro: &#8220;<strong>Qu\u00edmica Org\u00e2nica Sint\u00e9tica &#8211; Brasil 2022<\/strong>&#8221; &#8211; volume &#8211; 3.&nbsp;<\/p>\n\n\n\n<p>Link:&nbsp;<a style=\"color: #1155cc; font-family: Calibri, sans-serif;\" href=\"https:\/\/www.e-papers.com.br\/download\/QOS2022\/QOS2022.pdf\" target=\"_blank\" rel=\"noopener\">https:\/\/www.e-papers.com.br\/download\/QOS2022\/QOS2022.pdf<\/a><\/p>\n\n\n\n<p>A diretoria da DQO agradece ao Prof. Jo\u00e3o V. Comasseto que gentilmente nos cedeu uma c\u00f3pia dos dois livros, volumes 1 (1987) e 2 (1994).<\/p>\n\n\n\n<p><a href=\"http:\/\/www.sbq.org.br\/organica\/wp-content\/uploads\/sites\/13\/2024\/01\/quimica_organica_sintetica_-_brasil_1987_-_volume_-_1_0.pdf\">Qu\u00edmica Org\u00e2nica Sint\u00e9tica &#8211; Brasil 1987 &#8211; volume &#8211; 1<\/a><\/p>\n\n\n\n<p><a href=\"http:\/\/www.sbq.org.br\/organica\/wp-content\/uploads\/sites\/13\/2024\/01\/livro_-_organic_synthesis_in_brazil-an_overview_-_bmos_vol_2_0.pdf\">Qu\u00edmica Org\u00e2nica Sint\u00e9tica &#8211; Brasil 1994 &#8211; volume &#8211; 2<\/a><\/p>\n\n\n\n<p><a href=\"http:\/\/www.sbq.org.br\/wp-content\/uploads\/sites\/13\/2023\/12\/quimica_organica_sintetica_-_brasil_2022_-_volume_3.pdf\">Qu\u00edmica Org\u00e2nica Sint\u00e9tica &#8211; Brasil 2022 &#8211; volume &#8211; 3<\/a><\/p>\n","protected":false},"excerpt":{"rendered":"<p>Caros Associados da DQO, Segue um link e um arquivo pdf (anexo) com o acesso ao primeiro volume do Livro: &#8220;Qu\u00edmica Org\u00e2nica Sint\u00e9tica &#8211; Brasil 1987&#8221; &#8211; volume &#8211; 1. Link:&nbsp;https:\/\/online.pubhtml5.com\/kvfs\/cxmv\/#p=1 Segue um link e um arquivo pdf (anexo) com o acesso ao segundo volume do Livro: &#8220;Qu\u00edmica Org\u00e2nica Sint\u00e9tica &#8211; Brasil 1994&#8221; &#8211; volume [&hellip;]<\/p>\n","protected":false},"author":1,"featured_media":0,"parent":0,"menu_order":0,"comment_status":"closed","ping_status":"closed","template":"institucional","meta":{"footnotes":""},"_links":{"self":[{"href":"https:\/\/www.sbq.org.br\/organica\/wp-json\/wp\/v2\/pages\/18"}],"collection":[{"href":"https:\/\/www.sbq.org.br\/organica\/wp-json\/wp\/v2\/pages"}],"about":[{"href":"https:\/\/www.sbq.org.br\/organica\/wp-json\/wp\/v2\/types\/page"}],"author":[{"embeddable":true,"href":"https:\/\/www.sbq.org.br\/organica\/wp-json\/wp\/v2\/users\/1"}],"replies":[{"embeddable":true,"href":"https:\/\/www.sbq.org.br\/organica\/wp-json\/wp\/v2\/comments?post=18"}],"version-history":[{"count":3,"href":"https:\/\/www.sbq.org.br\/organica\/wp-json\/wp\/v2\/pages\/18\/revisions"}],"predecessor-version":[{"id":149,"href":"https:\/\/www.sbq.org.br\/organica\/wp-json\/wp\/v2\/pages\/18\/revisions\/149"}],"wp:attachment":[{"href":"https:\/\/www.sbq.org.br\/organica\/wp-json\/wp\/v2\/media?parent=18"}],"curies":[{"name":"wp","href":"https:\/\/api.w.org\/{rel}","templated":true}]}}