{"id":12,"date":"2015-07-25T15:46:25","date_gmt":"2015-07-25T18:46:25","guid":{"rendered":"https:\/\/www.sbq.org.br\/divisao_organica\/pve-pesquisadores-dqo\/"},"modified":"2024-01-18T16:09:23","modified_gmt":"2024-01-18T19:09:23","slug":"pve-pesquisadores-dqo","status":"publish","type":"page","link":"https:\/\/www.sbq.org.br\/organica\/pve-pesquisadores-dqo\/","title":{"rendered":"PVE Pesquisadores DQO"},"content":{"rendered":"<p>Este espa\u00e7o tem como principal objetivo disponibilizar informa\u00e7\u00f5es a respeito dos pesquisadores estrangeiros contemplados com a bolsa PVE ou BJT em colabora\u00e7\u00e3o com professores da Divis\u00e3o de Qu\u00edmica Org\u00e2nica da SBQ.<\/p>\n<p>&nbsp;<\/p>\n<p><span style=\"line-height: 1.538em;\">Coordenador: Luiz Cl\u00e1udio de Almeida Barbosa &ndash; UFMG<\/span><\/p>\n<p>Pesquisador visitante: &nbsp;John Boukouvalas &ndash; University of Laval &#8211; Canada<\/p>\n<p>Home page: <u><a href=\"http:\/\/www.chm.ulaval.ca\/prof_boukouvalasj.html%AB\">http:\/\/www.chm.ulaval.ca\/prof_boukouvalasj.html&acute;<\/a><\/u><\/p>\n<p>Per\u00edodo: 2014 a 2017<\/p>\n<p>&nbsp;<\/p>\n<p><span style=\"line-height: 1.538em;\">Coordenador: Diego Alves &#8211; UFPel<\/span><\/p>\n<p>Pesquisador visitante: Rafael Luque &ndash; Universidade de C\u00f3rdoba (Espanha)<\/p>\n<p>Home page: <u><a href=\"https:\/\/www.uco.es\/~q62alsor\/\">https:\/\/www.uco.es\/~q62alsor<\/a><\/u><u><a href=\"https:\/\/www.uco.es\/~q62alsor\/\">\/<\/a><\/u><\/p>\n<p>Per\u00edodo: 2014 a 2017<\/p>\n<p>&nbsp;<\/p>\n<p><span style=\"line-height: 1.538em;\">Coordenador: Angelo C. Pinto &#8211; UFRJ<\/span><\/p>\n<p>Pesquisador visitante: Jos\u00e9 A. S. Cavaleiro &ndash; Universidade de Aveiro (Portugal)<\/p>\n<p>Per\u00edodo: 2016 a 2019<\/p>\n<p>&nbsp;<\/p>\n<p><span style=\"line-height: 1.538em;\">Coordenador: Diogo S. L\u00fcdtke- UFRGS<\/span><\/p>\n<p>Pesquisador visitante: Nuno Maulide &ndash; Universidade de Viena (Austria)<\/p>\n<p>Home page: <u><a href=\"https:\/\/organicsynthesis.univie.ac.at\/\">https:\/\/organicsynthesis.univie.ac.at<\/a><\/u><u><a href=\"https:\/\/organicsynthesis.univie.ac.at\/\">\/<\/a><\/u><\/p>\n<p>Per\u00edodo: 2014 a 2017<\/p>\n<p>&nbsp;<\/p>\n<p>&nbsp;<\/p>\n","protected":false},"excerpt":{"rendered":"<p>Este espa\u00e7o tem como principal objetivo disponibilizar informa\u00e7\u00f5es a respeito dos pesquisadores estrangeiros contemplados com a bolsa PVE ou BJT em colabora\u00e7\u00e3o com professores da Divis\u00e3o de Qu\u00edmica Org\u00e2nica da SBQ. &nbsp; Coordenador: Luiz Cl\u00e1udio de Almeida Barbosa &ndash; UFMG Pesquisador visitante: &nbsp;John Boukouvalas &ndash; University of Laval &#8211; Canada Home page: http:\/\/www.chm.ulaval.ca\/prof_boukouvalasj.html&acute; Per\u00edodo: 2014 [&hellip;]<\/p>\n","protected":false},"author":1,"featured_media":0,"parent":0,"menu_order":0,"comment_status":"closed","ping_status":"closed","template":"institucional","meta":{"footnotes":""},"_links":{"self":[{"href":"https:\/\/www.sbq.org.br\/organica\/wp-json\/wp\/v2\/pages\/12"}],"collection":[{"href":"https:\/\/www.sbq.org.br\/organica\/wp-json\/wp\/v2\/pages"}],"about":[{"href":"https:\/\/www.sbq.org.br\/organica\/wp-json\/wp\/v2\/types\/page"}],"author":[{"embeddable":true,"href":"https:\/\/www.sbq.org.br\/organica\/wp-json\/wp\/v2\/users\/1"}],"replies":[{"embeddable":true,"href":"https:\/\/www.sbq.org.br\/organica\/wp-json\/wp\/v2\/comments?post=12"}],"version-history":[{"count":1,"href":"https:\/\/www.sbq.org.br\/organica\/wp-json\/wp\/v2\/pages\/12\/revisions"}],"predecessor-version":[{"id":54,"href":"https:\/\/www.sbq.org.br\/organica\/wp-json\/wp\/v2\/pages\/12\/revisions\/54"}],"wp:attachment":[{"href":"https:\/\/www.sbq.org.br\/organica\/wp-json\/wp\/v2\/media?parent=12"}],"curies":[{"name":"wp","href":"https:\/\/api.w.org\/{rel}","templated":true}]}}