{"id":37,"date":"2024-01-08T17:46:56","date_gmt":"2024-01-08T20:46:56","guid":{"rendered":"https:\/\/www.sbq.org.br\/nucleo-mulheres\/?page_id=37"},"modified":"2024-01-16T10:53:00","modified_gmt":"2024-01-16T13:53:00","slug":"acoes-do-nucleo-e-de-dc","status":"publish","type":"page","link":"https:\/\/www.sbq.org.br\/nucleo-mulheres\/acoes-e-dados\/acoes-do-nucleo-e-de-dc\/","title":{"rendered":"A\u00e7\u00f5es do N\u00facleo e de D&amp;C"},"content":{"rendered":"\n<p><p>Neste espa\u00e7o ser\u00e3o compiladas todas as informa\u00e7\u00f5es sobre a\u00e7\u00f5es -ligadas \u00e0 quest\u00f5es de g\u00eanero- realizadas pelo N\u00facleo Mulheres SBQ e membros das diretorias e conselhos durante seus mandatos.<\/p><\/p>\n\n\n<nav class=\"is-responsive wp-block-navigation is-layout-flex wp-block-navigation-is-layout-flex\" aria-label=\"a\u00e7\u00f5es do n\u00facleo\" \n\t\t\tdata-wp-interactive\n\t\t\tdata-wp-context='{\"core\":{\"navigation\":{\"overlayOpenedBy\":[],\"type\":\"overlay\",\"roleAttribute\":\"\",\"ariaLabel\":\"Menu\"}}}'\n\t\t><button aria-haspopup=\"true\" aria-label=\"Abrir menu\" class=\"wp-block-navigation__responsive-container-open \" \n\t\t\tdata-wp-on--click=\"actions.core.navigation.openMenuOnClick\"\n\t\t\tdata-wp-on--keydown=\"actions.core.navigation.handleMenuKeydown\"\n\t\t><svg width=\"24\" height=\"24\" xmlns=\"http:\/\/www.w3.org\/2000\/svg\" viewBox=\"0 0 24 24\" aria-hidden=\"true\" focusable=\"false\"><rect x=\"4\" y=\"7.5\" width=\"16\" height=\"1.5\" \/><rect x=\"4\" y=\"15\" width=\"16\" height=\"1.5\" \/><\/svg><\/button>\n\t\t\t<div class=\"wp-block-navigation__responsive-container  \" style=\"\" id=\"modal-1\" \n\t\t\tdata-wp-class--has-modal-open=\"selectors.core.navigation.isMenuOpen\"\n\t\t\tdata-wp-class--is-menu-open=\"selectors.core.navigation.isMenuOpen\"\n\t\t\tdata-wp-effect=\"effects.core.navigation.initMenu\"\n\t\t\tdata-wp-on--keydown=\"actions.core.navigation.handleMenuKeydown\"\n\t\t\tdata-wp-on--focusout=\"actions.core.navigation.handleMenuFocusout\"\n\t\t\ttabindex=\"-1\"\n\t\t>\n\t\t\t\t<div class=\"wp-block-navigation__responsive-close\" tabindex=\"-1\">\n\t\t\t\t\t<div class=\"wp-block-navigation__responsive-dialog\" \n\t\t\tdata-wp-bind--aria-modal=\"selectors.core.navigation.ariaModal\"\n\t\t\tdata-wp-bind--aria-label=\"selectors.core.navigation.ariaLabel\"\n\t\t\tdata-wp-bind--role=\"selectors.core.navigation.roleAttribute\"\n\t\t\tdata-wp-effect=\"effects.core.navigation.focusFirstElement\"\n\t\t>\n\t\t\t\t\t\t\t<button aria-label=\"Fechar menu\" class=\"wp-block-navigation__responsive-container-close\" \n\t\t\tdata-wp-on--click=\"actions.core.navigation.closeMenuOnClick\"\n\t\t><svg xmlns=\"http:\/\/www.w3.org\/2000\/svg\" viewBox=\"0 0 24 24\" width=\"24\" height=\"24\" aria-hidden=\"true\" focusable=\"false\"><path d=\"M13 11.8l6.1-6.3-1-1-6.1 6.2-6.1-6.2-1 1 6.1 6.3-6.5 6.7 1 1 6.5-6.6 6.5 6.6 1-1z\"><\/path><\/svg><\/button>\n\t\t\t\t\t\t<div class=\"wp-block-navigation__responsive-container-content\" id=\"modal-1-content\">\n\t\t\t\t\t\t\t<ul class=\"wp-block-navigation__container is-responsive wp-block-navigation\"><li class=\" wp-block-navigation-item wp-block-navigation-link\"><a class=\"wp-block-navigation-item__content\"  href=\"http:\/\/static.sites.sbq.org.br\/quimicanova.sbq.org.br\/pdf\/AG2019-0502.pdf?fbclid=IwAR0lwRiRruYJW9Fx2lzOfmP3-9SzK_4Un7rdnkt1o4_IvUls3nfeUtlj_mE\"><span class=\"wp-block-navigation-item__label\">Mulheres cientistas na qu\u00edmica brasileira<\/span><\/a><\/li><li class=\" wp-block-navigation-item wp-block-navigation-link\"><a class=\"wp-block-navigation-item__content\"  href=\"https:\/\/youtu.be\/meDua8_rBts\"><span class=\"wp-block-navigation-item__label\">Mesa redonda virtual: Mulheres no ensino e pesquisa em qu\u00edmica nas universidades brasileiras<\/span><\/a><\/li><li class=\" wp-block-navigation-item wp-block-navigation-link\"><a class=\"wp-block-navigation-item__content\"  href=\"https:\/\/www.youtube.com\/watch?v=-FJCAl6zkA4\"><span class=\"wp-block-navigation-item__label\">Ci\u00eancia Diversa: a import\u00e2ncia da representatividade no meio cient\u00edfico<\/span><\/a><\/li><li class=\" wp-block-navigation-item wp-block-navigation-link\"><a class=\"wp-block-navigation-item__content\"  href=\"https:\/\/cen.acs.org\/acs-news\/programs\/CEN-CAS-honor-women-scientists\/97\/i42\"><span class=\"wp-block-navigation-item__label\">C&amp;EN and CAS honor women scientists in Brazil<\/span><\/a><\/li><li class=\" wp-block-navigation-item wp-block-navigation-link\"><a class=\"wp-block-navigation-item__content\"  href=\"https:\/\/anchor.fm\/sbqast\/episodes\/SBQast-3--Mulheres-na-pandemia-egr2mj\/a-a2ndlhs\"><span class=\"wp-block-navigation-item__label\">SBQast Mulheres na Pandemia<\/span><\/a><\/li><li class=\" wp-block-navigation-item wp-block-navigation-link\"><a class=\"wp-block-navigation-item__content\"  href=\"http:\/\/www.sbq.org.br\/nucleo-mulheres\/acoes-e-dados\/acoes-do-nucleo-e-de-dc\/venha-fazer-parte-do-nucleo-mulheres-sbq-e-faca-a-diferenca\/\"><span class=\"wp-block-navigation-item__label\">Venha fazer parte do N\u00facleo Mulheres SBQ e fa\u00e7a a diferen\u00e7a!<\/span><\/a><\/li><\/ul>\n\t\t\t\t\t\t<\/div>\n\t\t\t\t\t<\/div>\n\t\t\t\t<\/div>\n\t\t\t<\/div><\/nav>","protected":false},"excerpt":{"rendered":"<p>Neste espa\u00e7o ser\u00e3o compiladas todas as informa\u00e7\u00f5es sobre a\u00e7\u00f5es -ligadas \u00e0 quest\u00f5es de g\u00eanero- realizadas pelo N\u00facleo Mulheres SBQ e membros das diretorias e conselhos durante seus mandatos.<\/p>\n","protected":false},"author":1,"featured_media":0,"parent":9,"menu_order":0,"comment_status":"closed","ping_status":"closed","template":"wp-custom-template-a-es","meta":{"footnotes":""},"_links":{"self":[{"href":"https:\/\/www.sbq.org.br\/nucleo-mulheres\/wp-json\/wp\/v2\/pages\/37"}],"collection":[{"href":"https:\/\/www.sbq.org.br\/nucleo-mulheres\/wp-json\/wp\/v2\/pages"}],"about":[{"href":"https:\/\/www.sbq.org.br\/nucleo-mulheres\/wp-json\/wp\/v2\/types\/page"}],"author":[{"embeddable":true,"href":"https:\/\/www.sbq.org.br\/nucleo-mulheres\/wp-json\/wp\/v2\/users\/1"}],"replies":[{"embeddable":true,"href":"https:\/\/www.sbq.org.br\/nucleo-mulheres\/wp-json\/wp\/v2\/comments?post=37"}],"version-history":[{"count":3,"href":"https:\/\/www.sbq.org.br\/nucleo-mulheres\/wp-json\/wp\/v2\/pages\/37\/revisions"}],"predecessor-version":[{"id":345,"href":"https:\/\/www.sbq.org.br\/nucleo-mulheres\/wp-json\/wp\/v2\/pages\/37\/revisions\/345"}],"up":[{"embeddable":true,"href":"https:\/\/www.sbq.org.br\/nucleo-mulheres\/wp-json\/wp\/v2\/pages\/9"}],"wp:attachment":[{"href":"https:\/\/www.sbq.org.br\/nucleo-mulheres\/wp-json\/wp\/v2\/media?parent=37"}],"curies":[{"name":"wp","href":"https:\/\/api.w.org\/{rel}","templated":true}]}}