{"id":17,"date":"2024-01-08T17:03:46","date_gmt":"2024-01-08T20:03:46","guid":{"rendered":"https:\/\/www.sbq.org.br\/nucleo-mulheres\/?page_id=17"},"modified":"2024-05-14T16:07:47","modified_gmt":"2024-05-14T19:07:47","slug":"perfis-femininos","status":"publish","type":"page","link":"https:\/\/www.sbq.org.br\/nucleo-mulheres\/perfis-femininos\/","title":{"rendered":"Perfis Femininos"},"content":{"rendered":"\n<p>Este espa\u00e7o tem como objetivo apresentar quinzenalmente um novo e r\u00e1pido perfil de uma mulher cientista, associada SBQ, no formato de entrevista bate e volta. Conhecer onde elas est\u00e3o e um pouco do que pensam, pode inspirar e reunir! Onde Elas est\u00e3o?<\/p>\n\n\n\n<hr class=\"wp-block-separator has-alpha-channel-opacity\"\/>\n\n\n\n<section id=\"g7f88d2\" class=\"wp-block-gutentor-p4 section-g7f88d2 gutentor-post-module gutentor-advanced-post-module\" data-gpid=\"17\" data-l-ani=\"gp4-animation-1\" data-i-b=\"gutentor\/p1\" data-maxnumpages=\"9\">\n\n<section class=\"gutentor-post-module section-0308568e-b210-43d7-8f99-b5e1bd341f18 gutentor-post-module-p1 gutentor_p1_template1 wp-block-gutentor-p1 gutentor-blog-list\" id=\"0308568e-b210-43d7-8f99-b5e1bd341f18\" data-gbid=\"0308568e-b210-43d7-8f99-b5e1bd341f18\" >\n<div class='grid-container'><div class='grid-row' ><article class='gutentor-post'><div class='gutentor-post-item'><div class='gutentor-post-image-box'><div class=\"gutentor-image-thumb\"><img loading=\"lazy\" decoding=\"async\" width=\"354\" height=\"384\" src=\"https:\/\/www.sbq.org.br\/nucleo-mulheres\/wp-content\/uploads\/sites\/37\/2025\/12\/image-24.png\" class=\"attachment-full size-full wp-post-image\" alt=\"\" \/><\/div><\/div><div class=\"gutentor-post-content\"><div class=\"gutentor-post-title-data-wrap\"><h3 class=\"gutentor-post-title\"><a href=\"https:\/\/www.sbq.org.br\/nucleo-mulheres\/olivia-moreira-sampaio-2\/\" rel=\"bookmark\">Ol\u00edvia Moreira Sampaio<\/a><\/h3><\/div><div class=\"gutentor-entry-meta gutentor-entry-meta-primary\"><div class=\"posted-on\"><i class=\"far fa-calendar-alt\"><\/i><a href=\"https:\/\/www.sbq.org.br\/nucleo-mulheres\/olivia-moreira-sampaio-2\/\" rel=\"bookmark\">3 de dezembro de 2025<\/a><\/div><\/div><div class=\"gutentor-post-desc\">Conhe\u00e7a a\u00a0Ol\u00edvia Moreira Sampaio, professora e pesquisadora do Departamento Qu\u00edmica da Universidade &hellip;<\/div><a class=\"gutentor-button gutentor-post-button\"  href=\"https:\/\/www.sbq.org.br\/nucleo-mulheres\/olivia-moreira-sampaio-2\/\" href=\"https:\/\/www.sbq.org.br\/nucleo-mulheres\/olivia-moreira-sampaio-2\/\"><span>Continuar leitura<\/span><\/a><\/div><\/div><\/article><article class='gutentor-post'><div class='gutentor-post-item'><div class='gutentor-post-image-box'><div class=\"gutentor-image-thumb\"><img loading=\"lazy\" decoding=\"async\" width=\"346\" height=\"348\" src=\"https:\/\/www.sbq.org.br\/nucleo-mulheres\/wp-content\/uploads\/sites\/37\/2025\/12\/image-23.png\" class=\"attachment-full size-full wp-post-image\" alt=\"\" \/><\/div><\/div><div class=\"gutentor-post-content\"><div class=\"gutentor-post-title-data-wrap\"><h3 class=\"gutentor-post-title\"><a href=\"https:\/\/www.sbq.org.br\/nucleo-mulheres\/maria-da-conceicao-ferreira-de-oliveira\/\" rel=\"bookmark\">Maria da Concei\u00e7\u00e3o Ferreira de Oliveira<\/a><\/h3><\/div><div class=\"gutentor-entry-meta gutentor-entry-meta-primary\"><div class=\"posted-on\"><i class=\"far fa-calendar-alt\"><\/i><a href=\"https:\/\/www.sbq.org.br\/nucleo-mulheres\/maria-da-conceicao-ferreira-de-oliveira\/\" rel=\"bookmark\">3 de dezembro de 2025<\/a><\/div><\/div><div class=\"gutentor-post-desc\">Conhe\u00e7a a\u00a0Concei\u00e7\u00e3o,\u00a0professora titular e pesquisadora do Departamento de Qu\u00edmica Org\u00e2nica e Inorg\u00e2n&hellip;<\/div><a class=\"gutentor-button gutentor-post-button\"  href=\"https:\/\/www.sbq.org.br\/nucleo-mulheres\/maria-da-conceicao-ferreira-de-oliveira\/\" href=\"https:\/\/www.sbq.org.br\/nucleo-mulheres\/maria-da-conceicao-ferreira-de-oliveira\/\"><span>Continuar leitura<\/span><\/a><\/div><\/div><\/article><article class='gutentor-post'><div class='gutentor-post-item'><div class='gutentor-post-image-box'><div class=\"gutentor-image-thumb\"><img loading=\"lazy\" decoding=\"async\" width=\"146\" height=\"269\" src=\"https:\/\/www.sbq.org.br\/nucleo-mulheres\/wp-content\/uploads\/sites\/37\/2025\/12\/image-22.png\" class=\"attachment-full size-full wp-post-image\" alt=\"\" \/><\/div><\/div><div class=\"gutentor-post-content\"><div class=\"gutentor-post-title-data-wrap\"><h3 class=\"gutentor-post-title\"><a href=\"https:\/\/www.sbq.org.br\/nucleo-mulheres\/valeria-moraes\/\" rel=\"bookmark\">Val\u00e9ria Moraes<\/a><\/h3><\/div><div class=\"gutentor-entry-meta gutentor-entry-meta-primary\"><div class=\"posted-on\"><i class=\"far fa-calendar-alt\"><\/i><a href=\"https:\/\/www.sbq.org.br\/nucleo-mulheres\/valeria-moraes\/\" rel=\"bookmark\">3 de dezembro de 2025<\/a><\/div><\/div><div class=\"gutentor-post-desc\">Conhe\u00e7a a\u00a0Val\u00e9ria, professora e pesquisadora do Departamento de Qu\u00edmica da Universidade Federal de S&hellip;<\/div><a class=\"gutentor-button gutentor-post-button\"  href=\"https:\/\/www.sbq.org.br\/nucleo-mulheres\/valeria-moraes\/\" href=\"https:\/\/www.sbq.org.br\/nucleo-mulheres\/valeria-moraes\/\"><span>Continuar leitura<\/span><\/a><\/div><\/div><\/article><article class='gutentor-post'><div class='gutentor-post-item'><div class='gutentor-post-image-box'><div class=\"gutentor-image-thumb\"><img loading=\"lazy\" decoding=\"async\" width=\"264\" height=\"276\" src=\"https:\/\/www.sbq.org.br\/nucleo-mulheres\/wp-content\/uploads\/sites\/37\/2025\/12\/image-20.png\" class=\"attachment-full size-full wp-post-image\" alt=\"\" \/><\/div><\/div><div class=\"gutentor-post-content\"><div class=\"gutentor-post-title-data-wrap\"><h3 class=\"gutentor-post-title\"><a href=\"https:\/\/www.sbq.org.br\/nucleo-mulheres\/ivani-malvestiti\/\" rel=\"bookmark\">Ivani Malvestiti<\/a><\/h3><\/div><div class=\"gutentor-entry-meta gutentor-entry-meta-primary\"><div class=\"posted-on\"><i class=\"far fa-calendar-alt\"><\/i><a href=\"https:\/\/www.sbq.org.br\/nucleo-mulheres\/ivani-malvestiti\/\" rel=\"bookmark\">3 de dezembro de 2025<\/a><\/div><\/div><div class=\"gutentor-post-desc\">Conhe\u00e7a a\u00a0Ivani Malvestiti, professora e pesquisadora do Departamento Qu\u00edmica Fundamental da Univers&hellip;<\/div><a class=\"gutentor-button gutentor-post-button\"  href=\"https:\/\/www.sbq.org.br\/nucleo-mulheres\/ivani-malvestiti\/\" href=\"https:\/\/www.sbq.org.br\/nucleo-mulheres\/ivani-malvestiti\/\"><span>Continuar leitura<\/span><\/a><\/div><\/div><\/article><article class='gutentor-post'><div class='gutentor-post-item'><div class='gutentor-post-image-box'><div class=\"gutentor-image-thumb\"><img loading=\"lazy\" decoding=\"async\" width=\"238\" height=\"318\" src=\"https:\/\/www.sbq.org.br\/nucleo-mulheres\/wp-content\/uploads\/sites\/37\/2025\/12\/image-19.png\" class=\"attachment-full size-full wp-post-image\" alt=\"\" \/><\/div><\/div><div class=\"gutentor-post-content\"><div class=\"gutentor-post-title-data-wrap\"><h3 class=\"gutentor-post-title\"><a href=\"https:\/\/www.sbq.org.br\/nucleo-mulheres\/daniela-navarro\/\" rel=\"bookmark\">Daniela Navarro<\/a><\/h3><\/div><div class=\"gutentor-entry-meta gutentor-entry-meta-primary\"><div class=\"posted-on\"><i class=\"far fa-calendar-alt\"><\/i><a href=\"https:\/\/www.sbq.org.br\/nucleo-mulheres\/daniela-navarro\/\" rel=\"bookmark\">3 de dezembro de 2025<\/a><\/div><\/div><div class=\"gutentor-post-desc\">Conhe\u00e7a a Profa. Dra\u00a0Daniela Navarro. Forma\u00e7\u00e3o: USP\/FFCLRP, 189 artigos, fator H = 33. Artigo do J. &hellip;<\/div><a class=\"gutentor-button gutentor-post-button\"  href=\"https:\/\/www.sbq.org.br\/nucleo-mulheres\/daniela-navarro\/\" href=\"https:\/\/www.sbq.org.br\/nucleo-mulheres\/daniela-navarro\/\"><span>Continuar leitura<\/span><\/a><\/div><\/div><\/article><article class='gutentor-post'><div class='gutentor-post-item'><div class='gutentor-post-image-box'><div class=\"gutentor-image-thumb\"><img loading=\"lazy\" decoding=\"async\" width=\"268\" height=\"361\" src=\"https:\/\/www.sbq.org.br\/nucleo-mulheres\/wp-content\/uploads\/sites\/37\/2025\/12\/image-18.png\" class=\"attachment-full size-full wp-post-image\" alt=\"\" \/><\/div><\/div><div class=\"gutentor-post-content\"><div class=\"gutentor-post-title-data-wrap\"><h3 class=\"gutentor-post-title\"><a href=\"https:\/\/www.sbq.org.br\/nucleo-mulheres\/mariana-paola-cabrera\/\" rel=\"bookmark\">Mariana Paola Cabrera<\/a><\/h3><\/div><div class=\"gutentor-entry-meta gutentor-entry-meta-primary\"><div class=\"posted-on\"><i class=\"far fa-calendar-alt\"><\/i><a href=\"https:\/\/www.sbq.org.br\/nucleo-mulheres\/mariana-paola-cabrera\/\" rel=\"bookmark\">3 de dezembro de 2025<\/a><\/div><\/div><div class=\"gutentor-post-desc\">Mariana Paola Cabrera, de nacionalidade Argentina, \u00e9 professora, pesquisadora e extensionista do Dep&hellip;<\/div><a class=\"gutentor-button gutentor-post-button\"  href=\"https:\/\/www.sbq.org.br\/nucleo-mulheres\/mariana-paola-cabrera\/\" href=\"https:\/\/www.sbq.org.br\/nucleo-mulheres\/mariana-paola-cabrera\/\"><span>Continuar leitura<\/span><\/a><\/div><\/div><\/article><article class='gutentor-post'><div class='gutentor-post-item'><div class='gutentor-post-image-box'><div class=\"gutentor-image-thumb\"><img loading=\"lazy\" decoding=\"async\" width=\"380\" height=\"470\" src=\"https:\/\/www.sbq.org.br\/nucleo-mulheres\/wp-content\/uploads\/sites\/37\/2025\/12\/image-17.png\" class=\"attachment-full size-full wp-post-image\" alt=\"\" \/><\/div><\/div><div class=\"gutentor-post-content\"><div class=\"gutentor-post-title-data-wrap\"><h3 class=\"gutentor-post-title\"><a href=\"https:\/\/www.sbq.org.br\/nucleo-mulheres\/alessandra-sussulini\/\" rel=\"bookmark\">Alessandra Sussulini<\/a><\/h3><\/div><div class=\"gutentor-entry-meta gutentor-entry-meta-primary\"><div class=\"posted-on\"><i class=\"far fa-calendar-alt\"><\/i><a href=\"https:\/\/www.sbq.org.br\/nucleo-mulheres\/alessandra-sussulini\/\" rel=\"bookmark\">3 de dezembro de 2025<\/a><\/div><\/div><div class=\"gutentor-post-desc\">Conhe\u00e7a\u00a0Alessandra Sussulini, professora e pesquisadora do Departamento de Qu\u00edmica Anal\u00edtica da Univ&hellip;<\/div><a class=\"gutentor-button gutentor-post-button\"  href=\"https:\/\/www.sbq.org.br\/nucleo-mulheres\/alessandra-sussulini\/\" href=\"https:\/\/www.sbq.org.br\/nucleo-mulheres\/alessandra-sussulini\/\"><span>Continuar leitura<\/span><\/a><\/div><\/div><\/article><article class='gutentor-post'><div class='gutentor-post-item'><div class='gutentor-post-image-box'><div class=\"gutentor-image-thumb\"><img loading=\"lazy\" decoding=\"async\" width=\"247\" height=\"247\" src=\"https:\/\/www.sbq.org.br\/nucleo-mulheres\/wp-content\/uploads\/sites\/37\/2025\/12\/image-16.png\" class=\"attachment-full size-full wp-post-image\" alt=\"\" \/><\/div><\/div><div class=\"gutentor-post-content\"><div class=\"gutentor-post-title-data-wrap\"><h3 class=\"gutentor-post-title\"><a href=\"https:\/\/www.sbq.org.br\/nucleo-mulheres\/aline-bruni\/\" rel=\"bookmark\">Aline Bruni<\/a><\/h3><\/div><div class=\"gutentor-entry-meta gutentor-entry-meta-primary\"><div class=\"posted-on\"><i class=\"far fa-calendar-alt\"><\/i><a href=\"https:\/\/www.sbq.org.br\/nucleo-mulheres\/aline-bruni\/\" rel=\"bookmark\">3 de dezembro de 2025<\/a><\/div><\/div><div class=\"gutentor-post-desc\">Conhe\u00e7a a\u00a0Aline Bruni, professora e pesquisadora do Departamento de Qu\u00edmica da FFCLRP da Universidad&hellip;<\/div><a class=\"gutentor-button gutentor-post-button\"  href=\"https:\/\/www.sbq.org.br\/nucleo-mulheres\/aline-bruni\/\" href=\"https:\/\/www.sbq.org.br\/nucleo-mulheres\/aline-bruni\/\"><span>Continuar leitura<\/span><\/a><\/div><\/div><\/article><article class='gutentor-post'><div class='gutentor-post-item'><div class='gutentor-post-image-box'><div class=\"gutentor-image-thumb\"><img loading=\"lazy\" decoding=\"async\" width=\"235\" height=\"353\" src=\"https:\/\/www.sbq.org.br\/nucleo-mulheres\/wp-content\/uploads\/sites\/37\/2025\/12\/image-15.png\" class=\"attachment-full size-full wp-post-image\" alt=\"\" \/><\/div><\/div><div class=\"gutentor-post-content\"><div class=\"gutentor-post-title-data-wrap\"><h3 class=\"gutentor-post-title\"><a href=\"https:\/\/www.sbq.org.br\/nucleo-mulheres\/cleonia-roberta-melo-araujo\/\" rel=\"bookmark\">Cle\u00f4nia Roberta Melo Ara\u00fajo<\/a><\/h3><\/div><div class=\"gutentor-entry-meta gutentor-entry-meta-primary\"><div class=\"posted-on\"><i class=\"far fa-calendar-alt\"><\/i><a href=\"https:\/\/www.sbq.org.br\/nucleo-mulheres\/cleonia-roberta-melo-araujo\/\" rel=\"bookmark\">3 de dezembro de 2025<\/a><\/div><\/div><div class=\"gutentor-post-desc\">Conhe\u00e7a a\u00a0Cle\u00f4nia Roberta Melo Ara\u00fajo,\u00a0m\u00e3e de Luiza e Th\u00e9o, professora e pesquisadora do Colegiado d&hellip;<\/div><a class=\"gutentor-button gutentor-post-button\"  href=\"https:\/\/www.sbq.org.br\/nucleo-mulheres\/cleonia-roberta-melo-araujo\/\" href=\"https:\/\/www.sbq.org.br\/nucleo-mulheres\/cleonia-roberta-melo-araujo\/\"><span>Continuar leitura<\/span><\/a><\/div><\/div><\/article><article class='gutentor-post'><div class='gutentor-post-item'><div class='gutentor-post-image-box'><div class=\"gutentor-image-thumb\"><img loading=\"lazy\" decoding=\"async\" width=\"225\" height=\"222\" src=\"https:\/\/www.sbq.org.br\/nucleo-mulheres\/wp-content\/uploads\/sites\/37\/2025\/12\/image-14.png\" class=\"attachment-full size-full wp-post-image\" alt=\"\" \/><\/div><\/div><div class=\"gutentor-post-content\"><div class=\"gutentor-post-title-data-wrap\"><h3 class=\"gutentor-post-title\"><a href=\"https:\/\/www.sbq.org.br\/nucleo-mulheres\/isakelly-pereira-marques\/\" rel=\"bookmark\">Isakelly Pereira Marques<\/a><\/h3><\/div><div class=\"gutentor-entry-meta gutentor-entry-meta-primary\"><div class=\"posted-on\"><i class=\"far fa-calendar-alt\"><\/i><a href=\"https:\/\/www.sbq.org.br\/nucleo-mulheres\/isakelly-pereira-marques\/\" rel=\"bookmark\">3 de dezembro de 2025<\/a><\/div><\/div><div class=\"gutentor-post-desc\">Conhe\u00e7a a\u00a0Isakelly Pereira Marques, professora, pesquisadora e Chefe do Departamento de Qu\u00edmica Org\u00e2&hellip;<\/div><a class=\"gutentor-button gutentor-post-button\"  href=\"https:\/\/www.sbq.org.br\/nucleo-mulheres\/isakelly-pereira-marques\/\" href=\"https:\/\/www.sbq.org.br\/nucleo-mulheres\/isakelly-pereira-marques\/\"><span>Continuar leitura<\/span><\/a><\/div><\/div><\/article><\/div><\/div><\/section>\n\n\n<div id=\"section-g158769\" class=\"wp-block-gutentor-e17 section-g158769 gutentor-element gutentor-post-footer\"><div class=\"grid-container\"><div class=\"grid-row\">\n<div id=\"col-gm754099\" class=\"wp-block-gutentor-e15 gutentor-single-column  grid-lg-12 grid-md-12 grid-12\"><div id=\"section-gm754099\" class=\"section-gm754099 gutentor-col-wrap\">\n<div id=\"section-g8858ff\" class=\"wp-block-gutentor-e12 section-g8858ff gutentor-element gutentor-element-pagination text-align-center-mobile\"><div class=\"gutentor-pagination-wrap\" data-maxnumpages=\"9\"><ul class=\"gutentor-pagination\"><li class=\"gutentor-pagination-item gutentor-pagination-prev\"><a class=\"gutentor-pagination-link gutentor-disabled\" href=\"#\"><i class=\"fas fa-chevron-left\"><\/i>Previous<\/a><\/li><li class=\"gutentor-pagination-item gutentor-pagination-active\" data-gpage=\"1\"><a class=\"gutentor-pagination-link\" href=\"#\">1<\/a><\/li><li class=\"gutentor-pagination-item\"><a class=\"gutentor-pagination-link\" href=\"#\" data-gpage=\"2\">2<\/a><\/li><li class=\"gutentor-pagination-item\"><a class=\"gutentor-pagination-link\" href=\"#\" data-gpage=\"3\">3<\/a><\/li><li class=\"gutentor-pagination-item\"><a class=\"gutentor-pagination-link\" href=\"#\" data-gpage=\"4\">4<\/a><\/li><li class=\"gutentor-pagination-item gutentor-pagination-dots\"><a class=\"gutentor-pagination-link\" href=\"#\">&#8230;<\/a><\/li><li class=\"gutentor-pagination-item\"><a class=\"gutentor-pagination-link\" href=\"#\" data-gpage=\"9\">9<\/a><\/li><li class=\"gutentor-pagination-item gutentor-pagination-next\"><a class=\"gutentor-pagination-link\" href=\"#\" data-gpage=\"2\">Next<i class=\"fas fa-chevron-right\"><\/i><\/a><\/li><\/ul><\/div><\/div>\n<\/div><\/div>\n<\/div><\/div><\/div>\n<\/section>\n","protected":false},"excerpt":{"rendered":"<p>Este espa\u00e7o tem como objetivo apresentar quinzenalmente um novo e r\u00e1pido perfil de uma mulher cientista, associada SBQ, no formato de entrevista bate e volta. Conhecer onde elas est\u00e3o e um pouco do que pensam, pode inspirar e reunir! Onde Elas est\u00e3o?<\/p>\n","protected":false},"author":1,"featured_media":0,"parent":0,"menu_order":0,"comment_status":"closed","ping_status":"closed","template":"","meta":{"footnotes":""},"_links":{"self":[{"href":"https:\/\/www.sbq.org.br\/nucleo-mulheres\/wp-json\/wp\/v2\/pages\/17"}],"collection":[{"href":"https:\/\/www.sbq.org.br\/nucleo-mulheres\/wp-json\/wp\/v2\/pages"}],"about":[{"href":"https:\/\/www.sbq.org.br\/nucleo-mulheres\/wp-json\/wp\/v2\/types\/page"}],"author":[{"embeddable":true,"href":"https:\/\/www.sbq.org.br\/nucleo-mulheres\/wp-json\/wp\/v2\/users\/1"}],"replies":[{"embeddable":true,"href":"https:\/\/www.sbq.org.br\/nucleo-mulheres\/wp-json\/wp\/v2\/comments?post=17"}],"version-history":[{"count":16,"href":"https:\/\/www.sbq.org.br\/nucleo-mulheres\/wp-json\/wp\/v2\/pages\/17\/revisions"}],"predecessor-version":[{"id":680,"href":"https:\/\/www.sbq.org.br\/nucleo-mulheres\/wp-json\/wp\/v2\/pages\/17\/revisions\/680"}],"wp:attachment":[{"href":"https:\/\/www.sbq.org.br\/nucleo-mulheres\/wp-json\/wp\/v2\/media?parent=17"}],"curies":[{"name":"wp","href":"https:\/\/api.w.org\/{rel}","templated":true}]}}