{"id":75,"date":"2024-01-11T11:02:24","date_gmt":"2024-01-11T14:02:24","guid":{"rendered":"https:\/\/www.sbq.org.br\/minasgerais\/?page_id=75"},"modified":"2025-08-14T12:28:55","modified_gmt":"2025-08-14T15:28:55","slug":"noticias","status":"publish","type":"page","link":"https:\/\/www.sbq.org.br\/minasgerais\/noticias\/","title":{"rendered":"Not\u00edcias"},"content":{"rendered":"\n<p><a href=\"https:\/\/www.sbq.org.br\/minasgerais\/wp-admin\/post.php?post=312&amp;action=edit\"><strong>37\u00ba ERSBQ &#8211; MG &#8211; 2025 &#8211; Ouro Preto<\/strong><\/a><\/p>\n\n\n\n<p><\/p>\n\n\n\n<section id=\"g711e5f\" class=\"wp-block-gutentor-p4 section-g711e5f gutentor-post-module gutentor-advanced-post-module\" data-gpid=\"75\" data-l-ani=\"gp4-animation-1\" data-i-b=\"gutentor\/p1\" data-maxnumpages=\"3\">\n\n<section class=\"gutentor-post-module section-11183f35-8d82-4221-adf4-3ea0eb4b225e gutentor-post-module-p1 gutentor_p1_template1 wp-block-gutentor-p1 gutentor-blog-grid\" id=\"11183f35-8d82-4221-adf4-3ea0eb4b225e\" data-gbid=\"11183f35-8d82-4221-adf4-3ea0eb4b225e\" >\n<div class='grid-container'><div class='grid-row' ><article class='gutentor-post gutentor-post-no-thumb  grid-lg-12 grid-md-4 grid-12'><div class='gutentor-post-item'><div class=\"gutentor-post-title-data-wrap\"><h3 class=\"gutentor-post-title\"><a href=\"https:\/\/www.sbq.org.br\/minasgerais\/35o-ersbq-mg-2023-lavras\/\" rel=\"bookmark\">35\u00ba ERSBQ-MG &#8211; 2023 &#8211; Lavras<\/a><\/h3><\/div><div class=\"gutentor-post-desc\">Inscri\u00e7\u00f5es abertas!Acesse o site:https:\/\/ersbq2023-dqi.ufla.br\/NOS VEMOS L\u00c1!&hellip;<\/div><a class=\"gutentor-button gutentor-post-button\"  href=\"https:\/\/www.sbq.org.br\/minasgerais\/35o-ersbq-mg-2023-lavras\/\" href=\"https:\/\/www.sbq.org.br\/minasgerais\/35o-ersbq-mg-2023-lavras\/\"><span>Read More<\/span><\/a><\/div><\/article><article class='gutentor-post gutentor-post-no-thumb  grid-lg-12 grid-md-4 grid-12'><div class='gutentor-post-item'><div class=\"gutentor-post-title-data-wrap\"><h3 class=\"gutentor-post-title\"><a href=\"https:\/\/www.sbq.org.br\/minasgerais\/ganhadores-do-premio-destaque-sbq-mg-2022-2\/\" rel=\"bookmark\">Ganhadores do pr\u00eamio destaque SBQ-MG &#8211; 2022<\/a><\/h3><\/div><div class=\"gutentor-post-desc\">Categoria Pesquisador Pleno: H\u00e9lio Anderson Duarte (UFMG)&hellip;<\/div><a class=\"gutentor-button gutentor-post-button\"  href=\"https:\/\/www.sbq.org.br\/minasgerais\/ganhadores-do-premio-destaque-sbq-mg-2022-2\/\" href=\"https:\/\/www.sbq.org.br\/minasgerais\/ganhadores-do-premio-destaque-sbq-mg-2022-2\/\"><span>Read More<\/span><\/a><\/div><\/article><article class='gutentor-post gutentor-post-no-thumb  grid-lg-12 grid-md-4 grid-12'><div class='gutentor-post-item'><div class=\"gutentor-post-title-data-wrap\"><h3 class=\"gutentor-post-title\"><a href=\"https:\/\/www.sbq.org.br\/minasgerais\/ganhadores-do-premio-destaque-sbq-mg-2022\/\" rel=\"bookmark\">Ganhadores do pr\u00eamio destaque SBQ-MG 2022<\/a><\/h3><\/div><div class=\"gutentor-post-desc\">Categoria Jovem Pesquisador:&nbsp;Wallans Torres Pio dos Santos (UFVJM)&nbsp;&nbsp;&hellip;<\/div><a class=\"gutentor-button gutentor-post-button\"  href=\"https:\/\/www.sbq.org.br\/minasgerais\/ganhadores-do-premio-destaque-sbq-mg-2022\/\" href=\"https:\/\/www.sbq.org.br\/minasgerais\/ganhadores-do-premio-destaque-sbq-mg-2022\/\"><span>Read More<\/span><\/a><\/div><\/article><article class='gutentor-post gutentor-post-no-thumb  grid-lg-12 grid-md-4 grid-12'><div class='gutentor-post-item'><div class=\"gutentor-post-title-data-wrap\"><h3 class=\"gutentor-post-title\"><a href=\"https:\/\/www.sbq.org.br\/minasgerais\/sbq-mg-te-leva-pra-46a-rasbq-em-aguas-de-lindoia\/\" rel=\"bookmark\">SBQ-MG te leva pra 46\u00aa RASBQ em \u00c1guas de Lind\u00f3ia<\/a><\/h3><\/div><div class=\"gutentor-post-desc\">Inscri\u00e7\u00f5es para vaga no \u00f4nibus para a 46\u00aa Reuni\u00e3o Anual da SBQ em \u00c1guas de Lind\u00f3ia.\nA princ\u00edpio, o \u00f4&hellip;<\/div><a class=\"gutentor-button gutentor-post-button\"  href=\"https:\/\/www.sbq.org.br\/minasgerais\/sbq-mg-te-leva-pra-46a-rasbq-em-aguas-de-lindoia\/\" href=\"https:\/\/www.sbq.org.br\/minasgerais\/sbq-mg-te-leva-pra-46a-rasbq-em-aguas-de-lindoia\/\"><span>Read More<\/span><\/a><\/div><\/article><article class='gutentor-post gutentor-post-no-thumb  grid-lg-12 grid-md-4 grid-12'><div class='gutentor-post-item'><div class=\"gutentor-post-title-data-wrap\"><h3 class=\"gutentor-post-title\"><a href=\"https:\/\/www.sbq.org.br\/minasgerais\/premio-destaque-sbq-mg\/\" rel=\"bookmark\">Pr\u00eamio Destaque SBQ-MG<\/a><\/h3><\/div><div class=\"gutentor-post-desc\">Pr\u00eamio Destaque em Pesquisa &ndash; SBQMG&nbsp; &#8211;&nbsp; HIST\u00d3RICO&nbsp;&#8211; 2013 (27&ordm; ERSBQ-MG, S\u00e3&hellip;<\/div><a class=\"gutentor-button gutentor-post-button\"  href=\"https:\/\/www.sbq.org.br\/minasgerais\/premio-destaque-sbq-mg\/\" href=\"https:\/\/www.sbq.org.br\/minasgerais\/premio-destaque-sbq-mg\/\"><span>Read More<\/span><\/a><\/div><\/article><article class='gutentor-post gutentor-post-no-thumb  grid-lg-12 grid-md-4 grid-12'><div class='gutentor-post-item'><div class=\"gutentor-post-title-data-wrap\"><h3 class=\"gutentor-post-title\"><a href=\"https:\/\/www.sbq.org.br\/minasgerais\/34o-ersbq-mg\/\" rel=\"bookmark\">34\u00ba ERSBQ-MG<\/a><\/h3><\/div><div class=\"gutentor-post-desc\">VOC\u00ca N\u00c3O VAI FICAR DE FORA N\u00c9?!ACESSE O NOSSO SITE:&nbsp;https:\/\/ersbq2022.qui.ufmg.br\/&nbsp;&hellip;<\/div><a class=\"gutentor-button gutentor-post-button\"  href=\"https:\/\/www.sbq.org.br\/minasgerais\/34o-ersbq-mg\/\" href=\"https:\/\/www.sbq.org.br\/minasgerais\/34o-ersbq-mg\/\"><span>Read More<\/span><\/a><\/div><\/article><article class='gutentor-post gutentor-post-no-thumb  grid-lg-12 grid-md-4 grid-12'><div class='gutentor-post-item'><div class=\"gutentor-post-title-data-wrap\"><h3 class=\"gutentor-post-title\"><a href=\"https:\/\/www.sbq.org.br\/minasgerais\/premio-destaque-em-pesquisa-sbq-mg-2019\/\" rel=\"bookmark\">Pr\u00eamio destaque em pesquisa SBQ-MG 2019<\/a><\/h3><\/div><div class=\"gutentor-post-desc\">Na cerim\u00f4nia de encerramento do XXXIII ERSBQ em uberaba no dia 24 de novembro de 2019, a professora &hellip;<\/div><a class=\"gutentor-button gutentor-post-button\"  href=\"https:\/\/www.sbq.org.br\/minasgerais\/premio-destaque-em-pesquisa-sbq-mg-2019\/\" href=\"https:\/\/www.sbq.org.br\/minasgerais\/premio-destaque-em-pesquisa-sbq-mg-2019\/\"><span>Read More<\/span><\/a><\/div><\/article><article class='gutentor-post gutentor-post-no-thumb  grid-lg-12 grid-md-4 grid-12'><div class='gutentor-post-item'><div class=\"gutentor-post-title-data-wrap\"><h3 class=\"gutentor-post-title\"><a href=\"https:\/\/www.sbq.org.br\/minasgerais\/calendario-de-eventos-2019\/\" rel=\"bookmark\">Calendario de eventos 2019<\/a><\/h3><\/div><div class=\"gutentor-post-desc\">Eventos em Minas GeraisGlobal Women&rsquo;s Breakfast &ndash; IUPAC (UFMG\/CEFET-MG) &ndash; fevereir&hellip;<\/div><a class=\"gutentor-button gutentor-post-button\"  href=\"https:\/\/www.sbq.org.br\/minasgerais\/calendario-de-eventos-2019\/\" href=\"https:\/\/www.sbq.org.br\/minasgerais\/calendario-de-eventos-2019\/\"><span>Read More<\/span><\/a><\/div><\/article><article class='gutentor-post gutentor-post-no-thumb  grid-lg-12 grid-md-4 grid-12'><div class='gutentor-post-item'><div class=\"gutentor-post-title-data-wrap\"><h3 class=\"gutentor-post-title\"><a href=\"https:\/\/www.sbq.org.br\/minasgerais\/ata-da-assembleia-da-sociedade-brasileira-de-quimica-regional-minas-gerais-sbq-mg-durante-o-xxxii-encontro-regional-da-sbq\/\" rel=\"bookmark\">Ata da assembleia da Sociedade Brasileira de Qu\u00edmica &#8211; Regional Minas Gerais (SBQ-MG) durante o XXXII Encontro Regional da SBQ<\/a><\/h3><\/div><div class=\"gutentor-post-desc\">Ata da assembleia da Sociedade Brasileira de Qu\u00edmica &#8211; Regional Minas Gerais (SBQ-MG) durante o XXXI&hellip;<\/div><a class=\"gutentor-button gutentor-post-button\"  href=\"https:\/\/www.sbq.org.br\/minasgerais\/ata-da-assembleia-da-sociedade-brasileira-de-quimica-regional-minas-gerais-sbq-mg-durante-o-xxxii-encontro-regional-da-sbq\/\" href=\"https:\/\/www.sbq.org.br\/minasgerais\/ata-da-assembleia-da-sociedade-brasileira-de-quimica-regional-minas-gerais-sbq-mg-durante-o-xxxii-encontro-regional-da-sbq\/\"><span>Read More<\/span><\/a><\/div><\/article><article class='gutentor-post gutentor-post-no-thumb  grid-lg-12 grid-md-4 grid-12'><div class='gutentor-post-item'><div class=\"gutentor-post-title-data-wrap\"><h3 class=\"gutentor-post-title\"><a href=\"https:\/\/www.sbq.org.br\/minasgerais\/train-the-trainers\/\" rel=\"bookmark\">Train-the-Trainers<\/a><\/h3><\/div><div class=\"gutentor-post-desc\">O Instituto SENAI de Inova\u00e7\u00e3o em Qu\u00edmica Verde, pertencente ao Sistema FIRJAN-SENAI, localizado no R&hellip;<\/div><a class=\"gutentor-button gutentor-post-button\"  href=\"https:\/\/www.sbq.org.br\/minasgerais\/train-the-trainers\/\" href=\"https:\/\/www.sbq.org.br\/minasgerais\/train-the-trainers\/\"><span>Read More<\/span><\/a><\/div><\/article><\/div><\/div><\/section>\n\n\n<div id=\"section-g70c90f\" class=\"wp-block-gutentor-e17 section-g70c90f gutentor-element gutentor-post-footer\"><div class=\"grid-container\"><div class=\"grid-row\">\n<div id=\"col-gm696a5a\" class=\"wp-block-gutentor-e15 gutentor-single-column  grid-lg-12 grid-md-12 grid-12\"><div id=\"section-gm696a5a\" class=\"section-gm696a5a gutentor-col-wrap\">\n<div id=\"section-gc808fe\" class=\"wp-block-gutentor-e12 section-gc808fe gutentor-element gutentor-element-pagination text-align-center-mobile\"><div class=\"gutentor-pagination-wrap\" data-maxnumpages=\"3\"><ul class=\"gutentor-pagination\"><li class=\"gutentor-pagination-item gutentor-pagination-prev\"><a class=\"gutentor-pagination-link gutentor-disabled\" href=\"#\"><i class=\"fas fa-chevron-left\"><\/i>Previous<\/a><\/li><li class=\"gutentor-pagination-item gutentor-pagination-active\" data-gpage=\"1\"><a class=\"gutentor-pagination-link\" href=\"#\">1<\/a><\/li><li class=\"gutentor-pagination-item\"><a class=\"gutentor-pagination-link\" href=\"#\" data-gpage=\"2\">2<\/a><\/li><li class=\"gutentor-pagination-item\"><a class=\"gutentor-pagination-link\" href=\"#\" data-gpage=\"3\">3<\/a><\/li><li class=\"gutentor-pagination-item gutentor-pagination-next\"><a class=\"gutentor-pagination-link\" href=\"#\" data-gpage=\"2\">Next<i class=\"fas fa-chevron-right\"><\/i><\/a><\/li><\/ul><\/div><\/div>\n<\/div><\/div>\n<\/div><\/div><\/div>\n<\/section>\n\n\n\n<div id=\"section-gdb3028\" class=\"wp-block-gutentor-e0 section-gdb3028 gutentor-element gutentor-element-advanced-text\"><div class=\"gutentor-text-wrap\"><p class=\"gutentor-text\">Gutentor Simple Text<\/p><\/div><\/div>\n","protected":false},"excerpt":{"rendered":"<p>37\u00ba ERSBQ &#8211; MG &#8211; 2025 &#8211; Ouro Preto<\/p>\n","protected":false},"author":1,"featured_media":0,"parent":0,"menu_order":0,"comment_status":"closed","ping_status":"closed","template":"wp-custom-template-noticias","meta":{"footnotes":""},"_links":{"self":[{"href":"https:\/\/www.sbq.org.br\/minasgerais\/wp-json\/wp\/v2\/pages\/75"}],"collection":[{"href":"https:\/\/www.sbq.org.br\/minasgerais\/wp-json\/wp\/v2\/pages"}],"about":[{"href":"https:\/\/www.sbq.org.br\/minasgerais\/wp-json\/wp\/v2\/types\/page"}],"author":[{"embeddable":true,"href":"https:\/\/www.sbq.org.br\/minasgerais\/wp-json\/wp\/v2\/users\/1"}],"replies":[{"embeddable":true,"href":"https:\/\/www.sbq.org.br\/minasgerais\/wp-json\/wp\/v2\/comments?post=75"}],"version-history":[{"count":6,"href":"https:\/\/www.sbq.org.br\/minasgerais\/wp-json\/wp\/v2\/pages\/75\/revisions"}],"predecessor-version":[{"id":320,"href":"https:\/\/www.sbq.org.br\/minasgerais\/wp-json\/wp\/v2\/pages\/75\/revisions\/320"}],"wp:attachment":[{"href":"https:\/\/www.sbq.org.br\/minasgerais\/wp-json\/wp\/v2\/media?parent=75"}],"curies":[{"name":"wp","href":"https:\/\/api.w.org\/{rel}","templated":true}]}}