{"id":7,"date":"2014-12-08T17:43:45","date_gmt":"2014-12-08T19:43:45","guid":{"rendered":"https:\/\/www.sbq.org.br\/regional_minasgerais\/premio-destaque-em-pq-2013\/"},"modified":"2024-05-14T15:35:48","modified_gmt":"2024-05-14T18:35:48","slug":"premio-destaque-em-pq-2013","status":"publish","type":"page","link":"https:\/\/www.sbq.org.br\/minasgerais\/premio-destaque-em-pq-2013\/","title":{"rendered":"Pr\u00eamio Destaque em PQ 2013"},"content":{"rendered":"<p>A Diretoria da Secretaria Regional de Minas Gerais da Sociedade Brasileira de Qu\u00edmica, conforme aprovado em Assembl\u00e9ia da SBQ-MG em 28\/05\/2013, vem tornar p\u00fablico o Pr\u00eamio Destaque em Pesquisa SBQ-MG , edi\u00e7\u00e3o 2013.<\/p>\n<p><a href='http:\/\/www.sbq.org.br\/wp-content\/uploads\/sites\/26\/2023\/12\/Premio_Destaque_em_Pesquisa_SBQ-MG.pdf'>http:\/\/www.sbq.org.br\/wp-content\/uploads\/sites\/26\/2023\/12\/Premio_Destaque_em_Pesquisa_SBQ-MG.pdf<\/a><\/p>\n","protected":false},"excerpt":{"rendered":"<p>A Diretoria da Secretaria Regional de Minas Gerais da Sociedade Brasileira de Qu\u00edmica, conforme aprovado em Assembl\u00e9ia da SBQ-MG em 28\/05\/2013, vem tornar p\u00fablico o Pr\u00eamio Destaque em Pesquisa SBQ-MG , edi\u00e7\u00e3o 2013. http:\/\/www.sbq.org.br\/wp-content\/uploads\/sites\/26\/2023\/12\/Premio_Destaque_em_Pesquisa_SBQ-MG.pdf<\/p>\n","protected":false},"author":1,"featured_media":0,"parent":0,"menu_order":0,"comment_status":"closed","ping_status":"closed","template":"wp-custom-template-links","meta":{"footnotes":""},"_links":{"self":[{"href":"https:\/\/www.sbq.org.br\/minasgerais\/wp-json\/wp\/v2\/pages\/7"}],"collection":[{"href":"https:\/\/www.sbq.org.br\/minasgerais\/wp-json\/wp\/v2\/pages"}],"about":[{"href":"https:\/\/www.sbq.org.br\/minasgerais\/wp-json\/wp\/v2\/types\/page"}],"author":[{"embeddable":true,"href":"https:\/\/www.sbq.org.br\/minasgerais\/wp-json\/wp\/v2\/users\/1"}],"replies":[{"embeddable":true,"href":"https:\/\/www.sbq.org.br\/minasgerais\/wp-json\/wp\/v2\/comments?post=7"}],"version-history":[{"count":1,"href":"https:\/\/www.sbq.org.br\/minasgerais\/wp-json\/wp\/v2\/pages\/7\/revisions"}],"predecessor-version":[{"id":219,"href":"https:\/\/www.sbq.org.br\/minasgerais\/wp-json\/wp\/v2\/pages\/7\/revisions\/219"}],"wp:attachment":[{"href":"https:\/\/www.sbq.org.br\/minasgerais\/wp-json\/wp\/v2\/media?parent=7"}],"curies":[{"name":"wp","href":"https:\/\/api.w.org\/{rel}","templated":true}]}}