{"id":220,"date":"2024-05-14T15:38:21","date_gmt":"2024-05-14T18:38:21","guid":{"rendered":"https:\/\/hub.aptor.software\/wordpress\/minasgerais\/?page_id=220"},"modified":"2024-05-14T15:50:49","modified_gmt":"2024-05-14T18:50:49","slug":"34o-ersbq-mg","status":"publish","type":"page","link":"https:\/\/www.sbq.org.br\/minasgerais\/34o-ersbq-mg\/","title":{"rendered":"34\u00ba ERSBQ-MG"},"content":{"rendered":"\n<figure class=\"wp-block-image\"><img decoding=\"async\" src=\"https:\/\/www.sbq.org.br\/minasgerais\/sites\/sbq.org.br.minasgerais\/files\/styles\/x-large\/public\/field\/image\/imagem_para_pagina.png?itok=6B-8i63F\" alt=\"\"\/><\/figure>\n\n\n\n<p><strong>VOC\u00ca N\u00c3O VAI FICAR DE FORA N\u00c9?!<br>ACESSE O NOSSO SITE:&nbsp;<a href=\"https:\/\/ersbq2022.qui.ufmg.br\/\">https:\/\/ersbq2022.qui.ufmg.br\/<\/a><\/strong><\/p>\n","protected":false},"excerpt":{"rendered":"<p>VOC\u00ca N\u00c3O VAI FICAR DE FORA N\u00c9?!ACESSE O NOSSO SITE:&nbsp;https:\/\/ersbq2022.qui.ufmg.br\/<\/p>\n","protected":false},"author":1,"featured_media":0,"parent":0,"menu_order":0,"comment_status":"closed","ping_status":"closed","template":"wp-custom-template-noticias","meta":{"footnotes":""},"_links":{"self":[{"href":"https:\/\/www.sbq.org.br\/minasgerais\/wp-json\/wp\/v2\/pages\/220"}],"collection":[{"href":"https:\/\/www.sbq.org.br\/minasgerais\/wp-json\/wp\/v2\/pages"}],"about":[{"href":"https:\/\/www.sbq.org.br\/minasgerais\/wp-json\/wp\/v2\/types\/page"}],"author":[{"embeddable":true,"href":"https:\/\/www.sbq.org.br\/minasgerais\/wp-json\/wp\/v2\/users\/1"}],"replies":[{"embeddable":true,"href":"https:\/\/www.sbq.org.br\/minasgerais\/wp-json\/wp\/v2\/comments?post=220"}],"version-history":[{"count":1,"href":"https:\/\/www.sbq.org.br\/minasgerais\/wp-json\/wp\/v2\/pages\/220\/revisions"}],"predecessor-version":[{"id":221,"href":"https:\/\/www.sbq.org.br\/minasgerais\/wp-json\/wp\/v2\/pages\/220\/revisions\/221"}],"wp:attachment":[{"href":"https:\/\/www.sbq.org.br\/minasgerais\/wp-json\/wp\/v2\/media?parent=220"}],"curies":[{"name":"wp","href":"https:\/\/api.w.org\/{rel}","templated":true}]}}