{"id":2,"date":"2023-12-13T17:30:59","date_gmt":"2023-12-13T20:30:59","guid":{"rendered":"https:\/\/www.sbq.org.br\/regional_minasgerais\/?page_id=2"},"modified":"2025-08-14T10:36:12","modified_gmt":"2025-08-14T13:36:12","slug":"pagina-exemplo","status":"publish","type":"page","link":"https:\/\/www.sbq.org.br\/minasgerais\/","title":{"rendered":"Seja bem-vindo \u00e0 Secretaria Regional de Minas Gerais da SBQ"},"content":{"rendered":"\n<p>Ol\u00e1,<\/p>\n\n\n\n<p>aqui voc\u00ea encontra informa\u00e7\u00f5es a respeito da SBQ-MG e ainda not\u00edcias,&nbsp;eventos, grupos de pesquisas e oportunidades no estado de Minas Gerais!<\/p>\n\n\n\n<p><strong>Quer divulgar seu grupo de pesquisa?&nbsp;<a href=\"https:\/\/forms.gle\/F5KqUtwPWZxZ9Yz28\">Clique aqui!<\/a>&nbsp;<\/strong><\/p>\n\n\n\n<p><strong>Quer divulgar seu evento, uma oportunidade? <a href=\"https:\/\/forms.gle\/ssxc82RvtKD8C6Fh9\">Clique aqui!<\/a><\/strong><\/p>\n\n\n\n<p><strong>Quer solicitar aux\u00edlio da SBQ-MG para seu evento? <a href=\"https:\/\/forms.gle\/VxNGeMBYdp5gvpyp7\">Clique aqui!<\/a><\/strong><\/p>\n\n\n\n<p>Sigam nossas redes sociais e fique por dentro:<\/p>\n\n\n\n<p><a href=\"https:\/\/www.instagram.com\/sbqregionalmg\/\">https:\/\/www.instagram.com\/sbqregionalmg\/<\/a><\/p>\n\n\n\n<p><a href=\"https:\/\/www.facebook.com\/SbqRegionalMinasGerais\/\">https:\/\/www.facebook.com\/SbqRegionalMinasGerais\/<\/a><\/p>\n\n\n\n<p>Para acessar informa\u00e7\u00f5es sobre o Pr\u00eamio Destaque em Pesquisa 2025 acesse <a href=\"https:\/\/www.sbq.org.br\/minasgerais\/premio-destaque-em-pesquisa-2025\/\" data-type=\"link\" data-id=\"https:\/\/www.sbq.org.br\/minasgerais\/wp-admin\/post.php?post=290&amp;action=edit\">aqui<\/a>.<\/p>\n\n\n\n<p><\/p>\n","protected":false},"excerpt":{"rendered":"<p>Ol\u00e1, aqui voc\u00ea encontra informa\u00e7\u00f5es a respeito da SBQ-MG e ainda not\u00edcias,&nbsp;eventos, grupos de pesquisas e oportunidades no estado de Minas Gerais! Quer divulgar seu grupo de pesquisa?&nbsp;Clique aqui!&nbsp; Quer divulgar seu evento, uma oportunidade? Clique aqui! Quer solicitar aux\u00edlio da SBQ-MG para seu evento? Clique aqui! Sigam nossas redes sociais e fique por dentro: [&hellip;]<\/p>\n","protected":false},"author":1,"featured_media":0,"parent":0,"menu_order":0,"comment_status":"closed","ping_status":"open","template":"","meta":{"footnotes":""},"_links":{"self":[{"href":"https:\/\/www.sbq.org.br\/minasgerais\/wp-json\/wp\/v2\/pages\/2"}],"collection":[{"href":"https:\/\/www.sbq.org.br\/minasgerais\/wp-json\/wp\/v2\/pages"}],"about":[{"href":"https:\/\/www.sbq.org.br\/minasgerais\/wp-json\/wp\/v2\/types\/page"}],"author":[{"embeddable":true,"href":"https:\/\/www.sbq.org.br\/minasgerais\/wp-json\/wp\/v2\/users\/1"}],"replies":[{"embeddable":true,"href":"https:\/\/www.sbq.org.br\/minasgerais\/wp-json\/wp\/v2\/comments?post=2"}],"version-history":[{"count":8,"href":"https:\/\/www.sbq.org.br\/minasgerais\/wp-json\/wp\/v2\/pages\/2\/revisions"}],"predecessor-version":[{"id":308,"href":"https:\/\/www.sbq.org.br\/minasgerais\/wp-json\/wp\/v2\/pages\/2\/revisions\/308"}],"wp:attachment":[{"href":"https:\/\/www.sbq.org.br\/minasgerais\/wp-json\/wp\/v2\/media?parent=2"}],"curies":[{"name":"wp","href":"https:\/\/api.w.org\/{rel}","templated":true}]}}