{"id":20,"date":"2024-01-11T10:50:43","date_gmt":"2024-01-11T13:50:43","guid":{"rendered":"https:\/\/www.sbq.org.br\/mgsul\/?page_id=20"},"modified":"2024-12-01T13:34:42","modified_gmt":"2024-12-01T16:34:42","slug":"seja-bem-vindo-a-secretaria-regional-de-mato-grosso-do-sul-da-sbq","status":"publish","type":"page","link":"https:\/\/www.sbq.org.br\/mgsul\/","title":{"rendered":"Seja bem-vindo \u00e0 Secretaria Regional de Mato Grosso do Sul da SBQ"},"content":{"rendered":"\n<p>Ol\u00e1 visitante! Solicitamos sua contribui\u00e7\u00e3o encaminhando-nos not\u00edcias, site de eventos e o link de seu grupo ou laborat\u00f3rio de pesquisa (ou ambos) para serem divulgados na nossa p\u00e1gina.<\/p>\n\n\n\n<p>Gostar\u00edamos tamb\u00e9m de convidar a iniciativa privada e a comunidade em geral para se associar a nossa sociedade e aproveitar das vantagens de ser um associado da SBQ.<\/p>\n\n\n\n<p>Cr\u00edticas e sugest\u00f5es s\u00e3o bem vindas!<\/p>\n\n\n","protected":false},"excerpt":{"rendered":"<p>Ol\u00e1 visitante! Solicitamos sua contribui\u00e7\u00e3o encaminhando-nos not\u00edcias, site de eventos e o link de seu grupo ou laborat\u00f3rio de pesquisa (ou ambos) para serem divulgados na nossa p\u00e1gina. Gostar\u00edamos tamb\u00e9m de convidar a iniciativa privada e a comunidade em geral para se associar a nossa sociedade e aproveitar das vantagens de ser um associado da [&hellip;]<\/p>\n","protected":false},"author":1,"featured_media":0,"parent":0,"menu_order":0,"comment_status":"closed","ping_status":"closed","template":"","meta":{"footnotes":""},"_links":{"self":[{"href":"https:\/\/www.sbq.org.br\/mgsul\/wp-json\/wp\/v2\/pages\/20"}],"collection":[{"href":"https:\/\/www.sbq.org.br\/mgsul\/wp-json\/wp\/v2\/pages"}],"about":[{"href":"https:\/\/www.sbq.org.br\/mgsul\/wp-json\/wp\/v2\/types\/page"}],"author":[{"embeddable":true,"href":"https:\/\/www.sbq.org.br\/mgsul\/wp-json\/wp\/v2\/users\/1"}],"replies":[{"embeddable":true,"href":"https:\/\/www.sbq.org.br\/mgsul\/wp-json\/wp\/v2\/comments?post=20"}],"version-history":[{"count":2,"href":"https:\/\/www.sbq.org.br\/mgsul\/wp-json\/wp\/v2\/pages\/20\/revisions"}],"predecessor-version":[{"id":212,"href":"https:\/\/www.sbq.org.br\/mgsul\/wp-json\/wp\/v2\/pages\/20\/revisions\/212"}],"wp:attachment":[{"href":"https:\/\/www.sbq.org.br\/mgsul\/wp-json\/wp\/v2\/media?parent=20"}],"curies":[{"name":"wp","href":"https:\/\/api.w.org\/{rel}","templated":true}]}}