{"id":37,"date":"2024-01-18T15:44:47","date_gmt":"2024-01-18T18:44:47","guid":{"rendered":"https:\/\/www.sbq.org.br\/medicinal\/?page_id=37"},"modified":"2024-01-18T15:44:47","modified_gmt":"2024-01-18T18:44:47","slug":"links","status":"publish","type":"page","link":"https:\/\/www.sbq.org.br\/medicinal\/links\/","title":{"rendered":"Links"},"content":{"rendered":"\n<p><a href=\"http:\/\/www.cnpq.br\/\" target=\"_blank\" rel=\"noreferrer noopener\">CNPq<\/a><\/p>\n\n\n\n<p>Conselho Nacional de Desenvolvimento Cient\u00edfico e Tecnol\u00f3gico<\/p>\n\n\n\n<p><a href=\"http:\/\/www.sbq.org.br\/\" target=\"_blank\" rel=\"noreferrer noopener\">SBQ<\/a><\/p>\n\n\n\n<p>SOCIEDADE BRASILEIRA DE QU\u00cdMICA<\/p>\n\n\n\n<p><a href=\"http:\/\/www.capes.gov.br\/\" target=\"_blank\" rel=\"noreferrer noopener\">CAPES<\/a><\/p>\n\n\n\n<p>Coordena\u00e7\u00e3o de Aperfei\u00e7oamento de Pessoal de N\u00edvel Superior<\/p>\n\n\n\n<p><a href=\"http:\/\/www.fapesp.br\/\" target=\"_blank\" rel=\"noreferrer noopener\">FAPESP<\/a><\/p>\n\n\n\n<p>Funda\u00e7\u00e3o de Amparo \u00e0 Pesquisa do Estado de S\u00e3o Paulo<\/p>\n\n\n\n<p><a href=\"http:\/\/www.faperj.br\/\" target=\"_blank\" rel=\"noreferrer noopener\">FAPERJ<\/a><\/p>\n\n\n\n<p>Funda\u00e7\u00e3o Carlos Chagas Filho de Amparo \u00e0 Pesquisa do Estado do Rio de Janeiro<\/p>\n\n\n\n<p><a href=\"http:\/\/www.periodicos.capes.gov.br\/\" target=\"_blank\" rel=\"noreferrer noopener\">Portal Peri\u00f3dicos (CAPES)<\/a><\/p>\n\n\n\n<p>O Portal de Peri\u00f3dicos da CAPES oferece acesso ao texto completo de mais de 9444 publica\u00e7\u00f5es peri\u00f3dicas internacionais e nacionais.<\/p>\n\n\n\n<p><a href=\"http:\/\/isiknowledge.com\/\" target=\"_blank\" rel=\"noreferrer noopener\">Web of Science<\/a><\/p>\n\n\n\n<p>http:\/\/isiknowledge.com\/<\/p>\n\n\n\n<p><a href=\"http:\/\/www.acsmedchem.org\" target=\"_blank\" rel=\"noreferrer noopener\">ACS Division of Med. Chem.<\/a><\/p>\n\n\n\n<p>Divis\u00e3o de Qu\u00edmica Medicinal da Sociedade Americana de Qu\u00edmica<\/p>\n\n\n\n<p><a href=\"http:\/\/www.iupac.org\/\" target=\"_blank\" rel=\"noreferrer noopener\">IUPAC<\/a><\/p>\n\n\n\n<p>Uni\u00e3o Internacional da Qu\u00edmica Pura e Aplicada (International Union of Pure and Applied Chemistry)<\/p>\n\n\n\n<p><a href=\"http:\/\/pubs.acs.org\/journals\/jmcmar\/\" target=\"_blank\" rel=\"noreferrer noopener\">Journal of Medicinal Chemistry<\/a><\/p>\n\n\n\n<p>Peri\u00f3dico da ACS com artigos da \u00e1rea de Qu\u00edmica Medicinal.<\/p>\n\n\n\n<p><a href=\"http:\/\/lattes.cnpq.br\/\" target=\"_blank\" rel=\"noreferrer noopener\">Plataforma lattes (CNPq)<\/a><\/p>\n\n\n\n<p>A Plataforma Lattes \u00e9 a base de dados de curr\u00edculos e institui\u00e7\u00f5es das \u00e1reas de Ci\u00eancia e Tecnologia.<\/p>\n","protected":false},"excerpt":{"rendered":"<p>CNPq Conselho Nacional de Desenvolvimento Cient\u00edfico e Tecnol\u00f3gico SBQ SOCIEDADE BRASILEIRA DE QU\u00cdMICA CAPES Coordena\u00e7\u00e3o de Aperfei\u00e7oamento de Pessoal de N\u00edvel Superior FAPESP Funda\u00e7\u00e3o de Amparo \u00e0 Pesquisa do Estado de S\u00e3o Paulo FAPERJ Funda\u00e7\u00e3o Carlos Chagas Filho de Amparo \u00e0 Pesquisa do Estado do Rio de Janeiro Portal Peri\u00f3dicos (CAPES) O Portal de Peri\u00f3dicos [&hellip;]<\/p>\n","protected":false},"author":1,"featured_media":0,"parent":0,"menu_order":0,"comment_status":"closed","ping_status":"closed","template":"","meta":{"footnotes":""},"_links":{"self":[{"href":"https:\/\/www.sbq.org.br\/medicinal\/wp-json\/wp\/v2\/pages\/37"}],"collection":[{"href":"https:\/\/www.sbq.org.br\/medicinal\/wp-json\/wp\/v2\/pages"}],"about":[{"href":"https:\/\/www.sbq.org.br\/medicinal\/wp-json\/wp\/v2\/types\/page"}],"author":[{"embeddable":true,"href":"https:\/\/www.sbq.org.br\/medicinal\/wp-json\/wp\/v2\/users\/1"}],"replies":[{"embeddable":true,"href":"https:\/\/www.sbq.org.br\/medicinal\/wp-json\/wp\/v2\/comments?post=37"}],"version-history":[{"count":1,"href":"https:\/\/www.sbq.org.br\/medicinal\/wp-json\/wp\/v2\/pages\/37\/revisions"}],"predecessor-version":[{"id":38,"href":"https:\/\/www.sbq.org.br\/medicinal\/wp-json\/wp\/v2\/pages\/37\/revisions\/38"}],"wp:attachment":[{"href":"https:\/\/www.sbq.org.br\/medicinal\/wp-json\/wp\/v2\/media?parent=37"}],"curies":[{"name":"wp","href":"https:\/\/api.w.org\/{rel}","templated":true}]}}