{"id":2,"date":"2023-12-13T17:30:39","date_gmt":"2023-12-13T20:30:39","guid":{"rendered":"https:\/\/www.sbq.org.br\/divisao_medicinal\/?page_id=2"},"modified":"2025-02-17T08:03:45","modified_gmt":"2025-02-17T11:03:45","slug":"pagina-exemplo","status":"publish","type":"page","link":"https:\/\/www.sbq.org.br\/medicinal\/","title":{"rendered":"Seja bem-vindo \u00e0 Divis\u00e3o de Qu\u00edmica Medicinal da SBQ"},"content":{"rendered":"\n<p>Caros Membros da Divis\u00e3o de Qu\u00edmica Medicinal,<\/p>\n\n\n\n<p>     A participa\u00e7\u00e3o construtiva com os membros da nossa Divis\u00e3o \u00e9 de fundamental import\u00e2ncia no crescimento e consolida\u00e7\u00e3o de uma Divis\u00e3o cada vez melhor. Solicitamos sua contribui\u00e7\u00e3o encaminhando-nos not\u00edcias, eventos e o link de seu grupo ou laborat\u00f3rio de pesquisa para serem divulgados na nossa p\u00e1gina.<\/p>\n\n\n\n<p>     Coment\u00e1rios e sugest\u00f5es tamb\u00e9m s\u00e3o sempre bem-vindos. Enviem suas contribui\u00e7\u00f5es, coment\u00e1rios e sugest\u00f5es atrav\u00e9s do e-mail:&nbsp;<a href=\"mailto:quimicamedicinal.sbq@gmail.com\">quimicamedicinal.sbq@gmail.com<\/a><\/p>\n\n\n\n<p>     Convidamos a todos a participar do <strong>XII BrazMedChem 2025<\/strong>, que acontecer\u00e1 em B\u00fazios (RJ), entre 20 e 24 de setembro de 2025. O BrazMedChem \u00e9 o maior evento de Qu\u00edmica Medicinal da Am\u00e9rica Latina, e acontece a cada dois anos. Conhe\u00e7a a programa\u00e7\u00e3o e inscreva-se em\u00a0 https:\/\/brazmedchem.org\/ .<\/p>\n\n\n\n<p>     Esperamos encontr\u00e1-los em breve, na 48\u00aa Reuni\u00e3o Anual da SBQ e no XII BrazMedChem.\u00a0<\/p>\n\n\n\n<p><\/p>\n\n\n\n<p><strong>Diretoria da Divis\u00e3o de Qu\u00edmica Medicinal (Gest\u00e3o 2024-2026)<\/strong><\/p>\n\n\n\n<p>Floriano P. da Silva Jr. (FIOCRUZ\/RJ) \u2013 Diretor<\/p>\n\n\n\n<p>Luis Octavio Regasini (UNESP) \u2013 Vice-diretor<\/p>\n\n\n\n<p>Rafaela Salgado Ferreira (UFMG) &#8211; Tesoureira<\/p>\n","protected":false},"excerpt":{"rendered":"<p>Caros Membros da Divis\u00e3o de Qu\u00edmica Medicinal, A participa\u00e7\u00e3o construtiva com os membros da nossa Divis\u00e3o \u00e9 de fundamental import\u00e2ncia no crescimento e consolida\u00e7\u00e3o de uma Divis\u00e3o cada vez melhor. Solicitamos sua contribui\u00e7\u00e3o encaminhando-nos not\u00edcias, eventos e o link de seu grupo ou laborat\u00f3rio de pesquisa para serem divulgados na nossa p\u00e1gina. Coment\u00e1rios e sugest\u00f5es [&hellip;]<\/p>\n","protected":false},"author":1,"featured_media":0,"parent":0,"menu_order":0,"comment_status":"closed","ping_status":"open","template":"","meta":{"footnotes":""},"_links":{"self":[{"href":"https:\/\/www.sbq.org.br\/medicinal\/wp-json\/wp\/v2\/pages\/2"}],"collection":[{"href":"https:\/\/www.sbq.org.br\/medicinal\/wp-json\/wp\/v2\/pages"}],"about":[{"href":"https:\/\/www.sbq.org.br\/medicinal\/wp-json\/wp\/v2\/types\/page"}],"author":[{"embeddable":true,"href":"https:\/\/www.sbq.org.br\/medicinal\/wp-json\/wp\/v2\/users\/1"}],"replies":[{"embeddable":true,"href":"https:\/\/www.sbq.org.br\/medicinal\/wp-json\/wp\/v2\/comments?post=2"}],"version-history":[{"count":6,"href":"https:\/\/www.sbq.org.br\/medicinal\/wp-json\/wp\/v2\/pages\/2\/revisions"}],"predecessor-version":[{"id":141,"href":"https:\/\/www.sbq.org.br\/medicinal\/wp-json\/wp\/v2\/pages\/2\/revisions\/141"}],"wp:attachment":[{"href":"https:\/\/www.sbq.org.br\/medicinal\/wp-json\/wp\/v2\/media?parent=2"}],"curies":[{"name":"wp","href":"https:\/\/api.w.org\/{rel}","templated":true}]}}