{"id":58,"date":"2024-01-18T14:54:51","date_gmt":"2024-01-18T17:54:51","guid":{"rendered":"https:\/\/www.sbq.org.br\/materiais\/?page_id=58"},"modified":"2024-01-18T14:54:51","modified_gmt":"2024-01-18T17:54:51","slug":"grupos-de-pesquisa","status":"publish","type":"page","link":"https:\/\/www.sbq.org.br\/materiais\/grupos-de-pesquisa\/","title":{"rendered":"Grupos de Pesquisa"},"content":{"rendered":"\n<div class=\"view view-links view-id-links view-display-id-page_1 view-dom-id-e8ff64dd13c8c6644851fea073ad59bc\">\n        \n  \n  \n      \n        <div class=\"views-row views-row-1 views-row-odd views-row-first\">\n     \n\t  <div class=\"views-field views-field-title\">\t    \t    <span class=\"field-content\"><a href=\"http:\/\/www.if.ufrgs.br\/fqsis\/\" target=\"_blank\" rel=\"noopener\">Fisico-Qu\u00edmica de Superf\u00edcies e Interfaces S\u00f3lidas &#8211; UFRGS<\/a><\/span>\t  <\/div>\n  <\/div>\n  <div class=\"views-row views-row-2 views-row-even\">\n     \n\t  <div class=\"views-field views-field-title\">\t    \t    <span class=\"field-content\"><a href=\"http:\/\/www.feevale.br\/hotsite\/default.asp?intMenu=3&amp;intIdHotSite=4&amp;intIdSecao=210&amp;intIdConteudo=19109\" target=\"_blank\" rel=\"noopener\">Grupo de Pesquisa em Materiais &#8211; FEEVALE<\/a><\/span>\t  <\/div>\n  <\/div>\n  <div class=\"views-row views-row-3 views-row-odd\">\n     \n\t  <div class=\"views-field views-field-title\">\t    \t    <span class=\"field-content\"><a href=\"http:\/\/www.quimica.ufpr.br\/gqm\/\" target=\"_blank\" rel=\"noopener\">Grupo de Qu\u00edmica de Materiais &#8211; UFPR<\/a><\/span>\t  <\/div>\n  <\/div>\n  <div class=\"views-row views-row-4 views-row-even\">\n     \n\t  <div class=\"views-field views-field-title\">\t    \t    <span class=\"field-content\"><a href=\"https:\/\/www.facebook.com\/pages\/Grupo-de-Qu%C3%ADmica-de-Materiais-UFPR\/679647708712760\" target=\"_blank\" rel=\"noopener\">Grupo de Qu\u00edmica de Materiais &#8211; GQM-UFPR &#8211; P\u00e1gina Facebook<\/a><\/span>\t  <\/div>\n  <\/div>\n  <div class=\"views-row views-row-5 views-row-odd\">\n     \n\t  <div class=\"views-field views-field-title\">\t    \t    <span class=\"field-content\"><a href=\"http:\/\/www.iq.usp.br\/docente\/lhc\" target=\"_blank\" rel=\"noopener\">Laborat\u00f3rio de Biomateriais Polim\u00e9ricos &#8211; USP<\/a><\/span>\t  <\/div>\n  <\/div>\n  <div class=\"views-row views-row-6 views-row-even\">\n     \n\t  <div class=\"views-field views-field-title\">\t    \t    <span class=\"field-content\"><a href=\"http:\/\/www.qui.ufmg.br\/~lampac\/\" target=\"_blank\" rel=\"noopener\">Laborat\u00f3rio de Materiais e Pilhas a Combust\u00edvel &#8211; UFMG<\/a><\/span>\t  <\/div>\n  <\/div>\n  <div class=\"views-row views-row-7 views-row-odd\">\n     \n\t  <div class=\"views-field views-field-title\">\t    \t    <span class=\"field-content\"><a href=\"http:\/\/dgp.cnpq.br\/buscaoperacional\/detalhegrupo.jsp?grupo=01921061AR3CKT\" target=\"_blank\" rel=\"noopener\">Laborat\u00f3rio de Micro- e Nanopart\u00edculas Aplicadas na Terap\u00eautica &#8211; UFRGS<\/a><\/span>\t  <\/div>\n  <\/div>\n  <div class=\"views-row views-row-8 views-row-even\">\n     \n\t  <div class=\"views-field views-field-title\">\t    \t    <span class=\"field-content\"><a href=\"http:\/\/lqes.iqm.unicamp.br\/\" target=\"_blank\" rel=\"noopener\">Laborat\u00f3rio de Qu\u00edmica do Estado S\u00f3lido &#8211; UNICAMP<\/a><\/span>\t  <\/div>\n  <\/div>\n  <div class=\"views-row views-row-9 views-row-odd\">\n     \n\t  <div class=\"views-field views-field-title\">\t    \t    <span class=\"field-content\"><a href=\"http:\/\/materiaispolimericos.qui.ufmg.br\/\" target=\"_blank\" rel=\"noopener\">Grupo de Materiais Polim\u00e9ricos &#8211; UFMG<\/a><\/span>\t  <\/div>\n  <\/div>\n  <div class=\"views-row views-row-10 views-row-even\">\n     \n\t  <div class=\"views-field views-field-title\">\t    \t    <span class=\"field-content\"><a href=\"http:\/\/dgp.cnpq.br\/dgp\/espelhogrupo\/8555005642063926\" target=\"_blank\" rel=\"noopener\">Grupo de Materiais Polim\u00e9ricos e Biossorventes &#8211; UFSCar-Araras<\/a><\/span>\t  <\/div>\n  <\/div>\n  <div class=\"views-row views-row-11 views-row-odd\">\n     \n\t  <div class=\"views-field views-field-title\">\t    \t    <span class=\"field-content\"><a href=\"https:\/\/plone.ufrgs.br\/fqsis\" target=\"_blank\" rel=\"noopener\">F\u00edsico-Qu\u00edmica de Superf\u00edcies e Interfaces S\u00f3lidas<\/a><\/span>\t  <\/div>\n  <\/div>\n  <div class=\"views-row views-row-12 views-row-even\">\n     \n\t  <div class=\"views-field views-field-title\">\t    \t    <span class=\"field-content\"><a href=\"http:\/\/dgp.cnpq.br\/dgp\/espelhorh\/0239752189917951\" target=\"_blank\" rel=\"noopener\">Grupo de Comp\u00f3sitos e Cer\u00e2micas Funcionais<\/a><\/span>\t  <\/div>\n  <\/div>\n  <div class=\"views-row views-row-13 views-row-odd\">\n     \n\t  <div class=\"views-field views-field-title\">\t    \t    <span class=\"field-content\"><a href=\"http:\/\/www.iqm.unicamp.br\/node\/5492\" target=\"_blank\" rel=\"noopener\">Grupo de Peneiras Moleculares Micro e Mesoporosas e Materiais Lamelares<\/a><\/span>\t  <\/div>\n  <\/div>\n  <div class=\"views-row views-row-14 views-row-even\">\n     \n\t  <div class=\"views-field views-field-title\">\t    \t    <span class=\"field-content\"><a href=\"http:\/\/www.ufsj.edu.br\/gpqm\" target=\"_blank\" rel=\"noopener\">Grupo de Pesquisa em Qu\u00edmica de Materiais &#8211; GPQM UFSJ<\/a><\/span>\t  <\/div>\n  <\/div>\n  <div class=\"views-row views-row-15 views-row-odd\">\n     \n\t  <div class=\"views-field views-field-title\">\t    \t    <span class=\"field-content\"><a href=\"http:\/\/www.gpfotoquimica.com\/\" target=\"_blank\" rel=\"noopener\">Grupo de Pesquisa em Fotoqu\u00edmica Org\u00e2nica Aplicada<\/a><\/span>\t  <\/div>\n  <\/div>\n  <div class=\"views-row views-row-16 views-row-even\">\n     \n\t  <div class=\"views-field views-field-title\">\t    \t    <span class=\"field-content\"><a href=\"http:\/\/sites.unicentro.br\/wp\/labmat\/\" target=\"_blank\" rel=\"noopener\">Laborat\u00f3rio de Materiais e Compostos Inorg\u00e2nicos da UNICENTRO em Guarapuava, PR.<\/a><\/span>\t  <\/div>\n  <\/div>\n  <div class=\"views-row views-row-17 views-row-odd\">\n     \n\t  <div class=\"views-field views-field-title\">\t    \t    <span class=\"field-content\"><a href=\"http:\/\/dgp.cnpq.br\/dgp\/espelhogrupo\/8962101741030152\" target=\"_blank\" rel=\"noopener\">Grupo de Pesquisa em Macromol\u00e9culas e Interfaces Departamento de Quimica &#8211; Universidade Federal do Paran\u00e1 &#8211; UFPR<\/a><\/span>\t  <\/div>\n  <\/div>\n  <div class=\"views-row views-row-18 views-row-even\">\n     \n\t  <div class=\"views-field views-field-title\">\t    \t    <span class=\"field-content\"><a href=\"http:\/\/gqmathi.iqsc.usp.br\/\" target=\"_blank\" rel=\"noopener\">Grupo de Qu\u00edmica de Materiais H\u00edbridos e Inorg\u00e2nicos<\/a><\/span>\t  <\/div>\n  <\/div>\n  <div class=\"views-row views-row-19 views-row-odd\">\n     \n\t  <div class=\"views-field views-field-title\">\t    \t    <span class=\"field-content\"><a href=\"http:\/\/www.uff.br\/magmol\" target=\"_blank\" rel=\"noopener\">Grupo de Magnetismo Molecular<\/a><\/span>\t  <\/div>\n  <\/div>\n  <div class=\"views-row views-row-20 views-row-even\">\n     \n\t  <div class=\"views-field views-field-title\">\t    \t    <span class=\"field-content\"><a href=\"http:\/\/materiaispolimericos.qui.ufmg.br\/\" target=\"_blank\" rel=\"noopener\">Grupo de Materiais Polim\u00e9ricos<\/a><\/span>\t  <\/div>\n  <\/div>\n  <div class=\"views-row views-row-21 views-row-odd\">\n     \n\t  <div class=\"views-field views-field-title\">\t    \t    <span class=\"field-content\"><a href=\"http:\/\/cepesq.wordpress.com\/\" target=\"_blank\" rel=\"noopener\"> Laborat\u00f3rio de Qu\u00edmica de Materiais Avan\u00e7ados &#8211; LAQMA<\/a><\/span>\t  <\/div>\n  <\/div>\n  <div class=\"views-row views-row-22 views-row-even\">\n     \n\t  <div class=\"views-field views-field-title\">\t    \t    <span class=\"field-content\"><a href=\"https:\/\/sites.google.com\/site\/lemansuff\/home\" target=\"_blank\" rel=\"noopener\">Grupo de Eletroqu\u00edmica e Eletroanal\u00edtica -G2E<\/a><\/span>\t  <\/div>\n  <\/div>\n  <div class=\"views-row views-row-23 views-row-odd\">\n     \n\t  <div class=\"views-field views-field-title\">\t    \t    <span class=\"field-content\"><a href=\"https:\/\/www.lmim.org\/\" target=\"_blank\" rel=\"noopener\">Laborat\u00f3rio de Materiais e Interfaces Moleculares LMIM<\/a><\/span>\t  <\/div>\n  <\/div>\n  <div class=\"views-row views-row-24 views-row-even views-row-last\">\n     \n\t  <div class=\"views-field views-field-title\">\t    \t    <span class=\"field-content\"><a href=\"http:\/\/wendel.ufabc.edu.br\/\" target=\"_blank\" rel=\"noopener\">Laborat\u00f3rio de Eletroqu\u00edmica e Materiais Nanoestruturados<\/a><\/span>\t  <\/div>\n  <\/div>\n    \n    \n  \n  \n  \n  \n  \n  \n<\/div>\n","protected":false},"excerpt":{"rendered":"<p>Fisico-Qu\u00edmica de Superf\u00edcies e Interfaces S\u00f3lidas &#8211; UFRGS Grupo de Pesquisa em Materiais &#8211; FEEVALE Grupo de Qu\u00edmica de Materiais &#8211; UFPR Grupo de Qu\u00edmica de Materiais &#8211; GQM-UFPR &#8211; P\u00e1gina Facebook Laborat\u00f3rio de Biomateriais Polim\u00e9ricos &#8211; USP Laborat\u00f3rio de Materiais e Pilhas a Combust\u00edvel &#8211; UFMG Laborat\u00f3rio de Micro- e Nanopart\u00edculas Aplicadas na Terap\u00eautica [&hellip;]<\/p>\n","protected":false},"author":1,"featured_media":0,"parent":0,"menu_order":0,"comment_status":"closed","ping_status":"closed","template":"","meta":{"footnotes":""},"_links":{"self":[{"href":"https:\/\/www.sbq.org.br\/materiais\/wp-json\/wp\/v2\/pages\/58"}],"collection":[{"href":"https:\/\/www.sbq.org.br\/materiais\/wp-json\/wp\/v2\/pages"}],"about":[{"href":"https:\/\/www.sbq.org.br\/materiais\/wp-json\/wp\/v2\/types\/page"}],"author":[{"embeddable":true,"href":"https:\/\/www.sbq.org.br\/materiais\/wp-json\/wp\/v2\/users\/1"}],"replies":[{"embeddable":true,"href":"https:\/\/www.sbq.org.br\/materiais\/wp-json\/wp\/v2\/comments?post=58"}],"version-history":[{"count":1,"href":"https:\/\/www.sbq.org.br\/materiais\/wp-json\/wp\/v2\/pages\/58\/revisions"}],"predecessor-version":[{"id":59,"href":"https:\/\/www.sbq.org.br\/materiais\/wp-json\/wp\/v2\/pages\/58\/revisions\/59"}],"wp:attachment":[{"href":"https:\/\/www.sbq.org.br\/materiais\/wp-json\/wp\/v2\/media?parent=58"}],"curies":[{"name":"wp","href":"https:\/\/api.w.org\/{rel}","templated":true}]}}