{"id":31,"date":"2024-01-19T10:38:28","date_gmt":"2024-01-19T13:38:28","guid":{"rendered":"https:\/\/www.sbq.org.br\/interiorpaulista\/?page_id=31"},"modified":"2024-01-19T10:43:49","modified_gmt":"2024-01-19T13:43:49","slug":"diretoria","status":"publish","type":"page","link":"https:\/\/www.sbq.org.br\/interiorpaulista\/sobre-a-secretaria-regional-de-interior-paulista-waldemar-saffioti\/diretoria\/","title":{"rendered":"Diretoria"},"content":{"rendered":"\n<div class=\"wp-block-group is-nowrap is-layout-flex wp-container-core-group-layout-2 wp-block-group-is-layout-flex\">\n<figure class=\"wp-block-image size-full\"><img loading=\"lazy\" decoding=\"async\" width=\"64\" height=\"64\" src=\"http:\/\/www.sbq.org.br\/interiorpaulista\/wp-content\/uploads\/sites\/23\/2024\/01\/roberto-berlinck2020.png\" alt=\"\" class=\"wp-image-42\"\/><\/figure>\n\n\n\n<div class=\"wp-block-group is-vertical is-layout-flex wp-container-core-group-layout-1 wp-block-group-is-layout-flex\">\n<p class=\"is-layout-flow wp-block-paragraph-is-layout-flow\">Roberto G. S. Berlinck<\/p>\n\n\n\n<p>Secret\u00e1rio<\/p>\n\n\n\n<p>IQSC-USP<\/p>\n<\/div>\n<\/div>\n\n\n\n<div class=\"wp-block-group is-nowrap is-layout-flex wp-container-core-group-layout-4 wp-block-group-is-layout-flex\">\n<figure class=\"wp-block-image size-full\"><img loading=\"lazy\" decoding=\"async\" width=\"64\" height=\"64\" src=\"http:\/\/www.sbq.org.br\/interiorpaulista\/wp-content\/uploads\/sites\/23\/2024\/01\/carmen.cardoso2020.png\" alt=\"\" class=\"wp-image-43\"\/><\/figure>\n\n\n\n<div class=\"wp-block-group is-vertical is-layout-flex wp-container-core-group-layout-3 wp-block-group-is-layout-flex\">\n<p class=\"is-layout-flow wp-block-paragraph-is-layout-flow\">Carmen Lucia Cardoso<\/p>\n\n\n\n<p class=\"is-layout-flow wp-block-paragraph-is-layout-flow\">Vice-Secret\u00e1ria<\/p>\n\n\n\n<p class=\"is-layout-flow wp-block-paragraph-is-layout-flow\">FFCLRP-USP<\/p>\n<\/div>\n<\/div>\n\n\n\n<div class=\"wp-block-group is-nowrap is-layout-flex wp-container-core-group-layout-6 wp-block-group-is-layout-flex\">\n<figure class=\"wp-block-image size-full\"><img loading=\"lazy\" decoding=\"async\" width=\"64\" height=\"64\" src=\"http:\/\/www.sbq.org.br\/interiorpaulista\/wp-content\/uploads\/sites\/23\/2024\/01\/fabiola-pereira2020.png\" alt=\"\" class=\"wp-image-44\"\/><\/figure>\n\n\n\n<div class=\"wp-block-group is-vertical is-layout-flex wp-container-core-group-layout-5 wp-block-group-is-layout-flex\">\n<p class=\"is-layout-flow wp-block-paragraph-is-layout-flow\">Fab\u00edola Manhas Verbi Pereira<\/p>\n\n\n\n<p class=\"wp-container-content-1\">Tesoureira<\/p>\n\n\n\n<p class=\"is-layout-flow wp-block-paragraph-is-layout-flow\">IQAr-UNESP<\/p>\n<\/div>\n<\/div>\n","protected":false},"excerpt":{"rendered":"<p>Roberto G. S. Berlinck Secret\u00e1rio IQSC-USP Carmen Lucia Cardoso Vice-Secret\u00e1ria FFCLRP-USP Fab\u00edola Manhas Verbi Pereira Tesoureira IQAr-UNESP<\/p>\n","protected":false},"author":1,"featured_media":0,"parent":3,"menu_order":0,"comment_status":"closed","ping_status":"closed","template":"institucional","meta":{"footnotes":""},"_links":{"self":[{"href":"https:\/\/www.sbq.org.br\/interiorpaulista\/wp-json\/wp\/v2\/pages\/31"}],"collection":[{"href":"https:\/\/www.sbq.org.br\/interiorpaulista\/wp-json\/wp\/v2\/pages"}],"about":[{"href":"https:\/\/www.sbq.org.br\/interiorpaulista\/wp-json\/wp\/v2\/types\/page"}],"author":[{"embeddable":true,"href":"https:\/\/www.sbq.org.br\/interiorpaulista\/wp-json\/wp\/v2\/users\/1"}],"replies":[{"embeddable":true,"href":"https:\/\/www.sbq.org.br\/interiorpaulista\/wp-json\/wp\/v2\/comments?post=31"}],"version-history":[{"count":3,"href":"https:\/\/www.sbq.org.br\/interiorpaulista\/wp-json\/wp\/v2\/pages\/31\/revisions"}],"predecessor-version":[{"id":46,"href":"https:\/\/www.sbq.org.br\/interiorpaulista\/wp-json\/wp\/v2\/pages\/31\/revisions\/46"}],"up":[{"embeddable":true,"href":"https:\/\/www.sbq.org.br\/interiorpaulista\/wp-json\/wp\/v2\/pages\/3"}],"wp:attachment":[{"href":"https:\/\/www.sbq.org.br\/interiorpaulista\/wp-json\/wp\/v2\/media?parent=31"}],"curies":[{"name":"wp","href":"https:\/\/api.w.org\/{rel}","templated":true}]}}