{"id":3,"date":"2014-09-26T21:09:51","date_gmt":"2014-09-27T00:09:51","guid":{"rendered":"https:\/\/www.sbq.org.br\/regional_goias\/sobre-a-secretaria-regional-de-goias\/"},"modified":"2024-01-19T10:34:52","modified_gmt":"2024-01-19T13:34:52","slug":"sobre-a-secretaria-regional-de-goias","status":"publish","type":"page","link":"https:\/\/www.sbq.org.br\/goias\/sobre-a-secretaria-regional-de-goias\/","title":{"rendered":"Sobre a Secretaria Regional de Goi\u00e1s"},"content":{"rendered":"<p>Contato:<\/p>\n<p><strong>Secretaria Regional de Goi\u00e1s (2022-2024)<\/strong><\/p>\n<p><strong>A\/C. Secret\u00e1rio: Prof. Dr. Luciano Morais Li\u00e3o&nbsp;<\/strong><br \/>Instituto de Qu\u00edmica<br \/>Universidade Federal de Goi\u00e1s<br \/>CEP: 74690-900 Campus Samambaia<br \/>Fone: (62) 3521-1016 ramal 205<br \/>Email: lucianoliao@ufg.br<\/p>\n<p><strong>Vice-Secret\u00e1ria<\/strong><br \/>Profa. Dra. Vanessa Nunes Alves<\/p>\n<p>Universidade Federal de Catal\u00e3o<\/p>\n<p>Email: vanessa.nunes@ufcat.edu.br<\/p>\n<p><strong>Tesoureiro<\/strong><\/p>\n<h5 style=\"margin-top: 0px; font-family: Verdana, Arial, Helvetica, sans-serif; line-height: 20px; color: rgb(51, 51, 51); text-rendering: optimizelegibility; font-size: 11px;\"><span style=\"color: rgb(0, 0, 0); font-family: &quot;Lucida Grande&quot;, &quot;Lucida Sans Unicode&quot;, sans-serif; font-size: 13.008px; font-weight: normal;\">Prof. Dr. Fl\u00e1vio Colmati J\u00fanior<\/span><\/h5>\n<p>Universidade Federal de Goi\u00e1s<\/p>\n<p>colmati@ufg.br<\/p>\n","protected":false},"excerpt":{"rendered":"<p>Contato: Secretaria Regional de Goi\u00e1s (2022-2024) A\/C. Secret\u00e1rio: Prof. Dr. Luciano Morais Li\u00e3o&nbsp;Instituto de Qu\u00edmicaUniversidade Federal de Goi\u00e1sCEP: 74690-900 Campus SamambaiaFone: (62) 3521-1016 ramal 205Email: lucianoliao@ufg.br Vice-Secret\u00e1riaProfa. Dra. Vanessa Nunes Alves Universidade Federal de Catal\u00e3o Email: vanessa.nunes@ufcat.edu.br Tesoureiro Prof. Dr. Fl\u00e1vio Colmati J\u00fanior Universidade Federal de Goi\u00e1s colmati@ufg.br<\/p>\n","protected":false},"author":1,"featured_media":0,"parent":0,"menu_order":0,"comment_status":"closed","ping_status":"closed","template":"institucional","meta":{"footnotes":""},"_links":{"self":[{"href":"https:\/\/www.sbq.org.br\/goias\/wp-json\/wp\/v2\/pages\/3"}],"collection":[{"href":"https:\/\/www.sbq.org.br\/goias\/wp-json\/wp\/v2\/pages"}],"about":[{"href":"https:\/\/www.sbq.org.br\/goias\/wp-json\/wp\/v2\/types\/page"}],"author":[{"embeddable":true,"href":"https:\/\/www.sbq.org.br\/goias\/wp-json\/wp\/v2\/users\/1"}],"replies":[{"embeddable":true,"href":"https:\/\/www.sbq.org.br\/goias\/wp-json\/wp\/v2\/comments?post=3"}],"version-history":[{"count":2,"href":"https:\/\/www.sbq.org.br\/goias\/wp-json\/wp\/v2\/pages\/3\/revisions"}],"predecessor-version":[{"id":42,"href":"https:\/\/www.sbq.org.br\/goias\/wp-json\/wp\/v2\/pages\/3\/revisions\/42"}],"wp:attachment":[{"href":"https:\/\/www.sbq.org.br\/goias\/wp-json\/wp\/v2\/media?parent=3"}],"curies":[{"name":"wp","href":"https:\/\/api.w.org\/{rel}","templated":true}]}}