{"id":24,"date":"2024-01-19T10:23:33","date_gmt":"2024-01-19T13:23:33","guid":{"rendered":"https:\/\/www.sbq.org.br\/goias\/?page_id=24"},"modified":"2024-01-19T10:35:07","modified_gmt":"2024-01-19T13:35:07","slug":"diretoria","status":"publish","type":"page","link":"https:\/\/www.sbq.org.br\/goias\/sobre-a-secretaria-regional-de-goias\/diretoria\/","title":{"rendered":"Diretoria"},"content":{"rendered":"\n<div class=\"wp-block-group is-nowrap is-layout-flex wp-container-core-group-layout-2 wp-block-group-is-layout-flex\">\n<figure class=\"wp-block-image size-full\"><img loading=\"lazy\" decoding=\"async\" width=\"64\" height=\"64\" src=\"http:\/\/www.sbq.org.br\/goias\/wp-content\/uploads\/sites\/22\/2024\/01\/andrea-chaves.png\" alt=\"\" class=\"wp-image-34\"\/><\/figure>\n\n\n\n<div class=\"wp-block-group is-vertical is-layout-flex wp-container-core-group-layout-1 wp-block-group-is-layout-flex\">\n<p class=\"is-layout-flow wp-block-paragraph-is-layout-flow\">Andr\u00e9a Rodrigues Chaves<\/p>\n\n\n\n<p>Secret\u00e1ria<\/p>\n\n\n\n<p>UFG<\/p>\n<\/div>\n<\/div>\n\n\n\n<div class=\"wp-block-group is-nowrap is-layout-flex wp-container-core-group-layout-4 wp-block-group-is-layout-flex\">\n<figure class=\"wp-block-image size-full\"><img loading=\"lazy\" decoding=\"async\" width=\"64\" height=\"64\" src=\"http:\/\/www.sbq.org.br\/goias\/wp-content\/uploads\/sites\/22\/2024\/01\/danielle-gomes.png\" alt=\"\" class=\"wp-image-36\"\/><\/figure>\n\n\n\n<div class=\"wp-block-group is-vertical is-layout-flex wp-container-core-group-layout-3 wp-block-group-is-layout-flex\">\n<p class=\"is-layout-flow wp-block-paragraph-is-layout-flow\">Danielle Cangussu de C. Gomes<\/p>\n\n\n\n<p class=\"is-layout-flow wp-block-paragraph-is-layout-flow\">Vice-Secret\u00e1ria<\/p>\n\n\n\n<p class=\"is-layout-flow wp-block-paragraph-is-layout-flow\">UFG<\/p>\n<\/div>\n<\/div>\n\n\n\n<div class=\"wp-block-group is-nowrap is-layout-flex wp-container-core-group-layout-6 wp-block-group-is-layout-flex\">\n<figure class=\"wp-block-image size-full\"><img loading=\"lazy\" decoding=\"async\" width=\"64\" height=\"64\" src=\"http:\/\/www.sbq.org.br\/goias\/wp-content\/uploads\/sites\/22\/2024\/01\/emilia-lima.png\" alt=\"\" class=\"wp-image-35\"\/><\/figure>\n\n\n\n<div class=\"wp-block-group is-vertical is-layout-flex wp-container-core-group-layout-5 wp-block-group-is-layout-flex\">\n<p class=\"is-layout-flow wp-block-paragraph-is-layout-flow\">Em\u00edlia Celma de Oliveira Lima<\/p>\n\n\n\n<p class=\"wp-container-content-1\">Tesoureira<\/p>\n\n\n\n<p class=\"is-layout-flow wp-block-paragraph-is-layout-flow\">UUFGSP<\/p>\n<\/div>\n<\/div>\n","protected":false},"excerpt":{"rendered":"<p>Andr\u00e9a Rodrigues Chaves Secret\u00e1ria UFG Danielle Cangussu de C. Gomes Vice-Secret\u00e1ria UFG Em\u00edlia Celma de Oliveira Lima Tesoureira UUFGSP<\/p>\n","protected":false},"author":1,"featured_media":0,"parent":3,"menu_order":0,"comment_status":"closed","ping_status":"closed","template":"institucional","meta":{"footnotes":""},"_links":{"self":[{"href":"https:\/\/www.sbq.org.br\/goias\/wp-json\/wp\/v2\/pages\/24"}],"collection":[{"href":"https:\/\/www.sbq.org.br\/goias\/wp-json\/wp\/v2\/pages"}],"about":[{"href":"https:\/\/www.sbq.org.br\/goias\/wp-json\/wp\/v2\/types\/page"}],"author":[{"embeddable":true,"href":"https:\/\/www.sbq.org.br\/goias\/wp-json\/wp\/v2\/users\/1"}],"replies":[{"embeddable":true,"href":"https:\/\/www.sbq.org.br\/goias\/wp-json\/wp\/v2\/comments?post=24"}],"version-history":[{"count":3,"href":"https:\/\/www.sbq.org.br\/goias\/wp-json\/wp\/v2\/pages\/24\/revisions"}],"predecessor-version":[{"id":37,"href":"https:\/\/www.sbq.org.br\/goias\/wp-json\/wp\/v2\/pages\/24\/revisions\/37"}],"up":[{"embeddable":true,"href":"https:\/\/www.sbq.org.br\/goias\/wp-json\/wp\/v2\/pages\/3"}],"wp:attachment":[{"href":"https:\/\/www.sbq.org.br\/goias\/wp-json\/wp\/v2\/media?parent=24"}],"curies":[{"name":"wp","href":"https:\/\/api.w.org\/{rel}","templated":true}]}}