{"id":79,"date":"2024-05-17T14:57:06","date_gmt":"2024-05-17T17:57:06","guid":{"rendered":"http:\/\/www2.sbq.org.br\/fotoquimica\/?page_id=79"},"modified":"2026-08-06T15:00:37","modified_gmt":"2026-08-06T18:00:37","slug":"sobre-a-divisao-de-fotoquimica","status":"publish","type":"page","link":"https:\/\/www.sbq.org.br\/fotoquimica\/sobre-a-divisao-de-fotoquimica\/","title":{"rendered":"Sobre a Divis\u00e3o de Fotoqu\u00edmica"},"content":{"rendered":"\n<p><strong>Prezados(as),<\/strong><\/p>\n\n\n\n<p>Sejam bem-vindos(as) ao site da <strong>Divis\u00e3o de Fotoqu\u00edmica da Sociedade Brasileira de Qu\u00edmica (SBQ)<\/strong>.<\/p>\n\n\n\n<p>Este espa\u00e7o tem como objetivo divulgar not\u00edcias acad\u00eamicas e cient\u00edficas, eventos, workshops, escolas, reuni\u00f5es cient\u00edficas, oportunidades de bolsas, vagas e demais informa\u00e7\u00f5es de interesse da comunidade de Fotoqu\u00edmica.<\/p>\n\n\n\n<p>Convidamos todos a acompanharem nossas atividades e a contribu\u00edrem com sugest\u00f5es, not\u00edcias e oportunidades que possam fortalecer e integrar a nossa \u00e1rea.<\/p>\n\n\n\n<p>A participa\u00e7\u00e3o da comunidade \u00e9 fundamental para manter este espa\u00e7o sempre atualizado e representativo.<\/p>\n\n\n\n<p>Sejam todos muito bem-vindos!<\/p>\n\n\n\n<p><strong>Profa. Dra. Beatriz Eleut\u00e9rio Goi<\/strong><br><strong>Diretora \u2013 Divis\u00e3o de Fotoqu\u00edmica da SBQ (2026\u20132028)<\/strong><\/p>\n\n\n\n<p><strong>Prof. Dr. Hueder Paulo Mois\u00e9s de Oliveira<\/strong><br><strong>Vice-Diretor \u2013 Divis\u00e3o de Fotoqu\u00edmica da SBQ (2026\u20132028)<\/strong><\/p>\n","protected":false},"excerpt":{"rendered":"<p>Prezados(as), Sejam bem-vindos(as) ao site da Divis\u00e3o de Fotoqu\u00edmica da Sociedade Brasileira de Qu\u00edmica (SBQ). Este espa\u00e7o tem como objetivo divulgar not\u00edcias acad\u00eamicas e cient\u00edficas, eventos, workshops, escolas, reuni\u00f5es cient\u00edficas, oportunidades de bolsas, vagas e demais informa\u00e7\u00f5es de interesse da comunidade de Fotoqu\u00edmica. Convidamos todos a acompanharem nossas atividades e a contribu\u00edrem com sugest\u00f5es, not\u00edcias [&hellip;]<\/p>\n","protected":false},"author":1,"featured_media":0,"parent":0,"menu_order":0,"comment_status":"closed","ping_status":"closed","template":"wp-custom-template-institucional","meta":{"footnotes":""},"_links":{"self":[{"href":"https:\/\/www.sbq.org.br\/fotoquimica\/wp-json\/wp\/v2\/pages\/79"}],"collection":[{"href":"https:\/\/www.sbq.org.br\/fotoquimica\/wp-json\/wp\/v2\/pages"}],"about":[{"href":"https:\/\/www.sbq.org.br\/fotoquimica\/wp-json\/wp\/v2\/types\/page"}],"author":[{"embeddable":true,"href":"https:\/\/www.sbq.org.br\/fotoquimica\/wp-json\/wp\/v2\/users\/1"}],"replies":[{"embeddable":true,"href":"https:\/\/www.sbq.org.br\/fotoquimica\/wp-json\/wp\/v2\/comments?post=79"}],"version-history":[{"count":3,"href":"https:\/\/www.sbq.org.br\/fotoquimica\/wp-json\/wp\/v2\/pages\/79\/revisions"}],"predecessor-version":[{"id":126,"href":"https:\/\/www.sbq.org.br\/fotoquimica\/wp-json\/wp\/v2\/pages\/79\/revisions\/126"}],"wp:attachment":[{"href":"https:\/\/www.sbq.org.br\/fotoquimica\/wp-json\/wp\/v2\/media?parent=79"}],"curies":[{"name":"wp","href":"https:\/\/api.w.org\/{rel}","templated":true}]}}

Sobre a Divisão de Fotoquímica

<p><strong>Prezados(as),</strong></p>



<p>Sejam bem-vindos(as) ao site da <strong>Divisão de Fotoquímica da Sociedade Brasileira de Química (SBQ)</strong>.</p>



<p>Este espaço tem como objetivo divulgar notícias acadêmicas e científicas, eventos, workshops, escolas, reuniões científicas, oportunidades de bolsas, vagas e demais informações de interesse da comunidade de Fotoquímica.</p>



<p>Convidamos todos a acompanharem nossas atividades e a contribuírem com sugestões, notícias e oportunidades que possam fortalecer e integrar a nossa área.</p>



<p>A participação da comunidade é fundamental para manter este espaço sempre atualizado e representativo.</p>



<p>Sejam todos muito bem-vindos!</p>



<p><strong>Profa. Dra. Beatriz Eleutério Goi</strong><br><strong>Diretora – Divisão de Fotoquímica da SBQ (2026–2028)</strong></p>



<p><strong>Prof. Dr. Hueder Paulo Moisés de Oliveira</strong><br><strong>Vice-Diretor – Divisão de Fotoquímica da SBQ (2026–2028)</strong></p>

<p>Prezados(as), Sejam bem-vindos(as) ao site da Divisão de Fotoquímica da Sociedade Brasileira de Química (SBQ). Este espaço tem como objetivo divulgar notícias acadêmicas e científicas, eventos, workshops, escolas, reuniões científicas, oportunidades de bolsas, vagas e demais informações de interesse da comunidade de Fotoquímica. Convidamos todos a acompanharem nossas atividades e a contribuírem com sugestões, notícias [&hellip;]</p>
