{"id":79,"date":"2024-05-17T14:57:06","date_gmt":"2024-05-17T17:57:06","guid":{"rendered":"http:\/\/www2.sbq.org.br\/fotoquimica\/?page_id=79"},"modified":"2025-01-28T23:26:14","modified_gmt":"2025-01-29T02:26:14","slug":"sobre-a-divisao-de-fotoquimica","status":"publish","type":"page","link":"https:\/\/www.sbq.org.br\/fotoquimica\/sobre-a-divisao-de-fotoquimica\/","title":{"rendered":"Sobre a Divis\u00e3o de Fotoqu\u00edmica"},"content":{"rendered":"\n<p>Prezados(as) amigos(as),<\/p>\n\n\n\n<p>A diretoria da divis\u00e3o de Fotoqu\u00edmica de 2024-2026 convida voc\u00eas para participar deste site, com not\u00edcias acad\u00eamico\/cient\u00edficas, divulga\u00e7\u00e3o de workshops e reuni\u00f5es cient\u00edficas e possibilidade de bolsas e empregos.<\/p>\n\n\n\n<p>Cr\u00edticas e sugest\u00f5es s\u00e3o bem-vindas!<\/p>\n\n\n\n<p>Hueder Paulo Mois\u00e9s de Oliveira (Diretor)<\/p>\n\n\n\n<p>Beatriz Eleut\u00e9rio Goi (Vice-Diretora)<\/p>\n","protected":false},"excerpt":{"rendered":"<p>Prezados(as) amigos(as), A diretoria da divis\u00e3o de Fotoqu\u00edmica de 2024-2026 convida voc\u00eas para participar deste site, com not\u00edcias acad\u00eamico\/cient\u00edficas, divulga\u00e7\u00e3o de workshops e reuni\u00f5es cient\u00edficas e possibilidade de bolsas e empregos. Cr\u00edticas e sugest\u00f5es s\u00e3o bem-vindas! Hueder Paulo Mois\u00e9s de Oliveira (Diretor) Beatriz Eleut\u00e9rio Goi (Vice-Diretora)<\/p>\n","protected":false},"author":1,"featured_media":0,"parent":0,"menu_order":0,"comment_status":"closed","ping_status":"closed","template":"wp-custom-template-institucional","meta":{"footnotes":""},"_links":{"self":[{"href":"https:\/\/www.sbq.org.br\/fotoquimica\/wp-json\/wp\/v2\/pages\/79"}],"collection":[{"href":"https:\/\/www.sbq.org.br\/fotoquimica\/wp-json\/wp\/v2\/pages"}],"about":[{"href":"https:\/\/www.sbq.org.br\/fotoquimica\/wp-json\/wp\/v2\/types\/page"}],"author":[{"embeddable":true,"href":"https:\/\/www.sbq.org.br\/fotoquimica\/wp-json\/wp\/v2\/users\/1"}],"replies":[{"embeddable":true,"href":"https:\/\/www.sbq.org.br\/fotoquimica\/wp-json\/wp\/v2\/comments?post=79"}],"version-history":[{"count":2,"href":"https:\/\/www.sbq.org.br\/fotoquimica\/wp-json\/wp\/v2\/pages\/79\/revisions"}],"predecessor-version":[{"id":111,"href":"https:\/\/www.sbq.org.br\/fotoquimica\/wp-json\/wp\/v2\/pages\/79\/revisions\/111"}],"wp:attachment":[{"href":"https:\/\/www.sbq.org.br\/fotoquimica\/wp-json\/wp\/v2\/media?parent=79"}],"curies":[{"name":"wp","href":"https:\/\/api.w.org\/{rel}","templated":true}]}}