{"id":2,"date":"2023-12-13T17:30:35","date_gmt":"2023-12-13T20:30:35","guid":{"rendered":"https:\/\/www.sbq.org.br\/divisao_fotoquimica\/?page_id=2"},"modified":"2026-07-30T10:08:10","modified_gmt":"2026-07-30T13:08:10","slug":"pagina-exemplo","status":"publish","type":"page","link":"https:\/\/www.sbq.org.br\/fotoquimica\/","title":{"rendered":"Seja bem-vindo \u00e0 Divis\u00e3o de Fotoqu\u00edmica da SBQ"},"content":{"rendered":"\n<p class=\"has-text-align-left\">A Divis\u00e3o de Fotoqu\u00edmica da Sociedade Brasileira de Qu\u00edmica re\u00fane pesquisadores, docentes, estudantes e profissionais interessados em compreender como a luz interage com a mat\u00e9ria e como essas intera\u00e7\u00f5es podem ser aplicadas para solucionar desafios cient\u00edficos e tecnol\u00f3gicos. Atuando em \u00e1reas que v\u00e3o desde a fotocat\u00e1lise e a fotopolimeriza\u00e7\u00e3o at\u00e9 a fotomedicina, os materiais funcionais, a convers\u00e3o de energia solar e os processos sustent\u00e1veis, a Divis\u00e3o promove a integra\u00e7\u00e3o da comunidade brasileira de Fotoqu\u00edmica, incentiva a forma\u00e7\u00e3o de novos pesquisadores e fortalece a colabora\u00e7\u00e3o entre grupos de pesquisa de todo o pa\u00eds.<\/p>\n\n\n\n<p>Nossa miss\u00e3o \u00e9 estimular a excel\u00eancia cient\u00edfica, divulgar os avan\u00e7os da Fotoqu\u00edmica brasileira, promover eventos e a\u00e7\u00f5es de divulga\u00e7\u00e3o cient\u00edfica e aproximar a comunidade acad\u00eamica da sociedade, evidenciando o papel da luz na constru\u00e7\u00e3o de um futuro mais inovador e sustent\u00e1vel.<\/p>\n\n\n\n<h3 class=\"wp-block-heading\"><strong>Acompanhe a Divis\u00e3o de Fotoqu\u00edmica<\/strong><\/h3>\n\n\n\n<p>Fique por dentro das novidades, eventos, oportunidades, curiosidades e a\u00e7\u00f5es de divulga\u00e7\u00e3o cient\u00edfica da Divis\u00e3o de Fotoqu\u00edmica.<\/p>\n\n\n\n<p>\ud83d\udcf7 <strong>Instagram:<\/strong> <strong>@fot.sbq<\/strong><\/p>\n\n\n\n<p>Conhe\u00e7a tamb\u00e9m as s\u00e9ries <strong>#Fotoqu\u00edmicaExplica<\/strong> e <strong>#Fotoqu\u00edmicaPeloBrasil<\/strong>, que apresentam conceitos, aplica\u00e7\u00f5es e os grupos de pesquisa que impulsionam a Fotoqu\u00edmica em todo o pa\u00eds.<\/p>\n\n\n\n<p><\/p>\n\n\n\n<p><\/p>\n","protected":false},"excerpt":{"rendered":"<p>A Divis\u00e3o de Fotoqu\u00edmica da Sociedade Brasileira de Qu\u00edmica re\u00fane pesquisadores, docentes, estudantes e profissionais interessados em compreender como a luz interage com a mat\u00e9ria e como essas intera\u00e7\u00f5es podem ser aplicadas para solucionar desafios cient\u00edficos e tecnol\u00f3gicos. Atuando em \u00e1reas que v\u00e3o desde a fotocat\u00e1lise e a fotopolimeriza\u00e7\u00e3o at\u00e9 a fotomedicina, os materiais funcionais, [&hellip;]<\/p>\n","protected":false},"author":1,"featured_media":0,"parent":0,"menu_order":0,"comment_status":"closed","ping_status":"open","template":"page-notitle","meta":{"footnotes":""},"_links":{"self":[{"href":"https:\/\/www.sbq.org.br\/fotoquimica\/wp-json\/wp\/v2\/pages\/2"}],"collection":[{"href":"https:\/\/www.sbq.org.br\/fotoquimica\/wp-json\/wp\/v2\/pages"}],"about":[{"href":"https:\/\/www.sbq.org.br\/fotoquimica\/wp-json\/wp\/v2\/types\/page"}],"author":[{"embeddable":true,"href":"https:\/\/www.sbq.org.br\/fotoquimica\/wp-json\/wp\/v2\/users\/1"}],"replies":[{"embeddable":true,"href":"https:\/\/www.sbq.org.br\/fotoquimica\/wp-json\/wp\/v2\/comments?post=2"}],"version-history":[{"count":5,"href":"https:\/\/www.sbq.org.br\/fotoquimica\/wp-json\/wp\/v2\/pages\/2\/revisions"}],"predecessor-version":[{"id":124,"href":"https:\/\/www.sbq.org.br\/fotoquimica\/wp-json\/wp\/v2\/pages\/2\/revisions\/124"}],"wp:attachment":[{"href":"https:\/\/www.sbq.org.br\/fotoquimica\/wp-json\/wp\/v2\/media?parent=2"}],"curies":[{"name":"wp","href":"https:\/\/api.w.org\/{rel}","templated":true}]}}

Seja bem-vindo à Divisão de Fotoquímica da SBQ

<p class="has-text-align-left">A Divisão de Fotoquímica da Sociedade Brasileira de Química reúne pesquisadores, docentes, estudantes e profissionais interessados em compreender como a luz interage com a matéria e como essas interações podem ser aplicadas para solucionar desafios científicos e tecnológicos. Atuando em áreas que vão desde a fotocatálise e a fotopolimerização até a fotomedicina, os materiais funcionais, a conversão de energia solar e os processos sustentáveis, a Divisão promove a integração da comunidade brasileira de Fotoquímica, incentiva a formação de novos pesquisadores e fortalece a colaboração entre grupos de pesquisa de todo o país.</p>



<p>Nossa missão é estimular a excelência científica, divulgar os avanços da Fotoquímica brasileira, promover eventos e ações de divulgação científica e aproximar a comunidade acadêmica da sociedade, evidenciando o papel da luz na construção de um futuro mais inovador e sustentável.</p>



<h3 class="wp-block-heading"><strong>Acompanhe a Divisão de Fotoquímica</strong></h3>



<p>Fique por dentro das novidades, eventos, oportunidades, curiosidades e ações de divulgação científica da Divisão de Fotoquímica.</p>



<p>📷 <strong>Instagram:</strong> <strong>@fot.sbq</strong></p>



<p>Conheça também as séries <strong>#FotoquímicaExplica</strong> e <strong>#FotoquímicaPeloBrasil</strong>, que apresentam conceitos, aplicações e os grupos de pesquisa que impulsionam a Fotoquímica em todo o país.</p>



<p></p>



<p></p>

<p>A Divisão de Fotoquímica da Sociedade Brasileira de Química reúne pesquisadores, docentes, estudantes e profissionais interessados em compreender como a luz interage com a matéria e como essas interações podem ser aplicadas para solucionar desafios científicos e tecnológicos. Atuando em áreas que vão desde a fotocatálise e a fotopolimerização até a fotomedicina, os materiais funcionais, [&hellip;]</p>
