{"id":43,"date":"2024-01-19T10:12:27","date_gmt":"2024-01-19T13:12:27","guid":{"rendered":"https:\/\/www.sbq.org.br\/espiritosanto\/?page_id=43"},"modified":"2024-11-28T11:39:21","modified_gmt":"2024-11-28T14:39:21","slug":"seja-bem-vindo-a-secretaria-regional-de-espirito-santo-da-sbq","status":"publish","type":"page","link":"https:\/\/www.sbq.org.br\/espiritosanto\/","title":{"rendered":"Seja bem-vindo \u00e0 Secretaria Regional de Esp\u00edrito Santo da SBQ"},"content":{"rendered":"\n<p>Ol\u00e1, este \u00e9 o site da <strong>Secretaria Regional da Sociedade Brasileira de Qu\u00edmica do Esp\u00edrito Santo<\/strong> (SBQ-ES). A SBQ-ES coloca-se \u00e0 disposi\u00e7\u00e3o dos associados para o que for necess\u00e1rio. <\/p>\n\n\n\n<p>Esperamos contar com o apoio de todos encaminhando sugest\u00f5es, not\u00edcias e eventos.  Gostar\u00edamos tamb\u00e9m de convidar a iniciativa privada e a comunidade em geral para se associar e desfrutar as vantagens de ser um associado SBQ. <\/p>\n\n\n\n<p>A comunidade capixaba agradece.<\/p>\n","protected":false},"excerpt":{"rendered":"<p>Ol\u00e1, este \u00e9 o site da Secretaria Regional da Sociedade Brasileira de Qu\u00edmica do Esp\u00edrito Santo (SBQ-ES). A SBQ-ES coloca-se \u00e0 disposi\u00e7\u00e3o dos associados para o que for necess\u00e1rio. Esperamos contar com o apoio de todos encaminhando sugest\u00f5es, not\u00edcias e eventos. Gostar\u00edamos tamb\u00e9m de convidar a iniciativa privada e a comunidade em geral para se [&hellip;]<\/p>\n","protected":false},"author":1,"featured_media":0,"parent":0,"menu_order":0,"comment_status":"closed","ping_status":"closed","template":"","meta":{"footnotes":""},"_links":{"self":[{"href":"https:\/\/www.sbq.org.br\/espiritosanto\/wp-json\/wp\/v2\/pages\/43"}],"collection":[{"href":"https:\/\/www.sbq.org.br\/espiritosanto\/wp-json\/wp\/v2\/pages"}],"about":[{"href":"https:\/\/www.sbq.org.br\/espiritosanto\/wp-json\/wp\/v2\/types\/page"}],"author":[{"embeddable":true,"href":"https:\/\/www.sbq.org.br\/espiritosanto\/wp-json\/wp\/v2\/users\/1"}],"replies":[{"embeddable":true,"href":"https:\/\/www.sbq.org.br\/espiritosanto\/wp-json\/wp\/v2\/comments?post=43"}],"version-history":[{"count":2,"href":"https:\/\/www.sbq.org.br\/espiritosanto\/wp-json\/wp\/v2\/pages\/43\/revisions"}],"predecessor-version":[{"id":163,"href":"https:\/\/www.sbq.org.br\/espiritosanto\/wp-json\/wp\/v2\/pages\/43\/revisions\/163"}],"wp:attachment":[{"href":"https:\/\/www.sbq.org.br\/espiritosanto\/wp-json\/wp\/v2\/media?parent=43"}],"curies":[{"name":"wp","href":"https:\/\/api.w.org\/{rel}","templated":true}]}}