{"id":20,"date":"2024-01-11T08:39:57","date_gmt":"2024-01-11T11:39:57","guid":{"rendered":"https:\/\/www.sbq.org.br\/espiritosanto\/?page_id=20"},"modified":"2024-11-28T09:24:28","modified_gmt":"2024-11-28T12:24:28","slug":"links","status":"publish","type":"page","link":"https:\/\/www.sbq.org.br\/espiritosanto\/links\/","title":{"rendered":"Links"},"content":{"rendered":"\n<p><a href=\"http:\/\/www.abq.org.br\/\" target=\"_blank\" rel=\"noreferrer noopener\">Associa\u00e7\u00e3o Brasileira de Qu\u00edmica<\/a><\/p>\n\n\n\n<p><a href=\"http:\/\/www.sbq.org.br\/\" target=\"_blank\" rel=\"noreferrer noopener\">Sociedade Brasileira de Qu\u00edmica<\/a><\/p>\n\n\n\n<p><a href=\"https:\/\/abiquim.org.br\/\" data-type=\"link\" data-id=\"https:\/\/abiquim.org.br\/\">Associa\u00e7\u00e3o Brasileira das Ind\u00fastrias Qu\u00edmicas<\/a><\/p>\n\n\n\n<p><a href=\"https:\/\/cfq.org.br\/\" data-type=\"link\" data-id=\"https:\/\/cfq.org.br\/\">Conselho Federal de Qu\u00edmica<\/a><\/p>\n\n\n\n<p><a href=\"https:\/\/www.crqes.org.br\/\" data-type=\"link\" data-id=\"https:\/\/www.crqes.org.br\/\">Conselho Regional de Qu\u00edmica &#8211; 21\u00aa Regi\u00e3o<\/a><\/p>\n\n\n\n<p><a href=\"http:\/\/www.nobelprize.org\/\" target=\"_blank\" rel=\"noreferrer noopener\">Nobel Prize<\/a><\/p>\n\n\n\n<p><a href=\"http:\/\/fapes.es.gov.br\/\" target=\"_blank\" rel=\"noreferrer noopener\">FAPES &#8211; Funda\u00e7\u00e3o de Amparo \u00e0 Pesquisa e Inova\u00e7\u00e3o do Esp\u00edrito Santo<\/a><\/p>\n\n\n\n<p><a href=\"http:\/\/www.capes.gov.br\/\" target=\"_blank\" rel=\"noreferrer noopener\">CAPES<\/a><\/p>\n\n\n\n<p><a href=\"http:\/\/cnpq.br\/\" target=\"_blank\" rel=\"noreferrer noopener\">CNPq<\/a><\/p>\n\n\n\n<p><a href=\"https:\/\/www.iypt2019.org\/\" target=\"_blank\" rel=\"noreferrer noopener\">The international year of the periodic table (O Ano internacional da tabela peri\u00f3dica)<\/a><\/p>\n","protected":false},"excerpt":{"rendered":"<p>Associa\u00e7\u00e3o Brasileira de Qu\u00edmica Sociedade Brasileira de Qu\u00edmica Associa\u00e7\u00e3o Brasileira das Ind\u00fastrias Qu\u00edmicas Conselho Federal de Qu\u00edmica Conselho Regional de Qu\u00edmica &#8211; 21\u00aa Regi\u00e3o Nobel Prize FAPES &#8211; Funda\u00e7\u00e3o de Amparo \u00e0 Pesquisa e Inova\u00e7\u00e3o do Esp\u00edrito Santo CAPES CNPq The international year of the periodic table (O Ano internacional da tabela peri\u00f3dica)<\/p>\n","protected":false},"author":1,"featured_media":0,"parent":0,"menu_order":0,"comment_status":"closed","ping_status":"closed","template":"","meta":{"footnotes":""},"_links":{"self":[{"href":"https:\/\/www.sbq.org.br\/espiritosanto\/wp-json\/wp\/v2\/pages\/20"}],"collection":[{"href":"https:\/\/www.sbq.org.br\/espiritosanto\/wp-json\/wp\/v2\/pages"}],"about":[{"href":"https:\/\/www.sbq.org.br\/espiritosanto\/wp-json\/wp\/v2\/types\/page"}],"author":[{"embeddable":true,"href":"https:\/\/www.sbq.org.br\/espiritosanto\/wp-json\/wp\/v2\/users\/1"}],"replies":[{"embeddable":true,"href":"https:\/\/www.sbq.org.br\/espiritosanto\/wp-json\/wp\/v2\/comments?post=20"}],"version-history":[{"count":2,"href":"https:\/\/www.sbq.org.br\/espiritosanto\/wp-json\/wp\/v2\/pages\/20\/revisions"}],"predecessor-version":[{"id":140,"href":"https:\/\/www.sbq.org.br\/espiritosanto\/wp-json\/wp\/v2\/pages\/20\/revisions\/140"}],"wp:attachment":[{"href":"https:\/\/www.sbq.org.br\/espiritosanto\/wp-json\/wp\/v2\/media?parent=20"}],"curies":[{"name":"wp","href":"https:\/\/api.w.org\/{rel}","templated":true}]}}