{"id":92,"date":"2024-01-18T11:08:38","date_gmt":"2024-01-18T14:08:38","guid":{"rendered":"https:\/\/www.sbq.org.br\/ensino\/?page_id=92"},"modified":"2024-05-14T10:17:16","modified_gmt":"2024-05-14T13:17:16","slug":"meu-discurso-de-formatura","status":"publish","type":"page","link":"https:\/\/www.sbq.org.br\/ensino\/meu-discurso-de-formatura\/","title":{"rendered":"Meu Discurso de Formatura"},"content":{"rendered":"\n<div class=\"wp-block-columns is-layout-flex wp-container-core-columns-layout-1 wp-block-columns-is-layout-flex\">\n<div class=\"wp-block-column is-layout-flow wp-block-column-is-layout-flow\" style=\"flex-basis:50%\">\n<p>Esta se\u00e7\u00e3o do site da DE da SBQ tem o objetivo de publicar periodicamente discursos inspiradores de formatura dos membros da SBQ que abordem tem\u00e1ticas ligadas \u00e0 ci\u00eancia, tecnologia, educa\u00e7\u00e3o e, particularmente, ao ensino de qu\u00edmica. A proposta deste espa\u00e7o \u00e9, em tempos conturbados e desafiadores, tanto inspirar quanto integrar os membros da divis\u00e3o por meio de mensagens que avancem, para al\u00e9m do formalismo acad\u00eamico-cient\u00edfico, em dire\u00e7\u00e3o \u00e0s interfaces entre ci\u00eancia, sociedade, educa\u00e7\u00e3o e arte.&nbsp;<\/p>\n\n\n\n<p>Para submeter seu discurso, escreva para <a href=\"mailto:brunoleite@ufrpe.br\">brunoleite@ufrpe.br<\/a><\/p>\n<\/div>\n\n\n\n<div class=\"wp-block-column is-layout-flow wp-block-column-is-layout-flow\" style=\"flex-basis:70%\"><section class=\"gutentor-post-module section-69293839-3a93-47bd-8ec3-d9b2857750f1 gutentor-post-module-p1 gutentor_p1_template1 wp-block-gutentor-p1 gutentor-blog-grid\" id=\"69293839-3a93-47bd-8ec3-d9b2857750f1\" data-gbid=\"69293839-3a93-47bd-8ec3-d9b2857750f1\" >\n<div class='grid-container'><div class='grid-row' ><article class='gutentor-post gutentor-post-no-thumb  grid-lg-12 grid-md-4 grid-12'><div class='gutentor-post-item'><div class=\"gutentor-post-title-data-wrap\"><h3 class=\"gutentor-post-title\"><a href=\"https:\/\/www.sbq.org.br\/ensino\/meu-discurso-de-formatura-prof-amadeu-bego\/\" rel=\"bookmark\">Meu Discurso de Formatura &#8211; Prof. Amadeu Bego<\/a><\/h3><\/div><div class=\"gutentor-post-desc\">Discurso de Paraninfo proferido na Cola\u00e7\u00e3o de Grau no dia 18 de fevereiro de 2017 da turma Licenciat&hellip;<\/div><a class=\"gutentor-button gutentor-post-button\"  href=\"https:\/\/www.sbq.org.br\/ensino\/meu-discurso-de-formatura-prof-amadeu-bego\/\" href=\"https:\/\/www.sbq.org.br\/ensino\/meu-discurso-de-formatura-prof-amadeu-bego\/\"><span>Read More<\/span><\/a><\/div><\/article><article class='gutentor-post gutentor-post-no-thumb  grid-lg-12 grid-md-4 grid-12'><div class='gutentor-post-item'><div class=\"gutentor-post-title-data-wrap\"><h3 class=\"gutentor-post-title\"><a href=\"https:\/\/www.sbq.org.br\/ensino\/meu-discurso-de-formatura-profa-nyuara-mesquita\/\" rel=\"bookmark\">Meu Discurso de Formatura &#8211; Profa. Nyuara Mesquita<\/a><\/h3><\/div><div class=\"gutentor-post-desc\">Discurso de Paraninfa proferido na Cola\u00e7\u00e3o de Grau no dia 11 de fevereiro de 2020 das turmas de Bach&hellip;<\/div><a class=\"gutentor-button gutentor-post-button\"  href=\"https:\/\/www.sbq.org.br\/ensino\/meu-discurso-de-formatura-profa-nyuara-mesquita\/\" href=\"https:\/\/www.sbq.org.br\/ensino\/meu-discurso-de-formatura-profa-nyuara-mesquita\/\"><span>Read More<\/span><\/a><\/div><\/article><\/div><\/div><\/section><\/div>\n<\/div>\n","protected":false},"excerpt":{"rendered":"<p>Esta se\u00e7\u00e3o do site da DE da SBQ tem o objetivo de publicar periodicamente discursos inspiradores de formatura dos membros da SBQ que abordem tem\u00e1ticas ligadas \u00e0 ci\u00eancia, tecnologia, educa\u00e7\u00e3o e, particularmente, ao ensino de qu\u00edmica. A proposta deste espa\u00e7o \u00e9, em tempos conturbados e desafiadores, tanto inspirar quanto integrar os membros da divis\u00e3o por [&hellip;]<\/p>\n","protected":false},"author":1,"featured_media":0,"parent":0,"menu_order":0,"comment_status":"closed","ping_status":"closed","template":"","meta":{"footnotes":""},"_links":{"self":[{"href":"https:\/\/www.sbq.org.br\/ensino\/wp-json\/wp\/v2\/pages\/92"}],"collection":[{"href":"https:\/\/www.sbq.org.br\/ensino\/wp-json\/wp\/v2\/pages"}],"about":[{"href":"https:\/\/www.sbq.org.br\/ensino\/wp-json\/wp\/v2\/types\/page"}],"author":[{"embeddable":true,"href":"https:\/\/www.sbq.org.br\/ensino\/wp-json\/wp\/v2\/users\/1"}],"replies":[{"embeddable":true,"href":"https:\/\/www.sbq.org.br\/ensino\/wp-json\/wp\/v2\/comments?post=92"}],"version-history":[{"count":6,"href":"https:\/\/www.sbq.org.br\/ensino\/wp-json\/wp\/v2\/pages\/92\/revisions"}],"predecessor-version":[{"id":185,"href":"https:\/\/www.sbq.org.br\/ensino\/wp-json\/wp\/v2\/pages\/92\/revisions\/185"}],"wp:attachment":[{"href":"https:\/\/www.sbq.org.br\/ensino\/wp-json\/wp\/v2\/media?parent=92"}],"curies":[{"name":"wp","href":"https:\/\/api.w.org\/{rel}","templated":true}]}}

<div class="wp-block-columns is-layout-flex wp-container-core-columns-layout-1 wp-block-columns-is-layout-flex">
<div class="wp-block-column is-layout-flow wp-block-column-is-layout-flow" style="flex-basis:50%">
<p>Esta seção do site da DE da SBQ tem o objetivo de publicar periodicamente discursos inspiradores de formatura dos membros da SBQ que abordem temáticas ligadas à ciência, tecnologia, educação e, particularmente, ao ensino de química. A proposta deste espaço é, em tempos conturbados e desafiadores, tanto inspirar quanto integrar os membros da divisão por meio de mensagens que avancem, para além do formalismo acadêmico-científico, em direção às interfaces entre ciência, sociedade, educação e arte.&nbsp;</p>



<p>Para submeter seu discurso, escreva para <a href="mailto:brunoleite@ufrpe.br">brunoleite@ufrpe.br</a></p>
</div>



<div class="wp-block-column is-layout-flow wp-block-column-is-layout-flow" style="flex-basis:70%"><section class="gutentor-post-module section-69293839-3a93-47bd-8ec3-d9b2857750f1 gutentor-post-module-p1 gutentor_p1_template1 wp-block-gutentor-p1 gutentor-blog-grid" id="69293839-3a93-47bd-8ec3-d9b2857750f1" data-gbid="69293839-3a93-47bd-8ec3-d9b2857750f1" >
<div class='grid-container'><div class='grid-row' ><article class='gutentor-post gutentor-post-no-thumb  grid-lg-12 grid-md-4 grid-12'><div class='gutentor-post-item'><div class="gutentor-post-title-data-wrap"><h3 class="gutentor-post-title"><a href="https://www.sbq.org.br/ensino/meu-discurso-de-formatura-prof-amadeu-bego/" rel="bookmark">Meu Discurso de Formatura &#8211; Prof. Amadeu Bego</a></h3></div><div class="gutentor-post-desc">Discurso de Paraninfo proferido na Colação de Grau no dia 18 de fevereiro de 2017 da turma Licenciat&hellip;</div><a class="gutentor-button gutentor-post-button"  href="https://www.sbq.org.br/ensino/meu-discurso-de-formatura-prof-amadeu-bego/" href="https://www.sbq.org.br/ensino/meu-discurso-de-formatura-prof-amadeu-bego/"><span>Read More</span></a></div></article><article class='gutentor-post gutentor-post-no-thumb  grid-lg-12 grid-md-4 grid-12'><div class='gutentor-post-item'><div class="gutentor-post-title-data-wrap"><h3 class="gutentor-post-title"><a href="https://www.sbq.org.br/ensino/meu-discurso-de-formatura-profa-nyuara-mesquita/" rel="bookmark">Meu Discurso de Formatura &#8211; Profa. Nyuara Mesquita</a></h3></div><div class="gutentor-post-desc">Discurso de Paraninfa proferido na Colação de Grau no dia 11 de fevereiro de 2020 das turmas de Bach&hellip;</div><a class="gutentor-button gutentor-post-button"  href="https://www.sbq.org.br/ensino/meu-discurso-de-formatura-profa-nyuara-mesquita/" href="https://www.sbq.org.br/ensino/meu-discurso-de-formatura-profa-nyuara-mesquita/"><span>Read More</span></a></div></article></div></div></section></div>
</div>

<p>Esta seção do site da DE da SBQ tem o objetivo de publicar periodicamente discursos inspiradores de formatura dos membros da SBQ que abordem temáticas ligadas à ciência, tecnologia, educação e, particularmente, ao ensino de química. A proposta deste espaço é, em tempos conturbados e desafiadores, tanto inspirar quanto integrar os membros da divisão por [&hellip;]</p>
