{"id":99,"date":"2024-05-13T17:27:58","date_gmt":"2024-05-13T20:27:58","guid":{"rendered":"https:\/\/hub.aptor.software\/wordpress\/catalise\/?page_id=99"},"modified":"2024-05-13T17:27:58","modified_gmt":"2024-05-13T20:27:58","slug":"workshops","status":"publish","type":"page","link":"https:\/\/www.sbq.org.br\/catalise\/workshops\/","title":{"rendered":"Workshops"},"content":{"rendered":"\n<section id=\"g54dcae\" class=\"wp-block-gutentor-p4 section-g54dcae gutentor-post-module gutentor-advanced-post-module\" data-gpid=\"99\" data-l-ani=\"gp4-animation-1\" data-i-b=\"gutentor\/p1\" data-maxnumpages=\"1\">\n\n<section class=\"gutentor-post-module section-78006721-d100-4fc3-8895-6df9d4699f23 gutentor-post-module-p1 gutentor_p1_template1 wp-block-gutentor-p1 gutentor-blog-list\" id=\"78006721-d100-4fc3-8895-6df9d4699f23\" data-gbid=\"78006721-d100-4fc3-8895-6df9d4699f23\" >\n<div class='grid-container'><div class='grid-row' ><article class='gutentor-post gutentor-post-no-thumb'><div class='gutentor-post-item'><div class=\"gutentor-post-content\"><div class=\"gutentor-post-title-data-wrap\"><h3 class=\"gutentor-post-title\"><a href=\"https:\/\/www.sbq.org.br\/catalise\/workshop-tecnicas-avancadas-de-caracterizacao-de-materiais-projeto-sirius\/\" rel=\"bookmark\">Workshop: T\u00e9cnicas Avan\u00e7adas de Caracteriza\u00e7\u00e3o de Materiais \u2013 Projeto SIRIUS<\/a><\/h3><\/div><div class=\"gutentor-entry-meta gutentor-entry-meta-primary\"><div class=\"author vcard\"><i class=\"far fa-user\"><\/i><a href=\"https:\/\/www.sbq.org.br\/catalise\/workshop-tecnicas-avancadas-de-caracterizacao-de-materiais-projeto-sirius\/\" rel=\"bookmark\">suporte<\/a><\/div><div class=\"posted-on\"><i class=\"far fa-calendar-alt\"><\/i><a href=\"https:\/\/www.sbq.org.br\/catalise\/workshop-tecnicas-avancadas-de-caracterizacao-de-materiais-projeto-sirius\/\" rel=\"bookmark\">25 de fevereiro de 2019<\/a><\/div><div class=\"gutentor-meta-categories\"><i class=\"fas fa-tags\"><\/i><a href=\"https:\/\/www.sbq.org.br\/catalise\/category\/workshop\/\" rel=\"category tag\">workshop<\/a><\/div><\/div><div class=\"gutentor-post-desc\">T\u00edtulo do workshop: T\u00e9cnicas Avan\u00e7adas de Caracteriza\u00e7\u00e3o de Materiais &ndash; Projeto SIRIUSDivis\u00f5es&hellip;<\/div><a class=\"gutentor-button gutentor-post-button\"  href=\"https:\/\/www.sbq.org.br\/catalise\/workshop-tecnicas-avancadas-de-caracterizacao-de-materiais-projeto-sirius\/\" href=\"https:\/\/www.sbq.org.br\/catalise\/workshop-tecnicas-avancadas-de-caracterizacao-de-materiais-projeto-sirius\/\"><span>Read More<\/span><\/a><\/div><\/div><\/article><article class='gutentor-post gutentor-post-no-thumb'><div class='gutentor-post-item'><div class=\"gutentor-post-content\"><div class=\"gutentor-post-title-data-wrap\"><h3 class=\"gutentor-post-title\"><a href=\"https:\/\/www.sbq.org.br\/catalise\/academia-e-industria-em-busca-da-inovacao-tecnologica\/\" rel=\"bookmark\">Academia e Ind\u00fastria em Busca da Inova\u00e7\u00e3o Tecnol\u00f3gica<\/a><\/h3><\/div><div class=\"gutentor-entry-meta gutentor-entry-meta-primary\"><div class=\"author vcard\"><i class=\"far fa-user\"><\/i><a href=\"https:\/\/www.sbq.org.br\/catalise\/academia-e-industria-em-busca-da-inovacao-tecnologica\/\" rel=\"bookmark\">suporte<\/a><\/div><div class=\"posted-on\"><i class=\"far fa-calendar-alt\"><\/i><a href=\"https:\/\/www.sbq.org.br\/catalise\/academia-e-industria-em-busca-da-inovacao-tecnologica\/\" rel=\"bookmark\">11 de abril de 2018<\/a><\/div><div class=\"gutentor-meta-categories\"><i class=\"fas fa-tags\"><\/i><a href=\"https:\/\/www.sbq.org.br\/catalise\/category\/workshop\/\" rel=\"category tag\">workshop<\/a><\/div><\/div><div class=\"gutentor-post-desc\">WORKSHOP:&nbsp;as divis\u00f5es de&nbsp;Qu\u00edmica de Materiais e de Cat\u00e1lise&nbsp;juntamente com a&nbsp;Ass&hellip;<\/div><a class=\"gutentor-button gutentor-post-button\"  href=\"https:\/\/www.sbq.org.br\/catalise\/academia-e-industria-em-busca-da-inovacao-tecnologica\/\" href=\"https:\/\/www.sbq.org.br\/catalise\/academia-e-industria-em-busca-da-inovacao-tecnologica\/\"><span>Read More<\/span><\/a><\/div><\/div><\/article><article class='gutentor-post gutentor-post-no-thumb'><div class='gutentor-post-item'><div class=\"gutentor-post-content\"><div class=\"gutentor-post-title-data-wrap\"><h3 class=\"gutentor-post-title\"><a href=\"https:\/\/www.sbq.org.br\/catalise\/catalise-a-servico-da-quimica-verde\/\" rel=\"bookmark\">CAT\u00c1LISE A SERVI\u00c7O DA QU\u00cdMICA VERDE<\/a><\/h3><\/div><div class=\"gutentor-entry-meta gutentor-entry-meta-primary\"><div class=\"author vcard\"><i class=\"far fa-user\"><\/i><a href=\"https:\/\/www.sbq.org.br\/catalise\/catalise-a-servico-da-quimica-verde\/\" rel=\"bookmark\">suporte<\/a><\/div><div class=\"posted-on\"><i class=\"far fa-calendar-alt\"><\/i><a href=\"https:\/\/www.sbq.org.br\/catalise\/catalise-a-servico-da-quimica-verde\/\" rel=\"bookmark\">11 de dezembro de 2014<\/a><\/div><div class=\"gutentor-meta-categories\"><i class=\"fas fa-tags\"><\/i><a href=\"https:\/\/www.sbq.org.br\/catalise\/category\/workshop\/\" rel=\"category tag\">workshop<\/a><\/div><\/div><div class=\"gutentor-post-desc\">Divis\u00e3o de Cat\u00e1lise da Sociedade Brasileira de Qu\u00edmica32&ordf; Reuni\u00e3o Anual da Sociedade Brasileira&hellip;<\/div><a class=\"gutentor-button gutentor-post-button\"  href=\"https:\/\/www.sbq.org.br\/catalise\/catalise-a-servico-da-quimica-verde\/\" href=\"https:\/\/www.sbq.org.br\/catalise\/catalise-a-servico-da-quimica-verde\/\"><span>Read More<\/span><\/a><\/div><\/div><\/article><article class='gutentor-post gutentor-post-no-thumb'><div class='gutentor-post-item'><div class=\"gutentor-post-content\"><div class=\"gutentor-post-title-data-wrap\"><h3 class=\"gutentor-post-title\"><a href=\"https:\/\/www.sbq.org.br\/catalise\/sintese-caracterizacao-e-aplicacao-de-nanocatalisadores\/\" rel=\"bookmark\">S\u00cdNTESE, CARACTERIZA\u00c7\u00c3O E APLICA\u00c7\u00c3O DE NANOCATALISADORES<\/a><\/h3><\/div><div class=\"gutentor-entry-meta gutentor-entry-meta-primary\"><div class=\"author vcard\"><i class=\"far fa-user\"><\/i><a href=\"https:\/\/www.sbq.org.br\/catalise\/sintese-caracterizacao-e-aplicacao-de-nanocatalisadores\/\" rel=\"bookmark\">suporte<\/a><\/div><div class=\"posted-on\"><i class=\"far fa-calendar-alt\"><\/i><a href=\"https:\/\/www.sbq.org.br\/catalise\/sintese-caracterizacao-e-aplicacao-de-nanocatalisadores\/\" rel=\"bookmark\">11 de dezembro de 2014<\/a><\/div><div class=\"gutentor-meta-categories\"><i class=\"fas fa-tags\"><\/i><a href=\"https:\/\/www.sbq.org.br\/catalise\/category\/workshop\/\" rel=\"category tag\">workshop<\/a><\/div><\/div><div class=\"gutentor-post-desc\">Divis\u00e3o de Cat\u00e1lise da Sociedade Brasileira de Qu\u00edmica33&ordf; Reuni\u00e3o Anual da Sociedade Brasileira&hellip;<\/div><a class=\"gutentor-button gutentor-post-button\"  href=\"https:\/\/www.sbq.org.br\/catalise\/sintese-caracterizacao-e-aplicacao-de-nanocatalisadores\/\" href=\"https:\/\/www.sbq.org.br\/catalise\/sintese-caracterizacao-e-aplicacao-de-nanocatalisadores\/\"><span>Read More<\/span><\/a><\/div><\/div><\/article><\/div><\/div><\/section>\n\n\n<div id=\"section-g26e3b9\" class=\"wp-block-gutentor-e17 section-g26e3b9 gutentor-element gutentor-post-footer\"><div class=\"grid-container\"><div class=\"grid-row\">\n<div id=\"col-gm8233a6\" class=\"wp-block-gutentor-e15 gutentor-single-column  grid-lg-12 grid-md-12 grid-12\"><div id=\"section-gm8233a6\" class=\"section-gm8233a6 gutentor-col-wrap\">\n<div id=\"section-gf9e25a\" class=\"wp-block-gutentor-e12 section-gf9e25a gutentor-element gutentor-element-pagination text-align-center-mobile\"><div class=\"gutentor-pagination-wrap\" data-maxnumpages=\"1\"><ul class=\"gutentor-pagination\"><li class=\"gutentor-pagination-item gutentor-pagination-prev\"><a class=\"gutentor-pagination-link gutentor-disabled\" href=\"#\"><i class=\"fas fa-chevron-left\"><\/i>Previous<\/a><\/li><li class=\"gutentor-pagination-item gutentor-pagination-active\" data-gpage=\"1\"><a class=\"gutentor-pagination-link\" href=\"#\">1<\/a><\/li><li class=\"gutentor-pagination-item gutentor-pagination-next\"><a class=\"gutentor-pagination-link gutentor-disabled\" href=\"#\" data-gpage=\"2\">Next<i class=\"fas fa-chevron-right\"><\/i><\/a><\/li><\/ul><\/div><\/div>\n<\/div><\/div>\n<\/div><\/div><\/div>\n<\/section>\n","protected":false},"excerpt":{"rendered":"","protected":false},"author":1,"featured_media":0,"parent":0,"menu_order":0,"comment_status":"closed","ping_status":"closed","template":"","meta":{"footnotes":""},"_links":{"self":[{"href":"https:\/\/www.sbq.org.br\/catalise\/wp-json\/wp\/v2\/pages\/99"}],"collection":[{"href":"https:\/\/www.sbq.org.br\/catalise\/wp-json\/wp\/v2\/pages"}],"about":[{"href":"https:\/\/www.sbq.org.br\/catalise\/wp-json\/wp\/v2\/types\/page"}],"author":[{"embeddable":true,"href":"https:\/\/www.sbq.org.br\/catalise\/wp-json\/wp\/v2\/users\/1"}],"replies":[{"embeddable":true,"href":"https:\/\/www.sbq.org.br\/catalise\/wp-json\/wp\/v2\/comments?post=99"}],"version-history":[{"count":1,"href":"https:\/\/www.sbq.org.br\/catalise\/wp-json\/wp\/v2\/pages\/99\/revisions"}],"predecessor-version":[{"id":100,"href":"https:\/\/www.sbq.org.br\/catalise\/wp-json\/wp\/v2\/pages\/99\/revisions\/100"}],"wp:attachment":[{"href":"https:\/\/www.sbq.org.br\/catalise\/wp-json\/wp\/v2\/media?parent=99"}],"curies":[{"name":"wp","href":"https:\/\/api.w.org\/{rel}","templated":true}]}}