{"id":3,"date":"2014-09-26T21:09:51","date_gmt":"2014-09-27T00:09:51","guid":{"rendered":"https:\/\/www.sbq.org.br\/divisao_catalise\/sobre-a-divisao-de-catalise\/"},"modified":"2024-05-13T17:36:56","modified_gmt":"2024-05-13T20:36:56","slug":"sobre-a-divisao-de-catalise","status":"publish","type":"page","link":"https:\/\/www.sbq.org.br\/catalise\/sobre-a-divisao-de-catalise\/","title":{"rendered":"Sobre a Divis\u00e3o de Cat\u00e1lise"},"content":{"rendered":"<p>A Divis\u00e3o de Cat\u00e1lise foi criada em 1995 atendendo a demanda por uma identidade entre pesquisadores de diferentes \u00e1reas, mas que apresentavam um interesse comum na \u00e1rea da cat\u00e1lise.<br \/>A Cat\u00e1lise \u00e9 uma \u00e1rea de fronteira do conhecimento que tem a capacidade de concatenar as diversas \u00e1reas da qu\u00edmica atrav\u00e9s do desenvolvimento de novos catalisadores, da caracteriza\u00e7\u00e3o f\u00edsico-qu\u00edmica de catalisadores, de estudos cin\u00e9ticos, do emprego de catalisadores em s\u00edntese org\u00e2nica, qu\u00edmica fina, petroqu\u00edmica e outros processos industriais, al\u00e9m de outras \u00e1reas como a qu\u00edmica de materiais, bioqu\u00edmica e engenharia.<\/p>\n<p>A Divis\u00e3o de Cat\u00e1lise defende os interesses de pesquisadores e estudantes que desenvolvem pesquisas na \u00e1rea de cat\u00e1lise, incluindo a s\u00edntese e caracteriza\u00e7\u00e3o de catalisadores (metais, \u00f3xidos met\u00e1licos, complexos met\u00e1licos e organomet\u00e1licos, enzimas (biocat\u00e1lise), mol\u00e9culas org\u00e2nicas (organocat\u00e1lise), etc.), o emprego de catalisadores para as mais variadas aplica\u00e7\u00f5es e todas as \u00e1reas correlatas.<\/p>\n<p>Venha fazer parte da nossa divis\u00e3o e usufruir do toda a programa\u00e7\u00e3o especialmente desenhada para voc\u00ea.<\/p>\n","protected":false},"excerpt":{"rendered":"<p>A Divis\u00e3o de Cat\u00e1lise foi criada em 1995 atendendo a demanda por uma identidade entre pesquisadores de diferentes \u00e1reas, mas que apresentavam um interesse comum na \u00e1rea da cat\u00e1lise.A Cat\u00e1lise \u00e9 uma \u00e1rea de fronteira do conhecimento que tem a capacidade de concatenar as diversas \u00e1reas da qu\u00edmica atrav\u00e9s do desenvolvimento de novos catalisadores, da [&hellip;]<\/p>\n","protected":false},"author":1,"featured_media":0,"parent":0,"menu_order":0,"comment_status":"closed","ping_status":"closed","template":"wp-custom-template-institucional","meta":{"footnotes":""},"_links":{"self":[{"href":"https:\/\/www.sbq.org.br\/catalise\/wp-json\/wp\/v2\/pages\/3"}],"collection":[{"href":"https:\/\/www.sbq.org.br\/catalise\/wp-json\/wp\/v2\/pages"}],"about":[{"href":"https:\/\/www.sbq.org.br\/catalise\/wp-json\/wp\/v2\/types\/page"}],"author":[{"embeddable":true,"href":"https:\/\/www.sbq.org.br\/catalise\/wp-json\/wp\/v2\/users\/1"}],"replies":[{"embeddable":true,"href":"https:\/\/www.sbq.org.br\/catalise\/wp-json\/wp\/v2\/comments?post=3"}],"version-history":[{"count":1,"href":"https:\/\/www.sbq.org.br\/catalise\/wp-json\/wp\/v2\/pages\/3\/revisions"}],"predecessor-version":[{"id":116,"href":"https:\/\/www.sbq.org.br\/catalise\/wp-json\/wp\/v2\/pages\/3\/revisions\/116"}],"wp:attachment":[{"href":"https:\/\/www.sbq.org.br\/catalise\/wp-json\/wp\/v2\/media?parent=3"}],"curies":[{"name":"wp","href":"https:\/\/api.w.org\/{rel}","templated":true}]}}