{"id":2,"date":"2023-12-13T17:30:47","date_gmt":"2023-12-13T20:30:47","guid":{"rendered":"https:\/\/www.sbq.org.br\/regional_campinas\/?page_id=2"},"modified":"2024-11-29T09:44:25","modified_gmt":"2024-11-29T12:44:25","slug":"pagina-exemplo","status":"publish","type":"page","link":"https:\/\/www.sbq.org.br\/campinas\/","title":{"rendered":"Seja bem-vindo \u00e0 Secretaria Regional de Campinas da SBQ"},"content":{"rendered":"\n<p class=\"has-text-align-left\">A Secretaria Regional de Campinas procura manter esta p\u00e1gina atualizada. <\/p>\n\n\n\n<p class=\"has-text-align-left\">A sua participa\u00e7\u00e3o \u00e9 muito importante. Entre em contato, enviando sugest\u00f5es, dados para a divulga\u00e7\u00e3o de eventos e not\u00edcias. <\/p>\n\n\n\n<p class=\"has-text-align-left\">A comunidade agradece.<br><\/p>\n\n\n\n<p>Visite tamb\u00e9m o nossos perfis nas redes sociais<br><\/p>\n\n\n\n<figure class=\"wp-block-image size-full is-resized\"><img loading=\"lazy\" decoding=\"async\" width=\"204\" height=\"192\" src=\"https:\/\/www.sbq.org.br\/campinas\/wp-content\/uploads\/sites\/18\/2024\/11\/image-2.png\" alt=\"\" class=\"wp-image-119\" style=\"width:71px;height:auto\" \/><\/figure>\n\n\n\n<p><a href=\"https:\/\/www.facebook.com\/SbqRegionalCampinas\">Facebook<\/a><\/p>\n\n\n\n<figure class=\"wp-block-image size-full is-resized\"><img loading=\"lazy\" decoding=\"async\" width=\"1200\" height=\"1200\" src=\"https:\/\/www.sbq.org.br\/campinas\/wp-content\/uploads\/sites\/18\/2024\/11\/image-3.png\" alt=\"\" class=\"wp-image-120\" style=\"width:68px;height:auto\" \/><\/figure>\n\n\n\n<p><a href=\"https:\/\/www.instagram.com\/sbq_regionalcampinas\/\">Instagram<\/a><\/p>\n","protected":false},"excerpt":{"rendered":"<p>A Secretaria Regional de Campinas procura manter esta p\u00e1gina atualizada. A sua participa\u00e7\u00e3o \u00e9 muito importante. Entre em contato, enviando sugest\u00f5es, dados para a divulga\u00e7\u00e3o de eventos e not\u00edcias. A comunidade agradece. Visite tamb\u00e9m o nossos perfis nas redes sociais Facebook Instagram<\/p>\n","protected":false},"author":1,"featured_media":0,"parent":0,"menu_order":0,"comment_status":"closed","ping_status":"open","template":"","meta":{"footnotes":""},"_links":{"self":[{"href":"https:\/\/www.sbq.org.br\/campinas\/wp-json\/wp\/v2\/pages\/2"}],"collection":[{"href":"https:\/\/www.sbq.org.br\/campinas\/wp-json\/wp\/v2\/pages"}],"about":[{"href":"https:\/\/www.sbq.org.br\/campinas\/wp-json\/wp\/v2\/types\/page"}],"author":[{"embeddable":true,"href":"https:\/\/www.sbq.org.br\/campinas\/wp-json\/wp\/v2\/users\/1"}],"replies":[{"embeddable":true,"href":"https:\/\/www.sbq.org.br\/campinas\/wp-json\/wp\/v2\/comments?post=2"}],"version-history":[{"count":5,"href":"https:\/\/www.sbq.org.br\/campinas\/wp-json\/wp\/v2\/pages\/2\/revisions"}],"predecessor-version":[{"id":125,"href":"https:\/\/www.sbq.org.br\/campinas\/wp-json\/wp\/v2\/pages\/2\/revisions\/125"}],"wp:attachment":[{"href":"https:\/\/www.sbq.org.br\/campinas\/wp-json\/wp\/v2\/media?parent=2"}],"curies":[{"name":"wp","href":"https:\/\/api.w.org\/{rel}","templated":true}]}}