{"id":93,"date":"2024-01-10T15:36:50","date_gmt":"2024-01-10T18:36:50","guid":{"rendered":"https:\/\/www.sbq.org.br\/bahia\/?page_id=93"},"modified":"2025-07-24T09:55:46","modified_gmt":"2025-07-24T12:55:46","slug":"premios","status":"publish","type":"page","link":"https:\/\/www.sbq.org.br\/bahia\/premios\/","title":{"rendered":"Pr\u00eamios"},"content":{"rendered":"\n<p class=\"has-large-font-size\"><strong>Pr\u00eamio Ant\u00f4nio Celso Sp\u00ednola Costa &#8211; ACSC<\/strong><\/p>\n\n\n\n<p>O professor celso, inspira\u00e7\u00e3o para v\u00e1rias gera\u00e7\u00f5es de pesquisadores em Qu\u00edmica no estado da Bahia, d\u00e1 nome ao importante pr\u00eamio dedicado pela SBQ\/BA a personalidades que se destacaram nesta \u00e1rea em nosso estado. No link em anexo \u00e9 poss\u00edvel encontrar um resumo da vida acad\u00eamica do professor Celso, sendo este texto representado pelo livro \u201cAnt\u00f4nio Celso Sp\u00ednola Costa: Exemplo de Professor e Cientista para a sua Gera\u00e7\u00e3o e para as Futuras!\u201d, de Jailson Bittencourt de Andrade (2010).<\/p>\n\n\n\n<p>O <strong>pr\u00eamio Ant\u00f4nio Celso Sp\u00ednola Costa &#8211; ACSC<\/strong> &#8211; \u00e9 dedicado pela regional Bahia da Sociedade Brasileira de Qu\u00edmica &#8211; SBQ &#8211; a uma personalidade com relevante trabalho e contribui\u00e7\u00e3o para o engrandecimento da Qu\u00edmica e da Sociedade Brasileira de Qu\u00edmica em solo baiano. Esta importante honraria tem sido o ponto alto dos Encontros de Qu\u00edmica da Bahia \u2013 EQBA &#8211; e tem agraciado cientistas e personalidades que tem na Qu\u00edmica sua fonte de inspira\u00e7\u00e3o e sua forma de contribuir para o desenvolvimento da Ci\u00eancia, da Bahia e do nosso Pa\u00eds. Ao personalizar este pr\u00eamio com o nome do \u201cProfessor Celso\u201d, a regional da Sociedade Brasileira de Qu\u00edmica vem prestar a devida homenagem \u00e0quele que foi o fundador da pesquisa em Qu\u00edmica em nosso estado, seu maior defensor e exemplo de pesquisador \u00e0s futuras gera\u00e7\u00f5es.<\/p>\n\n\n\n<div data-wp-interactive=\"\" class=\"wp-block-file\"><object data-wp-bind--hidden=\"!selectors.core.file.hasPdfPreview\" hidden class=\"wp-block-file__embed\" data=\"https:\/\/www.sbq.org.br\/bahia\/wp-content\/uploads\/sites\/17\/2025\/07\/A-origem-ACSC-2023.pdf\" type=\"application\/pdf\" style=\"width:100%;height:600px\" aria-label=\"Incorporado de A-origem-ACSC-2023.\"><\/object><a id=\"wp-block-file--media-8470f033-c372-4b12-ba8f-50171301965e\" href=\"https:\/\/www.sbq.org.br\/bahia\/wp-content\/uploads\/sites\/17\/2025\/07\/A-origem-ACSC-2023.pdf\">A-origem-ACSC-2023<\/a><a href=\"https:\/\/www.sbq.org.br\/bahia\/wp-content\/uploads\/sites\/17\/2025\/07\/A-origem-ACSC-2023.pdf\" class=\"wp-block-file__button wp-element-button\" download aria-describedby=\"wp-block-file--media-8470f033-c372-4b12-ba8f-50171301965e\">Baixar<\/a><\/div>\n\n\n\n<p><\/p>\n\n\n\n<p class=\"has-large-font-size\"><strong>Pr\u00eamio Miguel Fascio<\/strong><\/p>\n\n\n\n<p>O pr\u00eamio faz uma justa homenagem pela dedica\u00e7\u00e3o e comprometimento do Professor <strong>Miguel Fascio dos Santos Filho<\/strong> com a qu\u00edmica baiana, al\u00e9m de seu protagonismo na funda\u00e7\u00e3o da secretaria regional da Sociedade Brasileira de Qu\u00edmica na Bahia. Este pr\u00eamio ser\u00e1 concedido aos melhores trabalhos apresentados na forma de p\u00f4ster nos Encontros de Qu\u00edmica da Bahia \u2013 EQBA.<\/p>\n\n\n\n<p><\/p>\n","protected":false},"excerpt":{"rendered":"<p>Pr\u00eamio Ant\u00f4nio Celso Sp\u00ednola Costa &#8211; ACSC O professor celso, inspira\u00e7\u00e3o para v\u00e1rias gera\u00e7\u00f5es de pesquisadores em Qu\u00edmica no estado da Bahia, d\u00e1 nome ao importante pr\u00eamio dedicado pela SBQ\/BA a personalidades que se destacaram nesta \u00e1rea em nosso estado. No link em anexo \u00e9 poss\u00edvel encontrar um resumo da vida acad\u00eamica do professor Celso, [&hellip;]<\/p>\n","protected":false},"author":1,"featured_media":0,"parent":0,"menu_order":0,"comment_status":"closed","ping_status":"closed","template":"","meta":{"footnotes":""},"_links":{"self":[{"href":"https:\/\/www.sbq.org.br\/bahia\/wp-json\/wp\/v2\/pages\/93"}],"collection":[{"href":"https:\/\/www.sbq.org.br\/bahia\/wp-json\/wp\/v2\/pages"}],"about":[{"href":"https:\/\/www.sbq.org.br\/bahia\/wp-json\/wp\/v2\/types\/page"}],"author":[{"embeddable":true,"href":"https:\/\/www.sbq.org.br\/bahia\/wp-json\/wp\/v2\/users\/1"}],"replies":[{"embeddable":true,"href":"https:\/\/www.sbq.org.br\/bahia\/wp-json\/wp\/v2\/comments?post=93"}],"version-history":[{"count":7,"href":"https:\/\/www.sbq.org.br\/bahia\/wp-json\/wp\/v2\/pages\/93\/revisions"}],"predecessor-version":[{"id":267,"href":"https:\/\/www.sbq.org.br\/bahia\/wp-json\/wp\/v2\/pages\/93\/revisions\/267"}],"wp:attachment":[{"href":"https:\/\/www.sbq.org.br\/bahia\/wp-json\/wp\/v2\/media?parent=93"}],"curies":[{"name":"wp","href":"https:\/\/api.w.org\/{rel}","templated":true}]}}