{"id":83,"date":"2024-01-10T15:13:14","date_gmt":"2024-01-10T18:13:14","guid":{"rendered":"https:\/\/www.sbq.org.br\/bahia\/?page_id=83"},"modified":"2024-01-10T15:13:33","modified_gmt":"2024-01-10T18:13:33","slug":"eqba","status":"publish","type":"page","link":"https:\/\/www.sbq.org.br\/bahia\/eqba\/","title":{"rendered":"EQBA"},"content":{"rendered":"\n<section id=\"g1b129e\" class=\"wp-block-gutentor-p4 section-g1b129e gutentor-post-module gutentor-advanced-post-module\" data-gpid=\"83\" data-l-ani=\"gp4-animation-1\" data-i-b=\"gutentor\/p1\" data-maxnumpages=\"6\">\n\n<section class=\"gutentor-post-module section-0e6c1332-6794-4d83-bb3a-33a2461212c3 gutentor-post-module-p1 gutentor_p1_template1 wp-block-gutentor-p1 gutentor-blog-grid\" id=\"0e6c1332-6794-4d83-bb3a-33a2461212c3\" data-gbid=\"0e6c1332-6794-4d83-bb3a-33a2461212c3\" >\n<div class='grid-container'><div class='grid-row' ><article class='gutentor-post gutentor-post-no-thumb  grid-lg-12 grid-md-4 grid-12'><div class='gutentor-post-item'><div class=\"gutentor-post-title-data-wrap\"><h3 class=\"gutentor-post-title\"><a href=\"https:\/\/www.sbq.org.br\/bahia\/curso-substancias-carboniladas-na-ufba-salvador\/\" rel=\"bookmark\">Curso Subst\u00e2ncias Carboniladas na UFBA-Salvador<\/a><\/h3><\/div><div class=\"gutentor-entry-meta gutentor-entry-meta-primary\"><div class=\"author vcard\"><i class=\"far fa-user\"><\/i><a href=\"https:\/\/www.sbq.org.br\/bahia\/curso-substancias-carboniladas-na-ufba-salvador\/\" rel=\"bookmark\">suporte<\/a><\/div><div class=\"posted-on\"><i class=\"far fa-calendar-alt\"><\/i><a href=\"https:\/\/www.sbq.org.br\/bahia\/curso-substancias-carboniladas-na-ufba-salvador\/\" rel=\"bookmark\">3 de junho de 2020<\/a><\/div><div class=\"gutentor-meta-categories\"><i class=\"fas fa-tags\"><\/i><a href=\"https:\/\/www.sbq.org.br\/bahia\/category\/workshop\/\" rel=\"category tag\">workshop<\/a><\/div><\/div><div class=\"gutentor-post-desc\">Em comemora\u00e7\u00e3o ao lancamento do livro &#8220;Subst\u00e2ncias Carboniladas e Derivados&#8221; pela Editora SBQ, a Sec&hellip;<\/div><a class=\"gutentor-button gutentor-post-button\"  href=\"https:\/\/www.sbq.org.br\/bahia\/curso-substancias-carboniladas-na-ufba-salvador\/\" href=\"https:\/\/www.sbq.org.br\/bahia\/curso-substancias-carboniladas-na-ufba-salvador\/\"><span>Read More<\/span><\/a><\/div><\/article><article class='gutentor-post gutentor-post-no-thumb  grid-lg-12 grid-md-4 grid-12'><div class='gutentor-post-item'><div class=\"gutentor-post-title-data-wrap\"><h3 class=\"gutentor-post-title\"><a href=\"https:\/\/www.sbq.org.br\/bahia\/ix-eqba-e-adiado\/\" rel=\"bookmark\">IX EQBA \u00e9 adiado<\/a><\/h3><\/div><div class=\"gutentor-entry-meta gutentor-entry-meta-primary\"><div class=\"author vcard\"><i class=\"far fa-user\"><\/i><a href=\"https:\/\/www.sbq.org.br\/bahia\/ix-eqba-e-adiado\/\" rel=\"bookmark\">suporte<\/a><\/div><div class=\"posted-on\"><i class=\"far fa-calendar-alt\"><\/i><a href=\"https:\/\/www.sbq.org.br\/bahia\/ix-eqba-e-adiado\/\" rel=\"bookmark\">3 de junho de 2020<\/a><\/div><div class=\"gutentor-meta-categories\"><i class=\"fas fa-tags\"><\/i><a href=\"https:\/\/www.sbq.org.br\/bahia\/category\/article\/\" rel=\"category tag\">article<\/a><\/div><\/div><div class=\"gutentor-post-desc\">Comunicado&nbsp;Prezados, com o avan\u00e7o da pandemia em nosso territ\u00f3rio, v\u00e1rias medidas foram tomadas&hellip;<\/div><a class=\"gutentor-button gutentor-post-button\"  href=\"https:\/\/www.sbq.org.br\/bahia\/ix-eqba-e-adiado\/\" href=\"https:\/\/www.sbq.org.br\/bahia\/ix-eqba-e-adiado\/\"><span>Read More<\/span><\/a><\/div><\/article><article class='gutentor-post gutentor-post-no-thumb  grid-lg-12 grid-md-4 grid-12'><div class='gutentor-post-item'><div class=\"gutentor-post-title-data-wrap\"><h3 class=\"gutentor-post-title\"><a href=\"https:\/\/www.sbq.org.br\/bahia\/encontro-de-quimica-da-bahia-eqba-chega-a-sua-oitava-edicao-em-2018\/\" rel=\"bookmark\">Encontro de Qu\u00edmica da Bahia (EQBA) chega a sua oitava edi\u00e7\u00e3o em 2018<\/a><\/h3><\/div><div class=\"gutentor-entry-meta gutentor-entry-meta-primary\"><div class=\"author vcard\"><i class=\"far fa-user\"><\/i><a href=\"https:\/\/www.sbq.org.br\/bahia\/encontro-de-quimica-da-bahia-eqba-chega-a-sua-oitava-edicao-em-2018\/\" rel=\"bookmark\">suporte<\/a><\/div><div class=\"posted-on\"><i class=\"far fa-calendar-alt\"><\/i><a href=\"https:\/\/www.sbq.org.br\/bahia\/encontro-de-quimica-da-bahia-eqba-chega-a-sua-oitava-edicao-em-2018\/\" rel=\"bookmark\">16 de dezembro de 2018<\/a><\/div><div class=\"gutentor-meta-categories\"><i class=\"fas fa-tags\"><\/i><a href=\"https:\/\/www.sbq.org.br\/bahia\/category\/article\/\" rel=\"category tag\">article<\/a><\/div><\/div><div class=\"gutentor-post-desc\">A Secretaria Regional da SBQ-BA, juntamente com a Universidade Estadual de Feira de Santana (UEFS), &hellip;<\/div><a class=\"gutentor-button gutentor-post-button\"  href=\"https:\/\/www.sbq.org.br\/bahia\/encontro-de-quimica-da-bahia-eqba-chega-a-sua-oitava-edicao-em-2018\/\" href=\"https:\/\/www.sbq.org.br\/bahia\/encontro-de-quimica-da-bahia-eqba-chega-a-sua-oitava-edicao-em-2018\/\"><span>Read More<\/span><\/a><\/div><\/article><article class='gutentor-post gutentor-post-no-thumb  grid-lg-12 grid-md-4 grid-12'><div class='gutentor-post-item'><div class=\"gutentor-post-title-data-wrap\"><h3 class=\"gutentor-post-title\"><a href=\"https:\/\/www.sbq.org.br\/bahia\/secretaria-regional-da-sbq-bahia-apoia-manifestacao-em-prol-da-ciencia\/\" rel=\"bookmark\">Secretaria Regional da SBQ-Bahia apoia manifesta\u00e7\u00e3o em prol da ci\u00eancia<\/a><\/h3><\/div><div class=\"gutentor-entry-meta gutentor-entry-meta-primary\"><div class=\"author vcard\"><i class=\"far fa-user\"><\/i><a href=\"https:\/\/www.sbq.org.br\/bahia\/secretaria-regional-da-sbq-bahia-apoia-manifestacao-em-prol-da-ciencia\/\" rel=\"bookmark\">suporte<\/a><\/div><div class=\"posted-on\"><i class=\"far fa-calendar-alt\"><\/i><a href=\"https:\/\/www.sbq.org.br\/bahia\/secretaria-regional-da-sbq-bahia-apoia-manifestacao-em-prol-da-ciencia\/\" rel=\"bookmark\">3 de julho de 2018<\/a><\/div><div class=\"gutentor-meta-categories\"><i class=\"fas fa-tags\"><\/i><a href=\"https:\/\/www.sbq.org.br\/bahia\/category\/article\/\" rel=\"category tag\">article<\/a><\/div><\/div><div class=\"gutentor-post-desc\">A data de 2 de julho \u00e9 uma data celebrada com grande fervor pela Bahia, j\u00e1 que simboliza a verdadeir&hellip;<\/div><a class=\"gutentor-button gutentor-post-button\"  href=\"https:\/\/www.sbq.org.br\/bahia\/secretaria-regional-da-sbq-bahia-apoia-manifestacao-em-prol-da-ciencia\/\" href=\"https:\/\/www.sbq.org.br\/bahia\/secretaria-regional-da-sbq-bahia-apoia-manifestacao-em-prol-da-ciencia\/\"><span>Read More<\/span><\/a><\/div><\/article><article class='gutentor-post gutentor-post-no-thumb  grid-lg-12 grid-md-4 grid-12'><div class='gutentor-post-item'><div class=\"gutentor-post-title-data-wrap\"><h3 class=\"gutentor-post-title\"><a href=\"https:\/\/www.sbq.org.br\/bahia\/programa-de-pos-graduacao-em-quimica-da-ufba-completa-50-anos\/\" rel=\"bookmark\">Programa de P\u00f3s-Gradua\u00e7\u00e3o em Qu\u00edmica da UFBA completa 50 anos<\/a><\/h3><\/div><div class=\"gutentor-entry-meta gutentor-entry-meta-primary\"><div class=\"author vcard\"><i class=\"far fa-user\"><\/i><a href=\"https:\/\/www.sbq.org.br\/bahia\/programa-de-pos-graduacao-em-quimica-da-ufba-completa-50-anos\/\" rel=\"bookmark\">suporte<\/a><\/div><div class=\"posted-on\"><i class=\"far fa-calendar-alt\"><\/i><a href=\"https:\/\/www.sbq.org.br\/bahia\/programa-de-pos-graduacao-em-quimica-da-ufba-completa-50-anos\/\" rel=\"bookmark\">12 de junho de 2018<\/a><\/div><div class=\"gutentor-meta-categories\"><i class=\"fas fa-tags\"><\/i><a href=\"https:\/\/www.sbq.org.br\/bahia\/category\/article\/\" rel=\"category tag\">article<\/a><\/div><\/div><div class=\"gutentor-post-desc\">Nesse ano, o Programa de P\u00f3s-Gradua\u00e7\u00e3o em Qu\u00edmica (PPGQUIM) da UFBA comemora seus 50 anos de exist\u00ean&hellip;<\/div><a class=\"gutentor-button gutentor-post-button\"  href=\"https:\/\/www.sbq.org.br\/bahia\/programa-de-pos-graduacao-em-quimica-da-ufba-completa-50-anos\/\" href=\"https:\/\/www.sbq.org.br\/bahia\/programa-de-pos-graduacao-em-quimica-da-ufba-completa-50-anos\/\"><span>Read More<\/span><\/a><\/div><\/article><article class='gutentor-post gutentor-post-no-thumb  grid-lg-12 grid-md-4 grid-12'><div class='gutentor-post-item'><div class=\"gutentor-post-title-data-wrap\"><h3 class=\"gutentor-post-title\"><a href=\"https:\/\/www.sbq.org.br\/bahia\/17th-brazilian-meeting-on-organic-synthesis\/\" rel=\"bookmark\">17th Brazilian Meeting on Organic Synthesis<\/a><\/h3><\/div><div class=\"gutentor-entry-meta gutentor-entry-meta-primary\"><div class=\"author vcard\"><i class=\"far fa-user\"><\/i><a href=\"https:\/\/www.sbq.org.br\/bahia\/17th-brazilian-meeting-on-organic-synthesis\/\" rel=\"bookmark\">suporte<\/a><\/div><div class=\"posted-on\"><i class=\"far fa-calendar-alt\"><\/i><a href=\"https:\/\/www.sbq.org.br\/bahia\/17th-brazilian-meeting-on-organic-synthesis\/\" rel=\"bookmark\">20 de maio de 2018<\/a><\/div><div class=\"gutentor-meta-categories\"><i class=\"fas fa-tags\"><\/i><a href=\"https:\/\/www.sbq.org.br\/bahia\/category\/article\/\" rel=\"category tag\">article<\/a><\/div><\/div><div class=\"gutentor-post-desc\">Ocorrer\u00e1 na cidade de Salvador durante 21 e 24 de outubro, o 17th Brazilian Meeting on Organic Synth&hellip;<\/div><a class=\"gutentor-button gutentor-post-button\"  href=\"https:\/\/www.sbq.org.br\/bahia\/17th-brazilian-meeting-on-organic-synthesis\/\" href=\"https:\/\/www.sbq.org.br\/bahia\/17th-brazilian-meeting-on-organic-synthesis\/\"><span>Read More<\/span><\/a><\/div><\/article><\/div><\/div><\/section>\n\n\n<div id=\"section-g457ac3\" class=\"wp-block-gutentor-e17 section-g457ac3 gutentor-element gutentor-post-footer\"><div class=\"grid-container\"><div class=\"grid-row\">\n<div id=\"col-gm873730\" class=\"wp-block-gutentor-e15 gutentor-single-column  grid-lg-12 grid-md-12 grid-12\"><div id=\"section-gm873730\" class=\"section-gm873730 gutentor-col-wrap\">\n<div id=\"section-g11ed05\" class=\"wp-block-gutentor-e12 section-g11ed05 gutentor-element gutentor-element-pagination text-align-center-mobile\"><div class=\"gutentor-pagination-wrap\" data-maxnumpages=\"6\"><ul class=\"gutentor-pagination\"><li class=\"gutentor-pagination-item gutentor-pagination-prev\"><a class=\"gutentor-pagination-link gutentor-disabled\" href=\"#\"><i class=\"fas fa-chevron-left\"><\/i>Previous<\/a><\/li><li class=\"gutentor-pagination-item gutentor-pagination-active\" data-gpage=\"1\"><a class=\"gutentor-pagination-link\" href=\"#\">1<\/a><\/li><li class=\"gutentor-pagination-item\"><a class=\"gutentor-pagination-link\" href=\"#\" data-gpage=\"2\">2<\/a><\/li><li class=\"gutentor-pagination-item\"><a class=\"gutentor-pagination-link\" href=\"#\" data-gpage=\"3\">3<\/a><\/li><li class=\"gutentor-pagination-item\"><a class=\"gutentor-pagination-link\" href=\"#\" data-gpage=\"4\">4<\/a><\/li><li class=\"gutentor-pagination-item gutentor-pagination-dots\"><a class=\"gutentor-pagination-link\" href=\"#\">&#8230;<\/a><\/li><li class=\"gutentor-pagination-item\"><a class=\"gutentor-pagination-link\" href=\"#\" data-gpage=\"6\">6<\/a><\/li><li class=\"gutentor-pagination-item gutentor-pagination-next\"><a class=\"gutentor-pagination-link\" href=\"#\" data-gpage=\"2\">Next<i class=\"fas fa-chevron-right\"><\/i><\/a><\/li><\/ul><\/div><\/div>\n<\/div><\/div>\n<\/div><\/div><\/div>\n<\/section>\n","protected":false},"excerpt":{"rendered":"","protected":false},"author":1,"featured_media":0,"parent":0,"menu_order":0,"comment_status":"closed","ping_status":"closed","template":"","meta":{"footnotes":""},"_links":{"self":[{"href":"https:\/\/www.sbq.org.br\/bahia\/wp-json\/wp\/v2\/pages\/83"}],"collection":[{"href":"https:\/\/www.sbq.org.br\/bahia\/wp-json\/wp\/v2\/pages"}],"about":[{"href":"https:\/\/www.sbq.org.br\/bahia\/wp-json\/wp\/v2\/types\/page"}],"author":[{"embeddable":true,"href":"https:\/\/www.sbq.org.br\/bahia\/wp-json\/wp\/v2\/users\/1"}],"replies":[{"embeddable":true,"href":"https:\/\/www.sbq.org.br\/bahia\/wp-json\/wp\/v2\/comments?post=83"}],"version-history":[{"count":2,"href":"https:\/\/www.sbq.org.br\/bahia\/wp-json\/wp\/v2\/pages\/83\/revisions"}],"predecessor-version":[{"id":85,"href":"https:\/\/www.sbq.org.br\/bahia\/wp-json\/wp\/v2\/pages\/83\/revisions\/85"}],"wp:attachment":[{"href":"https:\/\/www.sbq.org.br\/bahia\/wp-json\/wp\/v2\/media?parent=83"}],"curies":[{"name":"wp","href":"https:\/\/api.w.org\/{rel}","templated":true}]}}