{"id":74,"date":"2024-01-10T15:05:50","date_gmt":"2024-01-10T18:05:50","guid":{"rendered":"https:\/\/www.sbq.org.br\/bahia\/?page_id=74"},"modified":"2024-12-06T14:29:11","modified_gmt":"2024-12-06T17:29:11","slug":"sobre-a-secretaria-regional-da-bahia","status":"publish","type":"page","link":"https:\/\/www.sbq.org.br\/bahia\/sobre-a-secretaria-regional-da-bahia\/","title":{"rendered":"Sobre a Secretaria Regional da Bahia"},"content":{"rendered":"\n<p><strong>Contato:<\/strong> <\/p>\n\n\n\n<p style=\"line-height:0.7\"><strong>Secretaria Regional da Bahia (2024-2026):<\/strong><\/p>\n\n\n\n<p style=\"line-height:0.7\">A\/C.: Prof. Tiago Vinicius Alves<\/p>\n\n\n\n<p style=\"line-height:0.7\">Departamento de F\u00edsico-Qu\u00edmica<\/p>\n\n\n\n<p style=\"line-height:0.7\">Instituto de Qu\u00edmica &#8211; Universidade Federal da Bahia<\/p>\n\n\n\n<p style=\"line-height:0.7\">Campus Universit\u00e1rio de Ondina <\/p>\n\n\n\n<p style=\"line-height:0.7\">R. Bar\u00e3o de Jeremoabo, 147 &#8211; Ondina, Salvador &#8211; BA, <\/p>\n\n\n\n<p style=\"line-height:0.7\">CEP: 40170-115<\/p>\n","protected":false},"excerpt":{"rendered":"<p>Contato: Secretaria Regional da Bahia (2024-2026): A\/C.: Prof. Tiago Vinicius Alves Departamento de F\u00edsico-Qu\u00edmica Instituto de Qu\u00edmica &#8211; Universidade Federal da Bahia Campus Universit\u00e1rio de Ondina R. Bar\u00e3o de Jeremoabo, 147 &#8211; Ondina, Salvador &#8211; BA, CEP: 40170-115<\/p>\n","protected":false},"author":1,"featured_media":0,"parent":0,"menu_order":0,"comment_status":"closed","ping_status":"closed","template":"institucional","meta":{"footnotes":""},"_links":{"self":[{"href":"https:\/\/www.sbq.org.br\/bahia\/wp-json\/wp\/v2\/pages\/74"}],"collection":[{"href":"https:\/\/www.sbq.org.br\/bahia\/wp-json\/wp\/v2\/pages"}],"about":[{"href":"https:\/\/www.sbq.org.br\/bahia\/wp-json\/wp\/v2\/types\/page"}],"author":[{"embeddable":true,"href":"https:\/\/www.sbq.org.br\/bahia\/wp-json\/wp\/v2\/users\/1"}],"replies":[{"embeddable":true,"href":"https:\/\/www.sbq.org.br\/bahia\/wp-json\/wp\/v2\/comments?post=74"}],"version-history":[{"count":5,"href":"https:\/\/www.sbq.org.br\/bahia\/wp-json\/wp\/v2\/pages\/74\/revisions"}],"predecessor-version":[{"id":249,"href":"https:\/\/www.sbq.org.br\/bahia\/wp-json\/wp\/v2\/pages\/74\/revisions\/249"}],"wp:attachment":[{"href":"https:\/\/www.sbq.org.br\/bahia\/wp-json\/wp\/v2\/media?parent=74"}],"curies":[{"name":"wp","href":"https:\/\/api.w.org\/{rel}","templated":true}]}}