{"id":28,"date":"2024-01-18T14:36:42","date_gmt":"2024-01-18T17:36:42","guid":{"rendered":"https:\/\/www.sbq.org.br\/analitica\/?page_id=28"},"modified":"2024-09-08T17:26:00","modified_gmt":"2024-09-08T20:26:00","slug":"links","status":"publish","type":"page","link":"https:\/\/www.sbq.org.br\/analitica\/links\/","title":{"rendered":"Links"},"content":{"rendered":"\n<div class=\"wp-block-columns is-layout-flex wp-container-core-columns-layout-1 wp-block-columns-is-layout-flex\">\n<div class=\"wp-block-column is-layout-flow wp-block-column-is-layout-flow\" style=\"flex-basis:33.33%\">\n<style>\n.caixa-texto {\n   background-color: #f4f4f4;\n   border: 1px solid #ccc;\n   padding: 20px;\n   width: 300px;\n   text-align: justify;\n   font-family: Arial, sans-serif;\n   font-size: 14px;\n   margin-top: 50px; \n}\n<\/style>\n\n<div class=\"caixa-texto\">\n<strong>Grupos de Pesquisa, Programas de PG, ENQA, CIAQA<\/strong>\n<p><\/p>\nEsta p\u00e1gina web visa disponibilizar, de forma r\u00e1pida e pr\u00e1tica, informa\u00e7\u00f5es de interesse da \u00e1rea de Qu\u00edmica Anal\u00edtica para alunos e profissionais, permitindo uma ampla vis\u00e3o das possibilidades de forma\u00e7\u00e3o, intera\u00e7\u00e3o e interc\u00e2mbios.\n<\/div>\n<\/div>\n\n\n\n<div class=\"wp-block-column is-layout-flow wp-block-column-is-layout-flow\" style=\"flex-basis:66.66%\"><\/div>\n<\/div>\n","protected":false},"excerpt":{"rendered":"<p>Grupos de Pesquisa, Programas de PG, ENQA, CIAQA Esta p\u00e1gina web visa disponibilizar, de forma r\u00e1pida e pr\u00e1tica, informa\u00e7\u00f5es de interesse da \u00e1rea de Qu\u00edmica Anal\u00edtica para alunos e profissionais, permitindo uma ampla vis\u00e3o das possibilidades de forma\u00e7\u00e3o, intera\u00e7\u00e3o e interc\u00e2mbios.<\/p>\n","protected":false},"author":1,"featured_media":0,"parent":0,"menu_order":0,"comment_status":"closed","ping_status":"closed","template":"","meta":{"footnotes":""},"_links":{"self":[{"href":"https:\/\/www.sbq.org.br\/analitica\/wp-json\/wp\/v2\/pages\/28"}],"collection":[{"href":"https:\/\/www.sbq.org.br\/analitica\/wp-json\/wp\/v2\/pages"}],"about":[{"href":"https:\/\/www.sbq.org.br\/analitica\/wp-json\/wp\/v2\/types\/page"}],"author":[{"embeddable":true,"href":"https:\/\/www.sbq.org.br\/analitica\/wp-json\/wp\/v2\/users\/1"}],"replies":[{"embeddable":true,"href":"https:\/\/www.sbq.org.br\/analitica\/wp-json\/wp\/v2\/comments?post=28"}],"version-history":[{"count":8,"href":"https:\/\/www.sbq.org.br\/analitica\/wp-json\/wp\/v2\/pages\/28\/revisions"}],"predecessor-version":[{"id":589,"href":"https:\/\/www.sbq.org.br\/analitica\/wp-json\/wp\/v2\/pages\/28\/revisions\/589"}],"wp:attachment":[{"href":"https:\/\/www.sbq.org.br\/analitica\/wp-json\/wp\/v2\/media?parent=28"}],"curies":[{"name":"wp","href":"https:\/\/api.w.org\/{rel}","templated":true}]}}