{"id":3,"date":"2014-09-26T21:09:51","date_gmt":"2014-09-27T00:09:51","guid":{"rendered":"https:\/\/www.sbq.org.br\/divisao_ambiental\/sobre-a-divisao-de-quimica-ambiental\/"},"modified":"2024-05-13T17:02:25","modified_gmt":"2024-05-13T20:02:25","slug":"sobre-a-divisao-de-quimica-ambiental","status":"publish","type":"page","link":"https:\/\/www.sbq.org.br\/ambiental\/sobre-a-divisao-de-quimica-ambiental\/","title":{"rendered":"Sobre a Divis\u00e3o de Qu\u00edmica Ambiental"},"content":{"rendered":"\n<p>A divis\u00e3o de Qu\u00edmica Ambiental (AMB) da Sociedade Brasileira de Qu\u00edmica foi criada em 1994, fruto da maturidade de uma parcela dos s\u00f3cios da SBQ que j\u00e1 h\u00e1 algum tempo atuava nesta \u00e1rea do conhecimento. Basicamente, os s\u00f3cios fundadores da Divis\u00e3o de Qu\u00edmica Ambiental pertenciam a outras divis\u00f5es da Sociedade, mas sentiam que suas pesquisas, por sua natureza inter e transdisciplinar, mereciam um f\u00f3rum pr\u00f3prio de debate.<\/p>\n\n\n\n<p>As primeiras diretorias travaram uma \u00e1rdua luta para dar \u00e0 divis\u00e3o de Qu\u00edmica Ambiental uma identidade pr\u00f3pria, independ\u00eancia e o reconhecimento por parte das outras divis\u00f5es inseridas em \u00e1reas mais cl\u00e1ssicas da Qu\u00edmica, que j\u00e1 existiam na SBQ. Esta n\u00e3o foi uma tarefa f\u00e1cil por v\u00e1rias raz\u00f5es, mas principalmente porque no Brasil o conceito de Qu\u00edmica Ambiental ainda \u00e9 pouco difundido e muitas vezes se confunde com o de Qu\u00edmica Anal\u00edtica Ambiental.<\/p>\n\n\n\n<p>A Qu\u00edmica Ambiental, assim como qualquer outra \u00e1rea cl\u00e1ssica da Qu\u00edmica, pode ser definida de v\u00e1rias maneiras. Para n\u00f3s, a Qu\u00edmica Ambiental estuda os processos qu\u00edmicos que ocorrem na natureza, sejam eles naturais ou ainda causados pelo homem, e que comprometem a sa\u00fade humana e a sa\u00fade do planeta como um todo. Assim, dentro desta defini\u00e7\u00e3o, a Qu\u00edmica Ambiental n\u00e3o \u00e9 a ci\u00eancia da monitora\u00e7\u00e3o ambiental, mas sim da elucida\u00e7\u00e3o dos mecanismos que definem e controlam a concentra\u00e7\u00e3o das esp\u00e9cies qu\u00edmicas candidatas a serem monitoradas.<\/p>\n\n\n\n<p>Dentro desta premissa, a Qu\u00edmica Ambiental expande os horizontes da qu\u00edmica convencional dando a ela uma dimens\u00e3o socio-econ\u00f4mica, al\u00e9m de propiciar parcerias encantadoras com outras \u00e1reas do conhecimento como a toxicologia, a engenharia sanit\u00e1ria e a biologia.<\/p>\n\n\n\n<p>Sendo assim praticada, a Qu\u00edmica Ambiental revive a Qu\u00edmica como uma ci\u00eancia natural, atua como vetor de sua descompartimentaliza\u00e7\u00e3o e certamente deve ser encarada como a ferramenta mais poderosa no resgate da import\u00e2ncia da Qu\u00edmica como uma das ci\u00eancias que mais benef\u00edcios t\u00eam trazido ao homem.<\/p>\n\n\n\n<p>Seja bem-vindo!<\/p>\n\n\n\n<p>Diretoria da Divis\u00e3o<\/p>\n","protected":false},"excerpt":{"rendered":"<p>A divis\u00e3o de Qu\u00edmica Ambiental (AMB) da Sociedade Brasileira de Qu\u00edmica foi criada em 1994, fruto da maturidade de uma parcela dos s\u00f3cios da SBQ que j\u00e1 h\u00e1 algum tempo atuava nesta \u00e1rea do conhecimento. Basicamente, os s\u00f3cios fundadores da Divis\u00e3o de Qu\u00edmica Ambiental pertenciam a outras divis\u00f5es da Sociedade, mas sentiam que suas pesquisas, [&hellip;]<\/p>\n","protected":false},"author":1,"featured_media":0,"parent":0,"menu_order":0,"comment_status":"closed","ping_status":"closed","template":"institucional","meta":{"footnotes":""},"_links":{"self":[{"href":"https:\/\/www.sbq.org.br\/ambiental\/wp-json\/wp\/v2\/pages\/3"}],"collection":[{"href":"https:\/\/www.sbq.org.br\/ambiental\/wp-json\/wp\/v2\/pages"}],"about":[{"href":"https:\/\/www.sbq.org.br\/ambiental\/wp-json\/wp\/v2\/types\/page"}],"author":[{"embeddable":true,"href":"https:\/\/www.sbq.org.br\/ambiental\/wp-json\/wp\/v2\/users\/1"}],"replies":[{"embeddable":true,"href":"https:\/\/www.sbq.org.br\/ambiental\/wp-json\/wp\/v2\/comments?post=3"}],"version-history":[{"count":1,"href":"https:\/\/www.sbq.org.br\/ambiental\/wp-json\/wp\/v2\/pages\/3\/revisions"}],"predecessor-version":[{"id":132,"href":"https:\/\/www.sbq.org.br\/ambiental\/wp-json\/wp\/v2\/pages\/3\/revisions\/132"}],"wp:attachment":[{"href":"https:\/\/www.sbq.org.br\/ambiental\/wp-json\/wp\/v2\/media?parent=3"}],"curies":[{"name":"wp","href":"https:\/\/api.w.org\/{rel}","templated":true}]}}