{"id":34,"date":"2024-01-18T16:59:16","date_gmt":"2024-01-18T19:59:16","guid":{"rendered":"https:\/\/www.sbq.org.br\/amazonas\/?page_id=34"},"modified":"2024-11-26T13:06:47","modified_gmt":"2024-11-26T16:06:47","slug":"home","status":"publish","type":"page","link":"https:\/\/www.sbq.org.br\/amazonas\/","title":{"rendered":"Home"},"content":{"rendered":"\n<p class=\"has-text-align-left\">Estamos envidando esfor\u00e7os para manter o site da Secretaria com informa\u00e7\u00f5es atualizadas. Para que esta atualiza\u00e7\u00e3o seja cont\u00ednua, solicitamos sua contribui\u00e7\u00e3o encaminhando-nos not\u00edcias, site de eventos e o link de seu grupo ou laborat\u00f3rio de pesquisa (ou ambos) para serem divulgados na nossa p\u00e1gina.<\/p>\n\n\n\n<p>Cr\u00edticas e sugest\u00f5es s\u00e3o bem vindas!<\/p>\n\n\n\n<p><strong>Gest\u00e3o 2024-2026:<\/strong><\/p>\n\n\n\n<p>Dra. Neila de Almeida Braga &#8211; Secret\u00e1ria<\/p>\n\n\n\n<p>Contato: <a href=\"mailto:amazonassbq@gmail.com\">amazonassbq@gmail.com<\/a><\/p>\n","protected":false},"excerpt":{"rendered":"<p>Estamos envidando esfor\u00e7os para manter o site da Secretaria com informa\u00e7\u00f5es atualizadas. Para que esta atualiza\u00e7\u00e3o seja cont\u00ednua, solicitamos sua contribui\u00e7\u00e3o encaminhando-nos not\u00edcias, site de eventos e o link de seu grupo ou laborat\u00f3rio de pesquisa (ou ambos) para serem divulgados na nossa p\u00e1gina. Cr\u00edticas e sugest\u00f5es s\u00e3o bem vindas! Gest\u00e3o 2024-2026: Dra. Neila de [&hellip;]<\/p>\n","protected":false},"author":1,"featured_media":0,"parent":0,"menu_order":0,"comment_status":"closed","ping_status":"closed","template":"","meta":{"footnotes":""},"_links":{"self":[{"href":"https:\/\/www.sbq.org.br\/amazonas\/wp-json\/wp\/v2\/pages\/34"}],"collection":[{"href":"https:\/\/www.sbq.org.br\/amazonas\/wp-json\/wp\/v2\/pages"}],"about":[{"href":"https:\/\/www.sbq.org.br\/amazonas\/wp-json\/wp\/v2\/types\/page"}],"author":[{"embeddable":true,"href":"https:\/\/www.sbq.org.br\/amazonas\/wp-json\/wp\/v2\/users\/1"}],"replies":[{"embeddable":true,"href":"https:\/\/www.sbq.org.br\/amazonas\/wp-json\/wp\/v2\/comments?post=34"}],"version-history":[{"count":3,"href":"https:\/\/www.sbq.org.br\/amazonas\/wp-json\/wp\/v2\/pages\/34\/revisions"}],"predecessor-version":[{"id":159,"href":"https:\/\/www.sbq.org.br\/amazonas\/wp-json\/wp\/v2\/pages\/34\/revisions\/159"}],"wp:attachment":[{"href":"https:\/\/www.sbq.org.br\/amazonas\/wp-json\/wp\/v2\/media?parent=34"}],"curies":[{"name":"wp","href":"https:\/\/api.w.org\/{rel}","templated":true}]}}