{"id":36,"date":"2024-01-18T16:51:12","date_gmt":"2024-01-18T19:51:12","guid":{"rendered":"https:\/\/www.sbq.org.br\/alagoas\/?page_id=36"},"modified":"2024-01-18T16:56:40","modified_gmt":"2024-01-18T19:56:40","slug":"diretoria","status":"publish","type":"page","link":"https:\/\/www.sbq.org.br\/alagoas\/diretoria\/","title":{"rendered":"Diretoria"},"content":{"rendered":"\n<div class=\"wp-block-group is-nowrap is-layout-flex wp-container-core-group-layout-2 wp-block-group-is-layout-flex\">\n<figure class=\"wp-block-image size-full\"><img loading=\"lazy\" decoding=\"async\" width=\"64\" height=\"64\" src=\"http:\/\/www.sbq.org.br\/alagoas\/wp-content\/uploads\/sites\/15\/2024\/01\/isis-figueiredo2022.png\" alt=\"\" class=\"wp-image-47\"\/><\/figure>\n\n\n\n<div class=\"wp-block-group is-vertical is-layout-flex wp-container-core-group-layout-1 wp-block-group-is-layout-flex\">\n<p class=\"is-layout-flow wp-block-paragraph-is-layout-flow\">Isis Martins Figueredo<\/p>\n\n\n\n<p>Secret\u00e1ria<\/p>\n\n\n\n<p>UFAL<\/p>\n<\/div>\n<\/div>\n\n\n\n<div class=\"wp-block-group is-nowrap is-layout-flex wp-container-core-group-layout-4 wp-block-group-is-layout-flex\">\n<figure class=\"wp-block-image size-full\"><img loading=\"lazy\" decoding=\"async\" width=\"64\" height=\"64\" src=\"http:\/\/www.sbq.org.br\/alagoas\/wp-content\/uploads\/sites\/15\/2024\/01\/daniela-anunciacao2022.png\" alt=\"\" class=\"wp-image-48\"\/><\/figure>\n\n\n\n<div class=\"wp-block-group is-vertical is-layout-flex wp-container-core-group-layout-3 wp-block-group-is-layout-flex\">\n<p class=\"is-layout-flow wp-block-paragraph-is-layout-flow\">Daniela Santos Anuncia\u00e7\u00e3o<\/p>\n\n\n\n<p class=\"is-layout-flow wp-block-paragraph-is-layout-flow\">Vice-Secret\u00e1ria<\/p>\n\n\n\n<p class=\"is-layout-flow wp-block-paragraph-is-layout-flow\">UFAL<\/p>\n<\/div>\n<\/div>\n","protected":false},"excerpt":{"rendered":"<p>Isis Martins Figueredo Secret\u00e1ria UFAL Daniela Santos Anuncia\u00e7\u00e3o Vice-Secret\u00e1ria UFAL<\/p>\n","protected":false},"author":1,"featured_media":0,"parent":0,"menu_order":0,"comment_status":"closed","ping_status":"closed","template":"institucional","meta":{"footnotes":""},"_links":{"self":[{"href":"https:\/\/www.sbq.org.br\/alagoas\/wp-json\/wp\/v2\/pages\/36"}],"collection":[{"href":"https:\/\/www.sbq.org.br\/alagoas\/wp-json\/wp\/v2\/pages"}],"about":[{"href":"https:\/\/www.sbq.org.br\/alagoas\/wp-json\/wp\/v2\/types\/page"}],"author":[{"embeddable":true,"href":"https:\/\/www.sbq.org.br\/alagoas\/wp-json\/wp\/v2\/users\/1"}],"replies":[{"embeddable":true,"href":"https:\/\/www.sbq.org.br\/alagoas\/wp-json\/wp\/v2\/comments?post=36"}],"version-history":[{"count":3,"href":"https:\/\/www.sbq.org.br\/alagoas\/wp-json\/wp\/v2\/pages\/36\/revisions"}],"predecessor-version":[{"id":49,"href":"https:\/\/www.sbq.org.br\/alagoas\/wp-json\/wp\/v2\/pages\/36\/revisions\/49"}],"wp:attachment":[{"href":"https:\/\/www.sbq.org.br\/alagoas\/wp-json\/wp\/v2\/media?parent=36"}],"curies":[{"name":"wp","href":"https:\/\/api.w.org\/{rel}","templated":true}]}}