{"id":2,"date":"2023-12-13T17:30:43","date_gmt":"2023-12-13T20:30:43","guid":{"rendered":"https:\/\/www.sbq.org.br\/regional_alagoas\/?page_id=2"},"modified":"2024-05-17T15:19:38","modified_gmt":"2024-05-17T18:19:38","slug":"pagina-exemplo","status":"publish","type":"page","link":"https:\/\/www.sbq.org.br\/alagoas\/","title":{"rendered":"Seja bem-vindo \u00e0 Secretaria Regional de Alagoas"},"content":{"rendered":"\n<p>N\u00f3s da SBQ-Alagoas estamos gratos pela sua visita. Aqui voc\u00ea encontra um breve relato sobre as atividades realizadas e tamb\u00e9m sobre as atividades que est\u00e3o por vir. Fiquem atentos e participem!<br><br>Atenciosamente a coordena\u00e7\u00e3o.<br><br>27 de junho de 2014<\/p>\n","protected":false},"excerpt":{"rendered":"<p>N\u00f3s da SBQ-Alagoas estamos gratos pela sua visita. Aqui voc\u00ea encontra um breve relato sobre as atividades realizadas e tamb\u00e9m sobre as atividades que est\u00e3o por vir. Fiquem atentos e participem! Atenciosamente a coordena\u00e7\u00e3o. 27 de junho de 2014<\/p>\n","protected":false},"author":1,"featured_media":0,"parent":0,"menu_order":0,"comment_status":"closed","ping_status":"open","template":"page-notitle","meta":{"footnotes":""},"_links":{"self":[{"href":"https:\/\/www.sbq.org.br\/alagoas\/wp-json\/wp\/v2\/pages\/2"}],"collection":[{"href":"https:\/\/www.sbq.org.br\/alagoas\/wp-json\/wp\/v2\/pages"}],"about":[{"href":"https:\/\/www.sbq.org.br\/alagoas\/wp-json\/wp\/v2\/types\/page"}],"author":[{"embeddable":true,"href":"https:\/\/www.sbq.org.br\/alagoas\/wp-json\/wp\/v2\/users\/1"}],"replies":[{"embeddable":true,"href":"https:\/\/www.sbq.org.br\/alagoas\/wp-json\/wp\/v2\/comments?post=2"}],"version-history":[{"count":2,"href":"https:\/\/www.sbq.org.br\/alagoas\/wp-json\/wp\/v2\/pages\/2\/revisions"}],"predecessor-version":[{"id":150,"href":"https:\/\/www.sbq.org.br\/alagoas\/wp-json\/wp\/v2\/pages\/2\/revisions\/150"}],"wp:attachment":[{"href":"https:\/\/www.sbq.org.br\/alagoas\/wp-json\/wp\/v2\/media?parent=2"}],"curies":[{"name":"wp","href":"https:\/\/api.w.org\/{rel}","templated":true}]}}